{"id":876,"date":"2001-12-05T16:40:23","date_gmt":"2001-12-05T21:40:23","guid":{"rendered":"http:\/\/haiti-reference.com\/pages\/?page_id=876"},"modified":"2020-04-25T22:30:17","modified_gmt":"2020-04-26T02:30:17","slug":"vodou-haitien","status":"publish","type":"page","link":"https:\/\/www.haiti-reference.info\/pages\/plan\/religions\/vodou-haitien\/","title":{"rendered":"1500.- Le Vodou Haitien"},"content":{"rendered":"<p class=\"img_category\"><a title=\"Cat\u00e9gorie de cette page\" href=\"\/pages\/plan\/religions\/\"><img decoding=\"async\" src=\"\/.\/images\/legendes\/category_art.jpg\" alt=\"Classification\" \/>\u00a0Religions et Croyances<\/a><\/p>\n<h4 class=\"title_paragraf\">Origine:<\/h4>\n<hr \/>\n<div style=\"text-align: justify; padding: 0 20px 20px;\">Le mot \u00ab\u00a0Vodou\u00a0\u00bb vient du language parl\u00e9 par les communaut\u00e9s <i>Fon<\/i> du Dahomey. N\u00e9 dans la clandestinit\u00e9 et, dans sa prime enfance, religion des esclaves noirs import\u00e9s d&rsquo;Afrique, le vodou int\u00e9gra des \u00e9l\u00e9ments des religions africaines avec le culte des saints dans la religion catholique.<\/div>\n<h4 class=\"title_paragraf\">Catalyseur dans l&rsquo;organisation de la r\u00e9volte de 1791:<\/h4>\n<hr \/>\n<div style=\"text-align: justify; padding: 0 20px 20px;\">Le vodou joua un r\u00f4le primordial dans le combat quotidien que menait l&rsquo;esclave transplant\u00e9 d&rsquo;Afrique pour conserver non seulement sa sant\u00e9 mentale dans un syst\u00e8me, \u00e0 tous les \u00e9gards, d\u00e9shumanisant, mais aussi et surtout pour rester connecter avec sa terre ancestrale. Sa pratique consid\u00e9r\u00e9e subversive par le colon, devrait donc se faire dans la clandestinit\u00e9. Plus tard, il devint le catalyseur dans l&rsquo;organisation des r\u00e9voltes contre les Fran\u00e7ais. Les historiens reconnaissent que la c\u00e9r\u00e9monie du Bois-Ca\u00efman dans la nuit du 21 au 22 Ao\u00fbt 1791 marqua le d\u00e9but de l&rsquo;insurrection des esclaves de Saint-Domingue (1).<\/div>\n<figure style=\"width: 350px\" class=\"wp-caption aligncenter\"><img loading=\"lazy\" decoding=\"async\" class=\"centered\" src=\"\/religion\/vodou\/cer_vodou20110112.jpg\" alt=\"\" width=\"350\" height=\"242\" border=\"0\" \/><figcaption class=\"wp-caption-text\">Des vodouisants comm\u00e9morant le premier anniversaire<br \/>du tremblement du 12 janvier 2010<br \/>Photo prise le 12 janvier 2011<br \/>\u00a9 Photo de Kena Betancur \/ REUTERS<\/figcaption><\/figure>\n<h4 class=\"title_paragraf\">Religion interdite:<\/h4>\n<hr \/>\n<div style=\"text-align: justify; padding: 0 20px 20px;\">\n<p>De cette \u00e9poque jusqu&rsquo;au mois d&rsquo;avril 2003 quand un arr\u00eat\u00e9 du gouvernement de <a href=\"\/pages\/plan\/histoire-et-societe\/notables\/chefs-detat\/jean-bertrand-aristide\/\">Jean-Bertrand Aristide<\/a> le d\u00e9clara \u00ab\u00a0religion \u00e0 part enti\u00e8re\u00a0\u00bb, le vodou ne jouissait d&rsquo;aucune reconnaissance l\u00e9gale. Plusieurs gouvernements ont essay\u00e9 d&rsquo;interdire sa pratique, y compris l&rsquo;administration de Toussaint Louverture (<a href=\"\/pages\/plan\/histoire-et-societe\/ephemerides\/dates-01janvier\/#4\">Voir: 4 janvier 1800<\/a>).<\/p>\n<p>Quelques exemples:<\/p>\n<p>Le pr\u00e9sident <a href=\"\/pages\/notables\/getperson.php?personID=I136&amp;tree=politique\">Fabre Geffrard<\/a>, qui avait sign\u00e9 un concordat avec l&rsquo;\u00c9glise catholique,\u00a0interdit les danses du Vodou, \u00ab\u00a0faisant saisir et br\u00fbler les drapeaux, les tambours, tout le mat\u00e9riel des soci\u00e9t\u00e9s, faisant arr\u00eater et emprisonner comme cannibale, comme anthropophage, tout individu r\u00e9put\u00e9 \u00e0 tort ou \u00e0 raison, papa-loi ou maman-loi.\u00a0\u00bb(2)<\/p>\n<p>A la date du 15 mars 1912, le pr\u00e9sident <a href=\"\/pages\/notables\/getperson.php?personID=I142&amp;tree=Politique\">Cincinnatus Leconte<\/a>, \u00e0 l&rsquo;occasion du car\u00eame et probablement encourag\u00e9 par les hi\u00e9rarchie catholique qui faisait dej\u00e0 flotter l&rsquo;id\u00e9e d&rsquo;une campagne anti-superstitieuse, avait rappel\u00e9 dans une une lettre circulaire, aux commandants des arrondissements de s\u00e9vir contre ceux qui \u00ab\u00a0se livrent \u00e0 des pratiques superstitieuse\u00a0\u00bb en appliquant les peines pr\u00e9vues par les articles 405(3), 406(4) , 407(5) du <em>Code P\u00e9nal<\/em> et l&rsquo;article 111(6) du C<em>ode Rural<\/em>.<\/p>\n<p>Son successeur, <a href=\"\/pages\/notables\/getperson.php?personID=I109&amp;tree=Politique\">Tancr\u00e8de Auguste<\/a>, dans une circulaire dat\u00e9e du 26 octobre 1912 recommandait aux Commandants des arrondissements de donner tout leur concours aux Ministres de Dieu dans leurs oeuvres de moralisation et de contribuer avec eux, \u00e0 extirper dans les campagnes, les superstitution qui causaient tant de mal aux populations.<\/p>\n<p>Pendant l&rsquo;occupation am\u00e9ricaine, la machine de propagande de l&rsquo;occupant fit du vodou un \u00ab obstacle \u00e0 la civilisation \u00bb et un champ o\u00f9 s&rsquo;\u00e9panouit le d\u00e9mon (7); une th\u00e8se qui sera reprise par Pierre Pluchon presqu&rsquo;\u00e0 la fin du 20\u00e8 si\u00e8cle, en y ajoutant l&rsquo;\u00e9l\u00e9ment perversion (8).<\/p>\n<p>Le vodou fut l&rsquo;objet de pers\u00e9cutions ouvertes et officielles pendant la fameuse campagne anti-superstitieuse sous le gouvernement d&rsquo;<a href=\"\/pages\/notables\/getperson.php?personID=I114&amp;tree=Politique\">Elie Lescot<\/a>, ou sournoises apr\u00e8s la chute du gouvernement de Jean-Claude Duvalier et, sur une base presque quotidienne, par des ministres des cultes reform\u00e9s. En 2011, les vodouisant, dans certaines r\u00e9gions, furent accus\u00e9s d&rsquo;\u00eatre les agents de propagation du chol\u00e9ra. Certains furent assassin\u00e9s par des ignorants.<\/p>\n<p>N&#8217;emp\u00eache que les vodouisants n&rsquo;avaient cure de ces dangers ou des critiques, et continuaient de pratiquer leur culte en priv\u00e9 ou publiquement dans leurs wouf\u00f2, les lieux sacr\u00e9s et lors des f\u00eates propres. Alors que d&rsquo;autres, pratiquants ou non, le c\u00e9l\u00e9braient \u00e0 travers des expressions culturelles comme les danses folkloriques, la musique dite \u00ab\u00a0racine\u00a0\u00bb. Certains gouvernements l&rsquo;utilisaient m\u00eame \u00e0 des fins purement politiques.<\/p>\n<\/div>\n<h4 class=\"title_paragraf\">Objet d&rsquo;\u00e9tudes et reconnaisannce:<\/h4>\n<hr \/>\n<div style=\"text-align: justify; padding: 0 20px 20px;\">\n<p>Pendant cette m\u00eame p\u00e9riode et tout au cours du 20\u00e8 si\u00e8cle, le vodou fut l&rsquo;objet d&rsquo;\u00e9tudes ethnographiques tr\u00e8s avanc\u00e9es, certaines d\u00e9crivant un syst\u00e8me th\u00e9ologique extr\u00eamement complexe. Les arguments et les recherches des acad\u00e9miciens ne chang\u00e8rent pourtant pas la perception de ses d\u00e9tracteurs.<\/p>\n<p>L&rsquo;<a href=\"\/pages\/plan\/religions\/vodou-haitien\/vodou-arrete-2003\/\">Arr\u00eat\u00e9 du 4 Avril<\/a> ne vint donc qu&rsquo;ent\u00e9riner cette pratique religieuse, jusque l\u00e0 clandestine, en la pla\u00e7ant sous la protection des lois et institutions du pays au m\u00eame titre que toutes les autres religions.<\/p>\n<p>Aujourd&rsquo;hui, de rares wougans sont reconnus par l&rsquo;\u00c9tat haitien comme ministres religieux du vodou, apr\u00e8s avoir, selon les directives de l&rsquo;article 5 de\u00a0 l&rsquo;<a href=\"\/pages\/plan\/religions\/vodou-haitien\/vodou-arrete-2003\/\">Arr\u00eat\u00e9 du 4 Avril<\/a>. Ils peuvent ainsi officier les c\u00e9r\u00e9monies de mariage, de bapt\u00eame et des fun\u00e9railles, au m\u00eame titre que les pr\u00eatres catholiques, les pasteurs des cultes r\u00e9form\u00e9s.<\/p>\n<p>Malgr\u00e9 cette reconnaissance le vodou tarde \u00e0 se doter de structures solides qui lui permettraient convaincre les sceptiques et d\u00e9tracteurs, de ritualiser les manifestations et cultes.<\/p>\n<\/div>\n<p class=\"recommended\">\u270d\u00a0Notes:<\/p>\n<ol>\n<li>Hyrbon, Laennec (\u00e9diteur). <em>L&rsquo;Insurrection des esclaves de Saint Domingue<\/em>. Paris: Katharla, 2000.<br \/>\nL&rsquo;un des trois th\u00e8mes trait\u00e9s dans cet ouvrage issu d&rsquo;une table ronde internationale organis\u00e9e \u00e0 Port-au-Prince en 1997 sur le d\u00e9but de la r\u00e9volution haitienne, est la dimmention mythique de la c\u00e9r\u00e9monie du Bois-Caiman.<br \/>\n\u2261<br \/>\nMennesson-Rigaud, Odette. \u201cLe R\u00f4le Du Vaudou Dans L&rsquo;ind\u00e9pendance D&rsquo;Ha\u00efti.\u201d Pr\u00e9sence Africaine, no. 18\/19, 1958, pp. 43\u201367.<\/li>\n<li>Hannibal Price (1841-1893). De la R\u00e9habilitation de la race noire.\u00a0Port-au-Prince : J. Verrollot, 1900; p. 442.<\/li>\n<li>Article 405 du Code P\u00e9nal(1864):<br \/>\n\u00ab\u00a0Tous faiseurs de ouangas, caprelatas, vaudoux, domp\u00e8dre, macandals et autres sortil\u00e8ges seront punis de trois \u00e0 six mois d&#8217;emprisonnement et d&rsquo;une amende de soixante gourdes \u00e0 cent cinquante, par le tribunal de simple police.\u00a0\u00bb (<em>abrog\u00e9 en 1935)<\/em><\/li>\n<li>Article 406 du <em>Code P\u00e9nal<\/em> (1864):<br \/>\n\u00ab\u00a0Les gens qui font m\u00e9tier de dire bonne aventure ou de deviner, de pronostiquer, d&rsquo;expliquer les songes ou de tirer les cartes, seront punis d&rsquo;un emprisonnement de deux mois au moins et de six mois au plus et d&rsquo;une amende de cent gourdes \u00e0 cinq cents gourdes.\u00a0\u00bb<\/li>\n<li>Article 407 du <em>Code P\u00e9nal<\/em> (1864): \u00a0\u00bb Les instruments ustensiles et costumes servant ou destin\u00e9s \u00e0 servir aux faits pr\u00e9vus [pr\/vus par les articles 405 et 406], seront saisis et confisqu\u00e9s.\u00a0\u00bb (a<em>brog\u00e9 en 1935)<\/em><\/li>\n<li>Article 111 du <em>Code P\u00e9nal<\/em> (1863):<br \/>\n\u00ab\u00a0Aucun travailleur \u00e0 l&rsquo;entreprise ou \u00e0 la journ\u00e9e ne peut abandonner son travail pour se livrer \u00e0 des festins les jours ouvrables. Aucune danse, ni festin ne peut se prolonger la nuit au-del\u00e0 de minuit; tout d\u00e9linquant aux pr\u00e9sentes dispositions sera puni de l&#8217;emprisonnement.\u00a0\u00bb<\/li>\n<li>Voir le livre de William Buehler Seabrook, <i>Voodoo Island : first eye-witness account of the secret rites of Voodoo<\/i> (New York : Lancer Books, [\u00a91929]) traduit plus tard en fran\u00e7ais sous le titre de <i>Ile magique<\/i> (Paris : Firmin-Didot, 1929).<\/li>\n<li class=\"bullet\">Pluchon, Pierre. <i>Vaudou, sorciers, empoisonneurs : de Saint-Domingue \u00e0 Ha\u00efti.<\/i> Paris : Karthala, 1987.<\/li>\n<\/ol>\n<p><!--Bas de la page--><\/p>\n","protected":false},"excerpt":{"rendered":"<p>\u00a0Religions et Croyances Origine: Le mot \u00ab\u00a0Vodou\u00a0\u00bb vient du language parl\u00e9 par les communaut\u00e9s Fon du Dahomey. N\u00e9 dans la clandestinit\u00e9 et, dans sa prime enfance, religion des esclaves noirs [&hellip;]<\/p>\n","protected":false},"author":1,"featured_media":0,"parent":81,"menu_order":5,"comment_status":"closed","ping_status":"closed","template":"short_page.php","meta":{"footnotes":""},"categories":[],"class_list":["post-876","page","type-page","status-publish","hentry"],"yoast_head":"<!-- This site is optimized with the Yoast SEO plugin v27.4 - https:\/\/yoast.com\/product\/yoast-seo-wordpress\/ -->\n<title>1500.- Le Vodou Haitien &#187;<\/title>\n<meta name=\"robots\" content=\"index, follow, max-snippet:-1, max-image-preview:large, max-video-preview:-1\" \/>\n<link rel=\"canonical\" href=\"https:\/\/www.haiti-reference.info\/pages\/plan\/religions\/vodou-haitien\/\" \/>\n<meta property=\"og:locale\" content=\"fr_CA\" \/>\n<meta property=\"og:type\" content=\"article\" \/>\n<meta property=\"og:title\" content=\"1500.- Le Vodou Haitien &#187;\" \/>\n<meta property=\"og:description\" content=\"\u00a0Religions et Croyances Origine: Le mot \u00ab\u00a0Vodou\u00a0\u00bb vient du language parl\u00e9 par les communaut\u00e9s Fon du Dahomey. N\u00e9 dans la clandestinit\u00e9 et, dans sa prime enfance, religion des esclaves noirs [&hellip;]\" \/>\n<meta property=\"og:url\" content=\"https:\/\/www.haiti-reference.info\/pages\/plan\/religions\/vodou-haitien\/\" \/>\n<meta property=\"article:modified_time\" content=\"2020-04-26T02:30:17+00:00\" \/>\n<meta name=\"twitter:card\" content=\"summary_large_image\" \/>\n<meta name=\"twitter:label1\" content=\"Estimation du temps de lecture\" \/>\n\t<meta name=\"twitter:data1\" content=\"5 minutes\" \/>\n<script type=\"application\/ld+json\" class=\"yoast-schema-graph\">{\"@context\":\"https:\\\/\\\/schema.org\",\"@graph\":[{\"@type\":\"WebPage\",\"@id\":\"https:\\\/\\\/www.haiti-reference.info\\\/pages\\\/plan\\\/religions\\\/vodou-haitien\\\/\",\"url\":\"https:\\\/\\\/www.haiti-reference.info\\\/pages\\\/plan\\\/religions\\\/vodou-haitien\\\/\",\"name\":\"1500.- Le Vodou Haitien &#187;\",\"isPartOf\":{\"@id\":\"https:\\\/\\\/www.haiti-reference.info\\\/pages\\\/#website\"},\"datePublished\":\"2001-12-05T21:40:23+00:00\",\"dateModified\":\"2020-04-26T02:30:17+00:00\",\"breadcrumb\":{\"@id\":\"https:\\\/\\\/www.haiti-reference.info\\\/pages\\\/plan\\\/religions\\\/vodou-haitien\\\/#breadcrumb\"},\"inLanguage\":\"fr-CA\",\"potentialAction\":[{\"@type\":\"ReadAction\",\"target\":[\"https:\\\/\\\/www.haiti-reference.info\\\/pages\\\/plan\\\/religions\\\/vodou-haitien\\\/\"]}]},{\"@type\":\"BreadcrumbList\",\"@id\":\"https:\\\/\\\/www.haiti-reference.info\\\/pages\\\/plan\\\/religions\\\/vodou-haitien\\\/#breadcrumb\",\"itemListElement\":[{\"@type\":\"ListItem\",\"position\":1,\"name\":\"Accueil\",\"item\":\"https:\\\/\\\/www.haiti-reference.info\\\/pages\\\/\"},{\"@type\":\"ListItem\",\"position\":2,\"name\":\"Structure du site\",\"item\":\"https:\\\/\\\/www.haiti-reference.info\\\/pages\\\/plan\\\/\"},{\"@type\":\"ListItem\",\"position\":3,\"name\":\"1000.- Religions et croyances\",\"item\":\"https:\\\/\\\/www.haiti-reference.info\\\/pages\\\/plan\\\/religions\\\/\"},{\"@type\":\"ListItem\",\"position\":4,\"name\":\"1500.- Le Vodou Haitien\"}]},{\"@type\":\"WebSite\",\"@id\":\"https:\\\/\\\/www.haiti-reference.info\\\/pages\\\/#website\",\"url\":\"https:\\\/\\\/www.haiti-reference.info\\\/pages\\\/\",\"name\":\"Haiti-R\u00e9f\u00e9rence\",\"description\":\"Un guide de r\u00e9f\u00e9rence\",\"publisher\":{\"@id\":\"https:\\\/\\\/www.haiti-reference.info\\\/pages\\\/#organization\"},\"potentialAction\":[{\"@type\":\"SearchAction\",\"target\":{\"@type\":\"EntryPoint\",\"urlTemplate\":\"https:\\\/\\\/www.haiti-reference.info\\\/pages\\\/?s={search_term_string}\"},\"query-input\":{\"@type\":\"PropertyValueSpecification\",\"valueRequired\":true,\"valueName\":\"search_term_string\"}}],\"inLanguage\":\"fr-CA\"},{\"@type\":\"Organization\",\"@id\":\"https:\\\/\\\/www.haiti-reference.info\\\/pages\\\/#organization\",\"name\":\"Haiti-R\u00e9f\u00e9rence\",\"url\":\"https:\\\/\\\/www.haiti-reference.info\\\/pages\\\/\",\"logo\":{\"@type\":\"ImageObject\",\"inLanguage\":\"fr-CA\",\"@id\":\"https:\\\/\\\/www.haiti-reference.info\\\/pages\\\/#\\\/schema\\\/logo\\\/image\\\/\",\"url\":\"https:\\\/\\\/www.haiti-reference.info\\\/pages\\\/wp-content\\\/uploads\\\/2016\\\/04\\\/cropped-cropped-logo_201604-8-1.png\",\"contentUrl\":\"https:\\\/\\\/www.haiti-reference.info\\\/pages\\\/wp-content\\\/uploads\\\/2016\\\/04\\\/cropped-cropped-logo_201604-8-1.png\",\"width\":338,\"height\":87,\"caption\":\"Haiti-R\u00e9f\u00e9rence\"},\"image\":{\"@id\":\"https:\\\/\\\/www.haiti-reference.info\\\/pages\\\/#\\\/schema\\\/logo\\\/image\\\/\"},\"sameAs\":[\"https:\\\/\\\/bsky.app\\\/profile\\\/haiti-reference.bsky.social\"]}]}<\/script>\n<!-- \/ Yoast SEO plugin. -->","yoast_head_json":{"title":"1500.- Le Vodou Haitien &#187;","robots":{"index":"index","follow":"follow","max-snippet":"max-snippet:-1","max-image-preview":"max-image-preview:large","max-video-preview":"max-video-preview:-1"},"canonical":"https:\/\/www.haiti-reference.info\/pages\/plan\/religions\/vodou-haitien\/","og_locale":"fr_CA","og_type":"article","og_title":"1500.- Le Vodou Haitien &#187;","og_description":"\u00a0Religions et Croyances Origine: Le mot \u00ab\u00a0Vodou\u00a0\u00bb vient du language parl\u00e9 par les communaut\u00e9s Fon du Dahomey. N\u00e9 dans la clandestinit\u00e9 et, dans sa prime enfance, religion des esclaves noirs [&hellip;]","og_url":"https:\/\/www.haiti-reference.info\/pages\/plan\/religions\/vodou-haitien\/","article_modified_time":"2020-04-26T02:30:17+00:00","twitter_card":"summary_large_image","twitter_misc":{"Estimation du temps de lecture":"5 minutes"},"schema":{"@context":"https:\/\/schema.org","@graph":[{"@type":"WebPage","@id":"https:\/\/www.haiti-reference.info\/pages\/plan\/religions\/vodou-haitien\/","url":"https:\/\/www.haiti-reference.info\/pages\/plan\/religions\/vodou-haitien\/","name":"1500.- Le Vodou Haitien &#187;","isPartOf":{"@id":"https:\/\/www.haiti-reference.info\/pages\/#website"},"datePublished":"2001-12-05T21:40:23+00:00","dateModified":"2020-04-26T02:30:17+00:00","breadcrumb":{"@id":"https:\/\/www.haiti-reference.info\/pages\/plan\/religions\/vodou-haitien\/#breadcrumb"},"inLanguage":"fr-CA","potentialAction":[{"@type":"ReadAction","target":["https:\/\/www.haiti-reference.info\/pages\/plan\/religions\/vodou-haitien\/"]}]},{"@type":"BreadcrumbList","@id":"https:\/\/www.haiti-reference.info\/pages\/plan\/religions\/vodou-haitien\/#breadcrumb","itemListElement":[{"@type":"ListItem","position":1,"name":"Accueil","item":"https:\/\/www.haiti-reference.info\/pages\/"},{"@type":"ListItem","position":2,"name":"Structure du site","item":"https:\/\/www.haiti-reference.info\/pages\/plan\/"},{"@type":"ListItem","position":3,"name":"1000.- Religions et croyances","item":"https:\/\/www.haiti-reference.info\/pages\/plan\/religions\/"},{"@type":"ListItem","position":4,"name":"1500.- Le Vodou Haitien"}]},{"@type":"WebSite","@id":"https:\/\/www.haiti-reference.info\/pages\/#website","url":"https:\/\/www.haiti-reference.info\/pages\/","name":"Haiti-R\u00e9f\u00e9rence","description":"Un guide de r\u00e9f\u00e9rence","publisher":{"@id":"https:\/\/www.haiti-reference.info\/pages\/#organization"},"potentialAction":[{"@type":"SearchAction","target":{"@type":"EntryPoint","urlTemplate":"https:\/\/www.haiti-reference.info\/pages\/?s={search_term_string}"},"query-input":{"@type":"PropertyValueSpecification","valueRequired":true,"valueName":"search_term_string"}}],"inLanguage":"fr-CA"},{"@type":"Organization","@id":"https:\/\/www.haiti-reference.info\/pages\/#organization","name":"Haiti-R\u00e9f\u00e9rence","url":"https:\/\/www.haiti-reference.info\/pages\/","logo":{"@type":"ImageObject","inLanguage":"fr-CA","@id":"https:\/\/www.haiti-reference.info\/pages\/#\/schema\/logo\/image\/","url":"https:\/\/www.haiti-reference.info\/pages\/wp-content\/uploads\/2016\/04\/cropped-cropped-logo_201604-8-1.png","contentUrl":"https:\/\/www.haiti-reference.info\/pages\/wp-content\/uploads\/2016\/04\/cropped-cropped-logo_201604-8-1.png","width":338,"height":87,"caption":"Haiti-R\u00e9f\u00e9rence"},"image":{"@id":"https:\/\/www.haiti-reference.info\/pages\/#\/schema\/logo\/image\/"},"sameAs":["https:\/\/bsky.app\/profile\/haiti-reference.bsky.social"]}]}},"_links":{"self":[{"href":"https:\/\/www.haiti-reference.info\/pages\/wp-json\/wp\/v2\/pages\/876","targetHints":{"allow":["GET"]}}],"collection":[{"href":"https:\/\/www.haiti-reference.info\/pages\/wp-json\/wp\/v2\/pages"}],"about":[{"href":"https:\/\/www.haiti-reference.info\/pages\/wp-json\/wp\/v2\/types\/page"}],"author":[{"embeddable":true,"href":"https:\/\/www.haiti-reference.info\/pages\/wp-json\/wp\/v2\/users\/1"}],"replies":[{"embeddable":true,"href":"https:\/\/www.haiti-reference.info\/pages\/wp-json\/wp\/v2\/comments?post=876"}],"version-history":[{"count":0,"href":"https:\/\/www.haiti-reference.info\/pages\/wp-json\/wp\/v2\/pages\/876\/revisions"}],"up":[{"embeddable":true,"href":"https:\/\/www.haiti-reference.info\/pages\/wp-json\/wp\/v2\/pages\/81"}],"wp:attachment":[{"href":"https:\/\/www.haiti-reference.info\/pages\/wp-json\/wp\/v2\/media?parent=876"}],"wp:term":[{"taxonomy":"category","embeddable":true,"href":"https:\/\/www.haiti-reference.info\/pages\/wp-json\/wp\/v2\/categories?post=876"}],"curies":[{"name":"wp","href":"https:\/\/api.w.org\/{rel}","templated":true}]}}