{"id":5625,"date":"2004-09-19T08:36:07","date_gmt":"2004-09-19T13:36:07","guid":{"rendered":"http:\/\/haiti-reference.com\/pages\/?page_id=5625"},"modified":"2020-04-29T13:12:09","modified_gmt":"2020-04-29T17:12:09","slug":"traite-1838","status":"publish","type":"page","link":"https:\/\/www.haiti-reference.info\/pages\/plan\/histoire-et-societe\/documents-historiques\/traites-et-conventions\/traite-1838\/","title":{"rendered":"6550.001.- Trait\u00e9 de commerce entre la France et Haiti (1838)"},"content":{"rendered":"<p class=\"img_category\"><a title=\"Classification\" href=\"\/pages\/plan\/histoire-et-societe\/\"><img decoding=\"async\" src=\"\/.\/images\/legendes\/category_art.jpg\" alt=\"Classification\" \/> Histoire et Soci\u00e9t\u00e9<\/a><\/p>\n<p class=\"companyname\" style=\"text-align: center;\">Texte du Trait\u00e9<br \/>\n<img decoding=\"async\" class=\"aligncenter\" src=\"\/.\/images\/line-bar\/bar_color.gif\" alt=\"bar_color.gif\" \/><\/p>\n<h4 style=\"text-align: center;\">AU NOM DE LA TR\u00c8S SAINTE ET INDIVISIBLE TRINIT\u00c9,<\/h4>\n<div style=\"text-align: justify;\">\n<p>S.M. le roi des Fran\u00e7ais et le Pr\u00e9sident de la R\u00e9publique d&rsquo;Ha\u00efti, d\u00e9sirant \u00e9tablir sur des bases solides et durables les rapports d&rsquo;amiti\u00e9 qui doivent exister entre la France et Ha\u00efti, ont r\u00e9solu de les r\u00e9gler par un trait\u00e9, et ont choisi \u00e0 cet effet pour pl\u00e9nipotentiaires savoir:<\/p>\n<ul>\n<li>S.M. Le roi des Fran\u00e7ais, &#8211; les sieurs Emmanuel-Pons-Dieudonn\u00e9, baron de Las-Cases, officier de l&rsquo;ordre royal de la L\u00e9gion d&rsquo;honneur, et Charles Baudin, officier dudit ordre royal de la L\u00e9gion d&rsquo;honneur,, capitaine de vaisseau de la marine royale.<\/li>\n<li>Le Pr\u00e9sident de la R\u00e9publique d&rsquo;Ha\u00efti, &#8211; le g\u00e9n\u00e9ral de brigade Joseph-Balthazar Inginac, secr\u00e9taire g\u00e9n\u00e9ral; le s\u00e9nateur Marie-Elizabeth &#8211; Eustache Fr\u00e9mont, colonel, son aide de camp; les s\u00e9nateurs Dominique-Francois Labb\u00e9e et Alexis-Beaubrun Ardouin; et le citoyen Louis Mesmin Seguy Villevaleix, chef des bureaux de la secr\u00e9tairie-g\u00e9n\u00e9rale.<\/li>\n<\/ul>\n<p>Lequels, apr\u00e8s avoir \u00e9chang\u00e9 leurs pleins pouvoirs respectifs et les avoir trouv\u00e9 en bonne et due forme, sont convenus des articles suivants:<\/p>\n<\/div>\n<h5>Article 1er:<\/h5>\n<div style=\"text-align: justify;\">S.M. le Roi des Fran\u00e7ais reconna\u00eet pour lui, ses h\u00e9ritiers et ses successeurs, la R\u00e9publique d&rsquo;Haiti comme \u00c9tat libre, souverain et ind\u00e9pendant.<\/div>\n<h5>Article 2:<\/h5>\n<div style=\"text-align: justify;\">Il y aura paix constante et amiti\u00e9 perp\u00e9tuelle entre la France et la R\u00e9publique d&rsquo;Ha\u00efti, ainsi qu&rsquo;entre les citoyens des deux \u00c9tats, sans exception de personne ni de lieux.<\/div>\n<h5>Article 3:<\/h5>\n<div style=\"text-align: justify;\">S.M. Le Roi des Fran\u00e7ais et le Pr\u00e9sident de la R\u00e9publique d&rsquo;Ha\u00efti se r\u00e9servent de conclure le plus t\u00f4t possible, s&rsquo;il y a lieu, un trait\u00e9 sp\u00e9cialement destin\u00e9 \u00e0 r\u00e9gler les rapports de commerce et de navigation entre la France et Ha\u00efti. En attendant, il est convenu que les consuls. les citoyens, les navires et les marchandises ou produits de chacun des deux pays jouiront \u00e0 tous \u00e9gards dans l&rsquo;autre du traitement accord\u00e9 ou qui pourra \u00eatre accord\u00e9 \u00e0 la nation la plus favoris\u00e9e; et ce, gratuitement, si la concession est gratuite, ou avec la m\u00eame compensation, si la concession est conditionnelle.<\/div>\n<h5>Article 4:<\/h5>\n<div style=\"text-align: justify;\">Le pr\u00e9sent trait\u00e9 sera ratifi\u00e9, et les ratifications en seront \u00e9chang\u00e9es \u00e0 Paris dans un d\u00e9lai de trois mois, ou plus t\u00f4t, si faire se peut.<\/div>\n<p>En foi de quoi, nous, pl\u00e9nipotentiaires sous-sign\u00e9s, avons sign\u00e9 le pr\u00e9sent trait\u00e9 et y avons appos\u00e9 notre sceau.<\/p>\n<p>Fait \u00e0 Port-au-Prince le 12\u00e8 jour du mois de f\u00e9vrier de l&rsquo;an de gr\u00e2ce 1838.<\/p>\n<p class=\"tabletext\" align=\"right\">(L.S.) Emmanuel, baron de LAS-CASES,<br \/>\n(L.S.) B. INGINAC,<br \/>\n(L.S.) Charles BAUDIN,<br \/>\n(L.S.) B ARDOUIN,<br \/>\n(L.S.) FREMONT.<br \/>\n(L.S.) L&rsquo;ABB\u00c9E;<br \/>\n(L.S.) SEGUY VILLEVALEIX.<\/p>\n<p class=\"recommended\" align=\"left\">\u2245 Sources:<\/p>\n<ul>\n<li><i>Ab\u00e9c\u00e9daire haitien \u00e0 l&rsquo;usage de la jeunesse suivi d&rsquo;un pr\u00e9cis historique, chronologique et g\u00e9ographique sur l&rsquo;\u00eele d&rsquo;Haiti jusqu&rsquo;en 1945. <\/i>Port-au-Prince: Imprimerie de Jean Courtois, 1949, pp. 39 &#8211; 40.<\/li>\n<li>Chancy, Emmanuel. <i>L&rsquo;ind\u00e9pendance d&rsquo;Haiti: Etude historique contenant des appr\u00e9ciations nouvelles, suivie d&rsquo;\u00e9tats in\u00e9dits des sommes vers\u00e9es des 1838 en ex\u00e9cution du trait\u00e9 financier du 12 f\u00e9vrier et pr\u00e9c\u00e9d\u00e9 d&rsquo;un pr\u00e9face de M. J\u00e9r\u00e9mie<\/i>. Paris : C. Marpon et E. Flammarion, 1884; pp. 75-77.<\/li>\n<\/ul>\n","protected":false},"excerpt":{"rendered":"<p>Histoire et Soci\u00e9t\u00e9 Texte du Trait\u00e9 AU NOM DE LA TR\u00c8S SAINTE ET INDIVISIBLE TRINIT\u00c9, S.M. le roi des Fran\u00e7ais et le Pr\u00e9sident de la R\u00e9publique d&rsquo;Ha\u00efti, d\u00e9sirant \u00e9tablir sur [&hellip;]<\/p>\n","protected":false},"author":2,"featured_media":0,"parent":31167,"menu_order":1,"comment_status":"closed","ping_status":"closed","template":"short_page.php","meta":{"footnotes":""},"categories":[],"class_list":["post-5625","page","type-page","status-publish","hentry"],"yoast_head":"<!-- This site is optimized with the Yoast SEO plugin v27.4 - https:\/\/yoast.com\/product\/yoast-seo-wordpress\/ -->\n<title>6550.001.- Trait\u00e9 de commerce entre la France et Haiti (1838) &#187;<\/title>\n<meta name=\"robots\" content=\"index, follow, max-snippet:-1, max-image-preview:large, max-video-preview:-1\" \/>\n<link rel=\"canonical\" href=\"https:\/\/www.haiti-reference.info\/pages\/plan\/histoire-et-societe\/documents-historiques\/traites-et-conventions\/traite-1838\/\" \/>\n<meta property=\"og:locale\" content=\"fr_CA\" \/>\n<meta property=\"og:type\" content=\"article\" \/>\n<meta property=\"og:title\" content=\"6550.001.- Trait\u00e9 de commerce entre la France et Haiti (1838) &#187;\" \/>\n<meta property=\"og:description\" content=\"Histoire et Soci\u00e9t\u00e9 Texte du Trait\u00e9 AU NOM DE LA TR\u00c8S SAINTE ET INDIVISIBLE TRINIT\u00c9, S.M. le roi des Fran\u00e7ais et le Pr\u00e9sident de la R\u00e9publique d&rsquo;Ha\u00efti, d\u00e9sirant \u00e9tablir sur [&hellip;]\" \/>\n<meta property=\"og:url\" content=\"https:\/\/www.haiti-reference.info\/pages\/plan\/histoire-et-societe\/documents-historiques\/traites-et-conventions\/traite-1838\/\" \/>\n<meta property=\"article:modified_time\" content=\"2020-04-29T17:12:09+00:00\" \/>\n<meta name=\"twitter:card\" content=\"summary_large_image\" \/>\n<meta name=\"twitter:label1\" content=\"Estimation du temps de lecture\" \/>\n\t<meta name=\"twitter:data1\" content=\"3 minutes\" \/>\n<script type=\"application\/ld+json\" class=\"yoast-schema-graph\">{\"@context\":\"https:\\\/\\\/schema.org\",\"@graph\":[{\"@type\":\"WebPage\",\"@id\":\"https:\\\/\\\/www.haiti-reference.info\\\/pages\\\/plan\\\/histoire-et-societe\\\/documents-historiques\\\/traites-et-conventions\\\/traite-1838\\\/\",\"url\":\"https:\\\/\\\/www.haiti-reference.info\\\/pages\\\/plan\\\/histoire-et-societe\\\/documents-historiques\\\/traites-et-conventions\\\/traite-1838\\\/\",\"name\":\"6550.001.- Trait\u00e9 de commerce entre la France et Haiti (1838) &#187;\",\"isPartOf\":{\"@id\":\"https:\\\/\\\/www.haiti-reference.info\\\/pages\\\/#website\"},\"datePublished\":\"2004-09-19T13:36:07+00:00\",\"dateModified\":\"2020-04-29T17:12:09+00:00\",\"breadcrumb\":{\"@id\":\"https:\\\/\\\/www.haiti-reference.info\\\/pages\\\/plan\\\/histoire-et-societe\\\/documents-historiques\\\/traites-et-conventions\\\/traite-1838\\\/#breadcrumb\"},\"inLanguage\":\"fr-CA\",\"potentialAction\":[{\"@type\":\"ReadAction\",\"target\":[\"https:\\\/\\\/www.haiti-reference.info\\\/pages\\\/plan\\\/histoire-et-societe\\\/documents-historiques\\\/traites-et-conventions\\\/traite-1838\\\/\"]}]},{\"@type\":\"BreadcrumbList\",\"@id\":\"https:\\\/\\\/www.haiti-reference.info\\\/pages\\\/plan\\\/histoire-et-societe\\\/documents-historiques\\\/traites-et-conventions\\\/traite-1838\\\/#breadcrumb\",\"itemListElement\":[{\"@type\":\"ListItem\",\"position\":1,\"name\":\"Accueil\",\"item\":\"https:\\\/\\\/www.haiti-reference.info\\\/pages\\\/\"},{\"@type\":\"ListItem\",\"position\":2,\"name\":\"Structure du site\",\"item\":\"https:\\\/\\\/www.haiti-reference.info\\\/pages\\\/plan\\\/\"},{\"@type\":\"ListItem\",\"position\":3,\"name\":\"6000.- Histoire et soci\u00e9t\u00e9\",\"item\":\"https:\\\/\\\/www.haiti-reference.info\\\/pages\\\/plan\\\/histoire-et-societe\\\/\"},{\"@type\":\"ListItem\",\"position\":4,\"name\":\"6500.- Documents historiques\",\"item\":\"https:\\\/\\\/www.haiti-reference.info\\\/pages\\\/plan\\\/histoire-et-societe\\\/documents-historiques\\\/\"},{\"@type\":\"ListItem\",\"position\":5,\"name\":\"6550.- Trait\u00e9s et Conventions\",\"item\":\"https:\\\/\\\/www.haiti-reference.info\\\/pages\\\/plan\\\/histoire-et-societe\\\/documents-historiques\\\/traites-et-conventions\\\/\"},{\"@type\":\"ListItem\",\"position\":6,\"name\":\"6550.001.- Trait\u00e9 de commerce entre la France et Haiti (1838)\"}]},{\"@type\":\"WebSite\",\"@id\":\"https:\\\/\\\/www.haiti-reference.info\\\/pages\\\/#website\",\"url\":\"https:\\\/\\\/www.haiti-reference.info\\\/pages\\\/\",\"name\":\"Haiti-R\u00e9f\u00e9rence\",\"description\":\"Un guide de r\u00e9f\u00e9rence\",\"publisher\":{\"@id\":\"https:\\\/\\\/www.haiti-reference.info\\\/pages\\\/#organization\"},\"potentialAction\":[{\"@type\":\"SearchAction\",\"target\":{\"@type\":\"EntryPoint\",\"urlTemplate\":\"https:\\\/\\\/www.haiti-reference.info\\\/pages\\\/?s={search_term_string}\"},\"query-input\":{\"@type\":\"PropertyValueSpecification\",\"valueRequired\":true,\"valueName\":\"search_term_string\"}}],\"inLanguage\":\"fr-CA\"},{\"@type\":\"Organization\",\"@id\":\"https:\\\/\\\/www.haiti-reference.info\\\/pages\\\/#organization\",\"name\":\"Haiti-R\u00e9f\u00e9rence\",\"url\":\"https:\\\/\\\/www.haiti-reference.info\\\/pages\\\/\",\"logo\":{\"@type\":\"ImageObject\",\"inLanguage\":\"fr-CA\",\"@id\":\"https:\\\/\\\/www.haiti-reference.info\\\/pages\\\/#\\\/schema\\\/logo\\\/image\\\/\",\"url\":\"https:\\\/\\\/www.haiti-reference.info\\\/pages\\\/wp-content\\\/uploads\\\/2016\\\/04\\\/cropped-cropped-logo_201604-8-1.png\",\"contentUrl\":\"https:\\\/\\\/www.haiti-reference.info\\\/pages\\\/wp-content\\\/uploads\\\/2016\\\/04\\\/cropped-cropped-logo_201604-8-1.png\",\"width\":338,\"height\":87,\"caption\":\"Haiti-R\u00e9f\u00e9rence\"},\"image\":{\"@id\":\"https:\\\/\\\/www.haiti-reference.info\\\/pages\\\/#\\\/schema\\\/logo\\\/image\\\/\"},\"sameAs\":[\"https:\\\/\\\/bsky.app\\\/profile\\\/haiti-reference.bsky.social\"]}]}<\/script>\n<!-- \/ Yoast SEO plugin. -->","yoast_head_json":{"title":"6550.001.- Trait\u00e9 de commerce entre la France et Haiti (1838) &#187;","robots":{"index":"index","follow":"follow","max-snippet":"max-snippet:-1","max-image-preview":"max-image-preview:large","max-video-preview":"max-video-preview:-1"},"canonical":"https:\/\/www.haiti-reference.info\/pages\/plan\/histoire-et-societe\/documents-historiques\/traites-et-conventions\/traite-1838\/","og_locale":"fr_CA","og_type":"article","og_title":"6550.001.- Trait\u00e9 de commerce entre la France et Haiti (1838) &#187;","og_description":"Histoire et Soci\u00e9t\u00e9 Texte du Trait\u00e9 AU NOM DE LA TR\u00c8S SAINTE ET INDIVISIBLE TRINIT\u00c9, S.M. le roi des Fran\u00e7ais et le Pr\u00e9sident de la R\u00e9publique d&rsquo;Ha\u00efti, d\u00e9sirant \u00e9tablir sur [&hellip;]","og_url":"https:\/\/www.haiti-reference.info\/pages\/plan\/histoire-et-societe\/documents-historiques\/traites-et-conventions\/traite-1838\/","article_modified_time":"2020-04-29T17:12:09+00:00","twitter_card":"summary_large_image","twitter_misc":{"Estimation du temps de lecture":"3 minutes"},"schema":{"@context":"https:\/\/schema.org","@graph":[{"@type":"WebPage","@id":"https:\/\/www.haiti-reference.info\/pages\/plan\/histoire-et-societe\/documents-historiques\/traites-et-conventions\/traite-1838\/","url":"https:\/\/www.haiti-reference.info\/pages\/plan\/histoire-et-societe\/documents-historiques\/traites-et-conventions\/traite-1838\/","name":"6550.001.- Trait\u00e9 de commerce entre la France et Haiti (1838) &#187;","isPartOf":{"@id":"https:\/\/www.haiti-reference.info\/pages\/#website"},"datePublished":"2004-09-19T13:36:07+00:00","dateModified":"2020-04-29T17:12:09+00:00","breadcrumb":{"@id":"https:\/\/www.haiti-reference.info\/pages\/plan\/histoire-et-societe\/documents-historiques\/traites-et-conventions\/traite-1838\/#breadcrumb"},"inLanguage":"fr-CA","potentialAction":[{"@type":"ReadAction","target":["https:\/\/www.haiti-reference.info\/pages\/plan\/histoire-et-societe\/documents-historiques\/traites-et-conventions\/traite-1838\/"]}]},{"@type":"BreadcrumbList","@id":"https:\/\/www.haiti-reference.info\/pages\/plan\/histoire-et-societe\/documents-historiques\/traites-et-conventions\/traite-1838\/#breadcrumb","itemListElement":[{"@type":"ListItem","position":1,"name":"Accueil","item":"https:\/\/www.haiti-reference.info\/pages\/"},{"@type":"ListItem","position":2,"name":"Structure du site","item":"https:\/\/www.haiti-reference.info\/pages\/plan\/"},{"@type":"ListItem","position":3,"name":"6000.- Histoire et soci\u00e9t\u00e9","item":"https:\/\/www.haiti-reference.info\/pages\/plan\/histoire-et-societe\/"},{"@type":"ListItem","position":4,"name":"6500.- Documents historiques","item":"https:\/\/www.haiti-reference.info\/pages\/plan\/histoire-et-societe\/documents-historiques\/"},{"@type":"ListItem","position":5,"name":"6550.- Trait\u00e9s et Conventions","item":"https:\/\/www.haiti-reference.info\/pages\/plan\/histoire-et-societe\/documents-historiques\/traites-et-conventions\/"},{"@type":"ListItem","position":6,"name":"6550.001.- Trait\u00e9 de commerce entre la France et Haiti (1838)"}]},{"@type":"WebSite","@id":"https:\/\/www.haiti-reference.info\/pages\/#website","url":"https:\/\/www.haiti-reference.info\/pages\/","name":"Haiti-R\u00e9f\u00e9rence","description":"Un guide de r\u00e9f\u00e9rence","publisher":{"@id":"https:\/\/www.haiti-reference.info\/pages\/#organization"},"potentialAction":[{"@type":"SearchAction","target":{"@type":"EntryPoint","urlTemplate":"https:\/\/www.haiti-reference.info\/pages\/?s={search_term_string}"},"query-input":{"@type":"PropertyValueSpecification","valueRequired":true,"valueName":"search_term_string"}}],"inLanguage":"fr-CA"},{"@type":"Organization","@id":"https:\/\/www.haiti-reference.info\/pages\/#organization","name":"Haiti-R\u00e9f\u00e9rence","url":"https:\/\/www.haiti-reference.info\/pages\/","logo":{"@type":"ImageObject","inLanguage":"fr-CA","@id":"https:\/\/www.haiti-reference.info\/pages\/#\/schema\/logo\/image\/","url":"https:\/\/www.haiti-reference.info\/pages\/wp-content\/uploads\/2016\/04\/cropped-cropped-logo_201604-8-1.png","contentUrl":"https:\/\/www.haiti-reference.info\/pages\/wp-content\/uploads\/2016\/04\/cropped-cropped-logo_201604-8-1.png","width":338,"height":87,"caption":"Haiti-R\u00e9f\u00e9rence"},"image":{"@id":"https:\/\/www.haiti-reference.info\/pages\/#\/schema\/logo\/image\/"},"sameAs":["https:\/\/bsky.app\/profile\/haiti-reference.bsky.social"]}]}},"_links":{"self":[{"href":"https:\/\/www.haiti-reference.info\/pages\/wp-json\/wp\/v2\/pages\/5625","targetHints":{"allow":["GET"]}}],"collection":[{"href":"https:\/\/www.haiti-reference.info\/pages\/wp-json\/wp\/v2\/pages"}],"about":[{"href":"https:\/\/www.haiti-reference.info\/pages\/wp-json\/wp\/v2\/types\/page"}],"author":[{"embeddable":true,"href":"https:\/\/www.haiti-reference.info\/pages\/wp-json\/wp\/v2\/users\/2"}],"replies":[{"embeddable":true,"href":"https:\/\/www.haiti-reference.info\/pages\/wp-json\/wp\/v2\/comments?post=5625"}],"version-history":[{"count":0,"href":"https:\/\/www.haiti-reference.info\/pages\/wp-json\/wp\/v2\/pages\/5625\/revisions"}],"up":[{"embeddable":true,"href":"https:\/\/www.haiti-reference.info\/pages\/wp-json\/wp\/v2\/pages\/31167"}],"wp:attachment":[{"href":"https:\/\/www.haiti-reference.info\/pages\/wp-json\/wp\/v2\/media?parent=5625"}],"wp:term":[{"taxonomy":"category","embeddable":true,"href":"https:\/\/www.haiti-reference.info\/pages\/wp-json\/wp\/v2\/categories?post=5625"}],"curies":[{"name":"wp","href":"https:\/\/api.w.org\/{rel}","templated":true}]}}