{"id":5095,"date":"2002-01-24T18:31:22","date_gmt":"2002-01-24T23:31:22","guid":{"rendered":"http:\/\/haiti-reference.com\/pages\/?page_id=5095"},"modified":"2020-06-03T21:36:59","modified_gmt":"2020-06-04T01:36:59","slug":"consulats-haiti","status":"publish","type":"page","link":"https:\/\/www.haiti-reference.info\/pages\/plan\/politique\/diplomatie\/consulats-haiti\/","title":{"rendered":"2520.- Les Consulats d&rsquo;Haiti"},"content":{"rendered":"<p class=\"img_category\"><a title=\"Classification\" href=\"\/pages\/plan\/politique\/\"><img decoding=\"async\" class=\"alignnone\" src=\"\/.\/images\/legendes\/category_art.jpg\" alt=\"Classification\" \/>&nbsp;Politique et gouvernement<\/a><\/p>\n<p><a name=\"argentine\"><\/a><\/p>\n<h4 style=\"color: #ff0000;\"><img decoding=\"async\" src=\"\/.\/images\/legendes\/exclamation.png\" \/>Argentine<\/h4>\n<hr \/>\n<table id=\"table_separate\">\n<tbody>\n<tr class=\"odd_row\">\n<td class=\"companyslogan\" width=\"30%\">\u2022 Buenos Aires<\/td>\n<td width=\"70%\">Ave. Figueroa Alcorta Pte. 3297<br \/>\nBuenos Aires, Argentina<br \/>\n\u2261<br \/>\nT\u00e9l\u00e9phone: 4807-0211<\/td>\n<\/tr>\n<\/tbody>\n<\/table>\n<p>&nbsp;<\/p>\n<h4 style=\"color: #ff0000;\"><img decoding=\"async\" src=\"\/.\/images\/legendes\/exclamation.png\" \/>Br\u00e9sil<\/h4>\n<hr \/>\n<table id=\"table_separate\">\n<tbody>\n<tr class=\"odd_row\">\n<td class=\"companyslogan\" width=\"30%\">\u2022 Brasilia<\/td>\n<td width=\"70%\">Voir:<a href=\"\/pages\/plan\/politique\/diplomatie\/ambassades-haiti\/#bresil\">Ambassade d&rsquo;Haiti au Bresil<\/a><\/td>\n<\/tr>\n<tr class=\"even_row\">\n<td class=\"companyslogan\">\u2022 Rio de Janeiro<\/td>\n<td>P\u00e7a. Pio X, 17A &#8211; 14\u00ba andar<br \/>\nRio de Janeiro -RJ<br \/>\n\u2261<br \/>\nT\u00e9l\u00e9phone: (21) 216-2802 \/ 2809<br \/>\nT\u00e9l\u00e9copieur: (21) 518-3226<\/td>\n<\/tr>\n<tr class=\"odd_row\">\n<td class=\"companyslogan\">\u2022 Sao Paolo<\/td>\n<td>Av. Paulista, 1159<br \/>\n8\u00ba andar &#8211; Cj. 811<br \/>\nS\u00e3o Paulo &#8211; SP<br \/>\n\u2261<br \/>\nT\u00e9l\u00e9phone: (11) 3073-1507<\/td>\n<\/tr>\n<\/tbody>\n<\/table>\n<p>&nbsp;<\/p>\n<h4 style=\"color: #ff0000;\"><img decoding=\"async\" src=\"\/.\/images\/legendes\/exclamation.png\" \/>Canada<\/h4>\n<hr \/>\n<table id=\"table_separate\">\n<tbody>\n<tr class=\"odd_row\">\n<td class=\"companyslogan\" width=\"30%\">\u2022 Montr\u00e9al<\/td>\n<td width=\"70%\">1100, Boul. Ren\u00e9 L\u00e9vesque Ouest, suite 1520<br \/>\nMontr\u00e9al, Qu\u00e9bec, Canada H3B 4N4<br \/>\n\u2261<br \/>\nT\u00e9l\u00e9phone : 514-499-1919<br \/>\nT\u00e9l\u00e9copieur : 514-499-1818<br \/>\n\u2261<br \/>\nSite Web: <a href=\"http:\/\/www.haiti-montreal.org\/\" target=\"_top\" rel=\"noopener noreferrer\">www.haiti-montreal.org\/<\/a><\/td>\n<\/tr>\n<tr class=\"even_row\">\n<td class=\"companyslogan\">\u2022 Ottawa<\/td>\n<td>Voir :<a href=\"\/pages\/plan\/politique\/diplomatie\/ambassades-haiti\/#canada\">Ambassade d&rsquo;Haiti \u00e0 Ottawa<\/a><\/td>\n<\/tr>\n<\/tbody>\n<\/table>\n<p>&nbsp;<\/p>\n<h4 style=\"color: #ff0000;\"><img decoding=\"async\" src=\"\/.\/images\/legendes\/exclamation.png\" \/>Chili<\/h4>\n<hr \/>\n<table id=\"table_separate\">\n<tbody>\n<tr class=\"odd_row\">\n<td class=\"companyslogan\" width=\"30%\">\u2022 Valparaiso<\/td>\n<td width=\"70%\">Esmeralda 940 Of. 91<br \/>\nValparaiso (56) &#8211; Chili<br \/>\n\u2261<br \/>\nT\u00e9l\u00e9phone: (32) 252783<br \/>\nT\u00e9l\u00e9copieur: (32) 252783<\/td>\n<\/tr>\n<\/tbody>\n<\/table>\n<p>&nbsp;<\/p>\n<h4 style=\"color: #ff0000;\"><img decoding=\"async\" src=\"\/.\/images\/legendes\/exclamation.png\" \/>\u00c9quateur<\/h4>\n<hr \/>\n<table id=\"table_separate\">\n<tbody>\n<tr class=\"odd_row\">\n<td class=\"companyslogan\" width=\"30%\">\u2022 Quito:<\/td>\n<td width=\"70%\">Av. 6 de Diciembre N32-36 y Whymper<br \/>\nQuito, Ecuador<br \/>\n\u2261<br \/>\nT\u00e9l\u00e9phones: 223-5365 \/ 223-5366<br \/>\nT\u00e9l\u00e9copieur: 222-2792<\/td>\n<\/tr>\n<tr class=\"even_row\">\n<td class=\"companyslogan\" width=\"30%\">\u2022 Guayaquil:<\/td>\n<td width=\"70%\">Tulc\u00e1n # 101 y Luque<br \/>\nGuayaquil, Ecuador<br \/>\n\u2261<br \/>\nT\u00e9l\u00e9phone: 237-1107<\/td>\n<\/tr>\n<\/tbody>\n<\/table>\n<p>&nbsp;<\/p>\n<h4 style=\"color: #ff0000;\"><img decoding=\"async\" src=\"\/.\/images\/legendes\/exclamation.png\" \/>\u00c9tats-Unis d&rsquo;Am\u00e9rique<\/h4>\n<hr \/>\n<table id=\"table_separate\">\n<tbody>\n<tr class=\"odd_row\">\n<td class=\"companyslogan\" width=\"30%\">\u2022 Atlanta<\/td>\n<td width=\"70%\">2911 Piedmont Road North East, Suite A<br \/>\nAtlanta, Georgia 30305<br \/>\n\u2261<br \/>\nT\u00e9l\u00e9phone: (404) 228-5373<br \/>\nT\u00e9l\u00e9copieur: (404) 748-1513<br \/>\nWebsite: http:\/\/consulathaiti-atlanta.org<br \/>\n\u2261<br \/>\nWeb site:&nbsp;<a href=\"http:\/\/consulathaiti-atlanta.org\/\">www.consulathaiti-atlanta.org\/<\/a><\/td>\n<\/tr>\n<tr class=\"even_row\">\n<td class=\"companyslogan\" width=\"30%\">\u2022 Boston<\/td>\n<td width=\"70%\">545 Boylston St., room 201<br \/>\nBoston, MA 02116<br \/>\n\u2261<br \/>\nT\u00e9l\u00e9phone: 617-266-3660 | 266-3707<br \/>\nT\u00e9l\u00e9copieur: 617-266-4060<br \/>\n\u2261<br \/>\nWeb site:&nbsp;<a href=\"http:\/\/www.haiticgboston.org\/\">www.haiticgboston.org\/<\/a><\/td>\n<\/tr>\n<tr class=\"odd_row\">\n<td class=\"companyslogan\">\u2022 Chicago<\/td>\n<td>220 South State Street, Suite 2110<br \/>\nChicago, Illinois 60604<br \/>\n\u2261<br \/>\nT\u00e9l\u00e9phone: 312-922-4004<br \/>\nT\u00e9l\u00e9copieur: 312-922-7122<br \/>\n\u2261<br \/>\nSite Web: <a href=\"http:\/\/www.haitianconsulate.org\/\" target=\"_top\" rel=\"noopener noreferrer\">www.haitianconsulate.org\/<\/a><\/td>\n<\/tr>\n<tr class=\"even_row\">\n<td class=\"companyslogan\">\u2022 Miami<\/td>\n<td>259 Southwest 13th Str<br \/>\nMiami, FL 33131<br \/>\n\u2261<br \/>\nT\u00e9l\u00e9phone: 305-859-2003<br \/>\nT\u00e9l\u00e9copieur: 305-854-7441<br \/>\n\u2261<br \/>\nSite Web:&nbsp;<a href=\"http:\/\/www.consulateofhaiti-miami.com\/\">http:\/\/www.consulateofhaiti-miami.com\/<\/a><\/td>\n<\/tr>\n<tr class=\"odd_row\">\n<td class=\"companyslogan\">\u2022 New York<\/td>\n<td>271 Madison Avenue, 17th Floor<br \/>\nNew York, NY 10016<br \/>\n\u2261<br \/>\nT\u00e9l\u00e9phone: (212) 697-9767<br \/>\nT\u00e9l\u00e9copieur: (212) 681-6991<br \/>\n\u2261<br \/>\nSite Web: <a href=\"http:\/\/www.haitianconsulate-nyc.org\/\" target=\"_top\" rel=\"noopener noreferrer\">www.haitianconsulate-nyc.org\/<\/a><\/td>\n<\/tr>\n<tr class=\"even_row\">\n<td class=\"companyslogan\">\u2022 Orlando<\/td>\n<td>1616 East Colonial Drive<br \/>\nOrlando, FL 32803<br \/>\n\u2261<br \/>\nT\u00e9l\u00e9phone: (407) 897-1262; (407)477-4148<br \/>\nT\u00e9l\u00e9copieur: (407) 897-8163<\/td>\n<\/tr>\n<tr class=\"odd_row\">\n<td class=\"companyslogan\">\u2022 Washington<\/td>\n<td>Voir:&nbsp;<a href=\"\/pages\/plan\/politique\/diplomatie\/ambassades-haiti\/#usa\">Ambassade d&rsquo;Haiti \u00e0 Washington<\/a><\/td>\n<\/tr>\n<\/tbody>\n<\/table>\n<h4 style=\"color: #ff0000;\"><img decoding=\"async\" src=\"\/.\/images\/legendes\/exclamation.png\" \/>France<\/h4>\n<hr \/>\n<table id=\"table_separate\">\n<tbody>\n<tr class=\"odd_row\">\n<td class=\"companyslogan\" width=\"30%\">\u2022 Bordeaux<\/td>\n<td width=\"70%\">16 Rue Jean Jaur\u00e8s<br \/>\n33810 Amb\u00e8s, France<br \/>\n\u2261<br \/>\nT\u00e9l\u00e9phone: 05.56.77.18.87<br \/>\nT\u00e9l\u00e9copieur: 05.56.77.03.95<\/td>\n<\/tr>\n<tr class=\"even_row\">\n<td class=\"companyslogan\">\u2022 Paris<\/td>\n<td>Voir:&nbsp;<a href=\"\/pages\/plan\/politique\/diplomatie\/ambassades-haiti\/#paris\">Ambassade d&rsquo;Haiti \u00e0 Paris<\/a><\/td>\n<\/tr>\n<\/tbody>\n<\/table>\n<p>&nbsp;<\/p>\n<h4 style=\"color: #ff0000;\"><img decoding=\"async\" src=\"\/.\/images\/legendes\/exclamation.png\" \/>Guyane<\/h4>\n<hr \/>\n<table id=\"table_separate\">\n<tbody>\n<tr class=\"odd_row\">\n<td class=\"companyslogan\" width=\"30%\">\u2022 Cayenne:<\/td>\n<td width=\"70%\">12 Ave. L\u00e9opold H\u00e9der<br \/>\n97300 Cayenne, Guyane<br \/>\n\u2261<br \/>\nT\u00e9l\u00e9phones: 594-311-858 ; 315-5163; 315-1858<br \/>\nT\u00e9l\u00e9copieur: 594-311-2065<\/td>\n<\/tr>\n<\/tbody>\n<\/table>\n<p>&nbsp;<\/p>\n<h4 style=\"color: #ff0000;\"><img decoding=\"async\" src=\"\/.\/images\/legendes\/exclamation.png\" \/><a style=\"color: #ff0000;\" name=\"italie\"><\/a>Italie<\/h4>\n<hr \/>\n<table id=\"table_separate\">\n<tbody>\n<tr class=\"odd_row\">\n<td class=\"companyslogan\">\u2022 Naples<\/td>\n<td width=\"70%\">Vicoletto Cappella Vecchia, 11<br \/>\n80121 Napoli, Italia<br \/>\n\u2261<br \/>\nT\u00e9l\u00e9phone: 39 (081) 2474610<\/td>\n<\/tr>\n<tr class=\"even_row\">\n<td class=\"companyslogan\" width=\"30%\">\u2022 Turin<\/td>\n<td>39 Corso Marconi Guglielmo<br \/>\n1125 Torino (TO), Italia<br \/>\n\u2261<br \/>\nT\u00e9l\u00e9phone 39 (011) 837-824<\/td>\n<\/tr>\n<\/tbody>\n<\/table>\n<p>&nbsp;<\/p>\n<h4 style=\"color: #ff0000;\"><img decoding=\"async\" src=\"\/.\/images\/legendes\/exclamation.png\" \/>Martinique<\/h4>\n<hr \/>\n<table id=\"table_separate\">\n<tbody>\n<tr class=\"odd_row\">\n<td class=\"companyslogan\" width=\"30%\">\u2022 Pointe \u00e0 P\u00eetre:<\/td>\n<td width=\"70%\">12 Rue Schoecher<br \/>\n97110 Poitne-\u00e0-P\u00eetre, Guyane<br \/>\n\u2261<br \/>\nT\u00e9l\u00e9phone: 590-89.35.80<br \/>\nT\u00e9l\u00e9copieur: 590-91.35.99<\/td>\n<\/tr>\n<\/tbody>\n<\/table>\n<h4 style=\"color: #ff0000;\"><img decoding=\"async\" src=\"\/.\/images\/legendes\/exclamation.png\" \/>Mexique<\/h4>\n<hr \/>\n<table id=\"table_separate\">\n<tbody>\n<tr class=\"odd_row\">\n<td class=\"companyslogan\" width=\"30%\">\u2022 Mexico:<\/td>\n<td width=\"70%\">Voir:<a href=\"\/pages\/plan\/politique\/diplomatie\/ambassades-haiti\/\">Ambassade d&rsquo;Haiti \u00e0 Mexico<\/a><\/td>\n<\/tr>\n<tr class=\"even_row\">\n<td class=\"companyslogan\" width=\"30%\">\u2022 Zapopan:<\/td>\n<td width=\"70%\">Av. Corona # 211 Esq.Madero<br \/>\nCentro Historico C.P.44110<br \/>\n\u2261<br \/>\nT\u00e9l\u00e9phone:3837-22 31<br \/>\nT\u00e9l\u00e9copieur: 3837-22 37<\/td>\n<\/tr>\n<\/tbody>\n<\/table>\n<p>&nbsp;<\/p>\n<h4 style=\"color: #ff0000;\"><img decoding=\"async\" src=\"\/.\/images\/legendes\/exclamation.png\" \/>Porto-Rico<\/h4>\n<hr \/>\n<table id=\"table_separate\">\n<tbody>\n<tr class=\"odd_row\">\n<td class=\"companyslogan\" width=\"30%\">\u2022 Hato Rey<\/td>\n<td width=\"70%\">Edificio Bankers Finance, Suite 909<br \/>\nAvenida Munoz Rivera # 654<br \/>\nHato Rey, PR 00918 U.S.A.<br \/>\n\u2261<br \/>\nT\u00e9l\u00e9phone: 809-764-1392<br \/>\nT\u00e9l\u00e9copieur: 809-764-3109<\/td>\n<\/tr>\n<\/tbody>\n<\/table>\n<p>&nbsp;<\/p>\n<h4 style=\"color: #ff0000;\"><img decoding=\"async\" src=\"\/.\/images\/legendes\/exclamation.png\" \/>R\u00e9publique Dominicaine<\/h4>\n<hr \/>\n<table id=\"table_separate\">\n<tbody>\n<tr class=\"odd_row\">\n<td class=\"companyslogan\" width=\"30%\">\u2022 Barahona:<\/td>\n<td width=\"70%\">Calle Tony Mota Ricart#16-A<br \/>\nP.O. Box 132<br \/>\nBaharona, R\u00e9publique Dominicaine<br \/>\n\u2261<br \/>\nT\u00e9l\u00e9phone: 809-524-4598<br \/>\nT\u00e9l\u00e9copieur: 809-524-4598<br \/>\nEmail: consul.haiti@codetel.net.do<\/td>\n<\/tr>\n<tr class=\"even_row\">\n<td class=\"companyslogan\" width=\"30%\">\u2022 Dajab\u00f3n<\/td>\n<td width=\"70%\">Calle Presidente Henriquez No.7<br \/>\nDajab\u00f3n, R\u00e9publique Dominicaine<br \/>\n\u2261<br \/>\nT\u00e9l\u00e9phone: 809-579-8312 | 579-7172<br \/>\nT\u00e9l\u00e9copieur: 809-<\/td>\n<\/tr>\n<tr class=\"odd_row\">\n<td class=\"companyslogan\" width=\"30%\">\u2022 Santiago:<\/td>\n<td width=\"70%\">Avenida Estrella Sadhal\u00e1<br \/>\nSantiago, R\u00e9p. Dominicaine<br \/>\n\u2261<br \/>\nT\u00e9l\u00e9phone: 809-582-5457<\/td>\n<\/tr>\n<\/tbody>\n<\/table>\n<p><!--Bas de la page--><\/p>\n","protected":false},"excerpt":{"rendered":"<p>&nbsp;Politique et gouvernement Argentine \u2022 Buenos Aires Ave. Figueroa Alcorta Pte. 3297 Buenos Aires, Argentina \u2261 T\u00e9l\u00e9phone: 4807-0211 &nbsp; Br\u00e9sil \u2022 Brasilia Voir:Ambassade d&rsquo;Haiti au Bresil \u2022 Rio de Janeiro [&hellip;]<\/p>\n","protected":false},"author":1,"featured_media":0,"parent":3995,"menu_order":2,"comment_status":"closed","ping_status":"closed","template":"","meta":{"footnotes":""},"categories":[],"class_list":["post-5095","page","type-page","status-publish","hentry"],"yoast_head":"<!-- This site is optimized with the Yoast SEO plugin v27.4 - https:\/\/yoast.com\/product\/yoast-seo-wordpress\/ -->\n<title>2520.- Les Consulats d&#039;Haiti &#187;<\/title>\n<meta name=\"robots\" content=\"index, follow, max-snippet:-1, max-image-preview:large, max-video-preview:-1\" \/>\n<link rel=\"canonical\" href=\"https:\/\/www.haiti-reference.info\/pages\/plan\/politique\/diplomatie\/consulats-haiti\/\" \/>\n<meta property=\"og:locale\" content=\"fr_CA\" \/>\n<meta property=\"og:type\" content=\"article\" \/>\n<meta property=\"og:title\" content=\"2520.- Les Consulats d&#039;Haiti &#187;\" \/>\n<meta property=\"og:description\" content=\"&nbsp;Politique et gouvernement Argentine \u2022 Buenos Aires Ave. Figueroa Alcorta Pte. 3297 Buenos Aires, Argentina \u2261 T\u00e9l\u00e9phone: 4807-0211 &nbsp; Br\u00e9sil \u2022 Brasilia Voir:Ambassade d&rsquo;Haiti au Bresil \u2022 Rio de Janeiro [&hellip;]\" \/>\n<meta property=\"og:url\" content=\"https:\/\/www.haiti-reference.info\/pages\/plan\/politique\/diplomatie\/consulats-haiti\/\" \/>\n<meta property=\"article:modified_time\" content=\"2020-06-04T01:36:59+00:00\" \/>\n<meta name=\"twitter:card\" content=\"summary_large_image\" \/>\n<meta name=\"twitter:label1\" content=\"Estimation du temps de lecture\" \/>\n\t<meta name=\"twitter:data1\" content=\"2 minutes\" \/>\n<script type=\"application\/ld+json\" class=\"yoast-schema-graph\">{\"@context\":\"https:\\\/\\\/schema.org\",\"@graph\":[{\"@type\":\"WebPage\",\"@id\":\"https:\\\/\\\/www.haiti-reference.info\\\/pages\\\/plan\\\/politique\\\/diplomatie\\\/consulats-haiti\\\/\",\"url\":\"https:\\\/\\\/www.haiti-reference.info\\\/pages\\\/plan\\\/politique\\\/diplomatie\\\/consulats-haiti\\\/\",\"name\":\"2520.- Les Consulats d'Haiti &#187;\",\"isPartOf\":{\"@id\":\"https:\\\/\\\/www.haiti-reference.info\\\/pages\\\/#website\"},\"datePublished\":\"2002-01-24T23:31:22+00:00\",\"dateModified\":\"2020-06-04T01:36:59+00:00\",\"breadcrumb\":{\"@id\":\"https:\\\/\\\/www.haiti-reference.info\\\/pages\\\/plan\\\/politique\\\/diplomatie\\\/consulats-haiti\\\/#breadcrumb\"},\"inLanguage\":\"fr-CA\",\"potentialAction\":[{\"@type\":\"ReadAction\",\"target\":[\"https:\\\/\\\/www.haiti-reference.info\\\/pages\\\/plan\\\/politique\\\/diplomatie\\\/consulats-haiti\\\/\"]}]},{\"@type\":\"BreadcrumbList\",\"@id\":\"https:\\\/\\\/www.haiti-reference.info\\\/pages\\\/plan\\\/politique\\\/diplomatie\\\/consulats-haiti\\\/#breadcrumb\",\"itemListElement\":[{\"@type\":\"ListItem\",\"position\":1,\"name\":\"Accueil\",\"item\":\"https:\\\/\\\/www.haiti-reference.info\\\/pages\\\/\"},{\"@type\":\"ListItem\",\"position\":2,\"name\":\"Structure du site\",\"item\":\"https:\\\/\\\/www.haiti-reference.info\\\/pages\\\/plan\\\/\"},{\"@type\":\"ListItem\",\"position\":3,\"name\":\"2000.- Politique et gouvernement\",\"item\":\"https:\\\/\\\/www.haiti-reference.info\\\/pages\\\/plan\\\/politique\\\/\"},{\"@type\":\"ListItem\",\"position\":4,\"name\":\"2500.- Diplomatie\",\"item\":\"https:\\\/\\\/www.haiti-reference.info\\\/pages\\\/plan\\\/politique\\\/diplomatie\\\/\"},{\"@type\":\"ListItem\",\"position\":5,\"name\":\"2520.- Les Consulats d&rsquo;Haiti\"}]},{\"@type\":\"WebSite\",\"@id\":\"https:\\\/\\\/www.haiti-reference.info\\\/pages\\\/#website\",\"url\":\"https:\\\/\\\/www.haiti-reference.info\\\/pages\\\/\",\"name\":\"Haiti-R\u00e9f\u00e9rence\",\"description\":\"Un guide de r\u00e9f\u00e9rence\",\"publisher\":{\"@id\":\"https:\\\/\\\/www.haiti-reference.info\\\/pages\\\/#organization\"},\"potentialAction\":[{\"@type\":\"SearchAction\",\"target\":{\"@type\":\"EntryPoint\",\"urlTemplate\":\"https:\\\/\\\/www.haiti-reference.info\\\/pages\\\/?s={search_term_string}\"},\"query-input\":{\"@type\":\"PropertyValueSpecification\",\"valueRequired\":true,\"valueName\":\"search_term_string\"}}],\"inLanguage\":\"fr-CA\"},{\"@type\":\"Organization\",\"@id\":\"https:\\\/\\\/www.haiti-reference.info\\\/pages\\\/#organization\",\"name\":\"Haiti-R\u00e9f\u00e9rence\",\"url\":\"https:\\\/\\\/www.haiti-reference.info\\\/pages\\\/\",\"logo\":{\"@type\":\"ImageObject\",\"inLanguage\":\"fr-CA\",\"@id\":\"https:\\\/\\\/www.haiti-reference.info\\\/pages\\\/#\\\/schema\\\/logo\\\/image\\\/\",\"url\":\"https:\\\/\\\/www.haiti-reference.info\\\/pages\\\/wp-content\\\/uploads\\\/2016\\\/04\\\/cropped-cropped-logo_201604-8-1.png\",\"contentUrl\":\"https:\\\/\\\/www.haiti-reference.info\\\/pages\\\/wp-content\\\/uploads\\\/2016\\\/04\\\/cropped-cropped-logo_201604-8-1.png\",\"width\":338,\"height\":87,\"caption\":\"Haiti-R\u00e9f\u00e9rence\"},\"image\":{\"@id\":\"https:\\\/\\\/www.haiti-reference.info\\\/pages\\\/#\\\/schema\\\/logo\\\/image\\\/\"},\"sameAs\":[\"https:\\\/\\\/bsky.app\\\/profile\\\/haiti-reference.bsky.social\"]}]}<\/script>\n<!-- \/ Yoast SEO plugin. -->","yoast_head_json":{"title":"2520.- Les Consulats d'Haiti &#187;","robots":{"index":"index","follow":"follow","max-snippet":"max-snippet:-1","max-image-preview":"max-image-preview:large","max-video-preview":"max-video-preview:-1"},"canonical":"https:\/\/www.haiti-reference.info\/pages\/plan\/politique\/diplomatie\/consulats-haiti\/","og_locale":"fr_CA","og_type":"article","og_title":"2520.- Les Consulats d'Haiti &#187;","og_description":"&nbsp;Politique et gouvernement Argentine \u2022 Buenos Aires Ave. Figueroa Alcorta Pte. 3297 Buenos Aires, Argentina \u2261 T\u00e9l\u00e9phone: 4807-0211 &nbsp; Br\u00e9sil \u2022 Brasilia Voir:Ambassade d&rsquo;Haiti au Bresil \u2022 Rio de Janeiro [&hellip;]","og_url":"https:\/\/www.haiti-reference.info\/pages\/plan\/politique\/diplomatie\/consulats-haiti\/","article_modified_time":"2020-06-04T01:36:59+00:00","twitter_card":"summary_large_image","twitter_misc":{"Estimation du temps de lecture":"2 minutes"},"schema":{"@context":"https:\/\/schema.org","@graph":[{"@type":"WebPage","@id":"https:\/\/www.haiti-reference.info\/pages\/plan\/politique\/diplomatie\/consulats-haiti\/","url":"https:\/\/www.haiti-reference.info\/pages\/plan\/politique\/diplomatie\/consulats-haiti\/","name":"2520.- Les Consulats d'Haiti &#187;","isPartOf":{"@id":"https:\/\/www.haiti-reference.info\/pages\/#website"},"datePublished":"2002-01-24T23:31:22+00:00","dateModified":"2020-06-04T01:36:59+00:00","breadcrumb":{"@id":"https:\/\/www.haiti-reference.info\/pages\/plan\/politique\/diplomatie\/consulats-haiti\/#breadcrumb"},"inLanguage":"fr-CA","potentialAction":[{"@type":"ReadAction","target":["https:\/\/www.haiti-reference.info\/pages\/plan\/politique\/diplomatie\/consulats-haiti\/"]}]},{"@type":"BreadcrumbList","@id":"https:\/\/www.haiti-reference.info\/pages\/plan\/politique\/diplomatie\/consulats-haiti\/#breadcrumb","itemListElement":[{"@type":"ListItem","position":1,"name":"Accueil","item":"https:\/\/www.haiti-reference.info\/pages\/"},{"@type":"ListItem","position":2,"name":"Structure du site","item":"https:\/\/www.haiti-reference.info\/pages\/plan\/"},{"@type":"ListItem","position":3,"name":"2000.- Politique et gouvernement","item":"https:\/\/www.haiti-reference.info\/pages\/plan\/politique\/"},{"@type":"ListItem","position":4,"name":"2500.- Diplomatie","item":"https:\/\/www.haiti-reference.info\/pages\/plan\/politique\/diplomatie\/"},{"@type":"ListItem","position":5,"name":"2520.- Les Consulats d&rsquo;Haiti"}]},{"@type":"WebSite","@id":"https:\/\/www.haiti-reference.info\/pages\/#website","url":"https:\/\/www.haiti-reference.info\/pages\/","name":"Haiti-R\u00e9f\u00e9rence","description":"Un guide de r\u00e9f\u00e9rence","publisher":{"@id":"https:\/\/www.haiti-reference.info\/pages\/#organization"},"potentialAction":[{"@type":"SearchAction","target":{"@type":"EntryPoint","urlTemplate":"https:\/\/www.haiti-reference.info\/pages\/?s={search_term_string}"},"query-input":{"@type":"PropertyValueSpecification","valueRequired":true,"valueName":"search_term_string"}}],"inLanguage":"fr-CA"},{"@type":"Organization","@id":"https:\/\/www.haiti-reference.info\/pages\/#organization","name":"Haiti-R\u00e9f\u00e9rence","url":"https:\/\/www.haiti-reference.info\/pages\/","logo":{"@type":"ImageObject","inLanguage":"fr-CA","@id":"https:\/\/www.haiti-reference.info\/pages\/#\/schema\/logo\/image\/","url":"https:\/\/www.haiti-reference.info\/pages\/wp-content\/uploads\/2016\/04\/cropped-cropped-logo_201604-8-1.png","contentUrl":"https:\/\/www.haiti-reference.info\/pages\/wp-content\/uploads\/2016\/04\/cropped-cropped-logo_201604-8-1.png","width":338,"height":87,"caption":"Haiti-R\u00e9f\u00e9rence"},"image":{"@id":"https:\/\/www.haiti-reference.info\/pages\/#\/schema\/logo\/image\/"},"sameAs":["https:\/\/bsky.app\/profile\/haiti-reference.bsky.social"]}]}},"_links":{"self":[{"href":"https:\/\/www.haiti-reference.info\/pages\/wp-json\/wp\/v2\/pages\/5095","targetHints":{"allow":["GET"]}}],"collection":[{"href":"https:\/\/www.haiti-reference.info\/pages\/wp-json\/wp\/v2\/pages"}],"about":[{"href":"https:\/\/www.haiti-reference.info\/pages\/wp-json\/wp\/v2\/types\/page"}],"author":[{"embeddable":true,"href":"https:\/\/www.haiti-reference.info\/pages\/wp-json\/wp\/v2\/users\/1"}],"replies":[{"embeddable":true,"href":"https:\/\/www.haiti-reference.info\/pages\/wp-json\/wp\/v2\/comments?post=5095"}],"version-history":[{"count":0,"href":"https:\/\/www.haiti-reference.info\/pages\/wp-json\/wp\/v2\/pages\/5095\/revisions"}],"up":[{"embeddable":true,"href":"https:\/\/www.haiti-reference.info\/pages\/wp-json\/wp\/v2\/pages\/3995"}],"wp:attachment":[{"href":"https:\/\/www.haiti-reference.info\/pages\/wp-json\/wp\/v2\/media?parent=5095"}],"wp:term":[{"taxonomy":"category","embeddable":true,"href":"https:\/\/www.haiti-reference.info\/pages\/wp-json\/wp\/v2\/categories?post=5095"}],"curies":[{"name":"wp","href":"https:\/\/api.w.org\/{rel}","templated":true}]}}