{"id":4631,"date":"2015-08-15T12:18:05","date_gmt":"2015-08-15T16:18:05","guid":{"rendered":"http:\/\/haiti-reference.com\/pages\/?page_id=4631"},"modified":"2023-10-06T19:53:55","modified_gmt":"2023-10-06T23:53:55","slug":"henri-christophe","status":"publish","type":"page","link":"https:\/\/www.haiti-reference.info\/pages\/plan\/histoire-et-societe\/notables\/heros-independance\/henri-christophe\/","title":{"rendered":"6410.030.- Profil d&rsquo;Henri Christophe"},"content":{"rendered":"<div class=\"indent-both\">\n<p><a href=\"\/pages\/notables\/getperson.php?personID=I54&amp;tree=Politique\"><img decoding=\"async\" class=\"img_border alignleft\" src=\"\/.\/images\/presidents\/1213847.jpg\" alt=\"Henri Christophe\" \/><\/a>Henri Christophe (1767-1820) un patriote et roi d&rsquo;Haiti, est surtout connu pour avoir \u00e9rig\u00e9 la Citadelle, cette impressionnante forteresse perch\u00e9e sur les cimes du Bonnet \u00e0 l&rsquo;\u00c9v\u00eaque. Mais les historiens objectifs, tout en reconnaissant la nature autocrate du son administration, sont tout aussi bien impressionn\u00e9s par son g\u00e9nie, son sens de l&rsquo;organisation qui r\u00e9sulta dans la cr\u00e9ation d&rsquo;un royaume prosp\u00e8re avec des sujets disciplin\u00e9s.<\/p>\n<p>De parents esclaves venus d&rsquo;Afrique, Henri Christophe naquit le 6 octobre 1767, dans l&rsquo;\u00eele britannique de Saint-Christophe, aujourd&rsquo;hui St. Kitts<a href=\"#No_1\">(1)<\/a>. Son nom viendrait d&rsquo;ailleurs de ce lieu de naissance. Se retrouvant \u00e0 Saint Domingue apr\u00e8s avoir \u00e9t\u00e9 au service d&rsquo;un capitaine d&rsquo;un bateau marchand battant pavillon anglais, il r\u00e9ussit \u00e0 acheter sa libert\u00e9 bien avant la r\u00e9volution, et d\u00e9cida d&rsquo;ajouter \u00e0 son nom le pr\u00e9nom Henry en signe d&rsquo;admiration pour l&rsquo;Angleterre.<\/p>\n<p>Apr\u00e8s avoir particip\u00e9 \u00e0 la guerre de l&rsquo;ind\u00e9pendance des \u00c9tats-Unis en tant que membre du Corps de Chasseurs-Volontaires de Saint-Domingue, un contingent de mul\u00e2tres et de noirs libres<a href=\"#No_2\">(2)<\/a> supportant les patriotes am\u00e9ricains sous les ordres du Comte Charles-Henri Th\u00e9odate d&rsquo;Estaing, il exer\u00e7a plusieurs m\u00e9tiers dont celui de ma\u00eetre d&rsquo;h\u00f4tel avant de s&rsquo;enr\u00f4ler dans l&rsquo;arm\u00e9e de Toussaint Louverture. Tr\u00e8s t\u00f4t, il se signala par sa bravoure et les promotions se multipli\u00e8rent. Membre de facto de l&rsquo;\u00c9tat major du pr\u00e9curseur de l&rsquo;ind\u00e9pendance, il est consult\u00e9 lors de la prise de grandes d\u00e9cisions. Il fut, par exemple, l&rsquo;un des signataires de la lettre que Toussaint adressa au commissaire L\u00e9ger-F\u00e9licit\u00e9 Sonthonax le <a href=\"\/pages\/plan\/histoire-et-societe\/ephemerides\/dates-08aout#20\" clas=\"red\">20 ao\u00fbt 1797<\/a> lui demandant de laisser la colonie<a href=\"#No_3\">(3)<\/a>.<\/p>\n<p>\u00c0 l&rsquo;arriv\u00e9e de l&rsquo;exp\u00e9dition arm\u00e9e de Bonaparte sous la conduite de son beau-fr\u00e8re, Leclerc, Henri Christophe \u00e9tait commandant de la ville du Cap-Fran\u00e7ais. Il n&rsquo;h\u00e9sita pas alors \u00e0 suivre les ordre de son chef hi\u00e9rarchique en r\u00e9duisant la ville en cendres et prenant, dans un premier temps, le maquis.<\/p>\n<p>Peu de mois apr\u00e8s, il se laissa prendre par l&rsquo;op\u00e9ration de charme de Leclerc et se rallia aux Fran\u00e7ais qui lui permirent de conserver pendant un temps son grade. Il ne tarda pas \u00e0 se rendre compte de la strat\u00e9gie du chefs de l&rsquo;exp\u00e9ditions qui voulaient simplement amadouer les chefs noirs, pour ensuite les neutraliser, les d\u00e9porter et, une fois accomplie cette premi\u00e8re phase de leur mission, r\u00e9tablir l&rsquo;esclavage dans la colonie.<\/p>\n<p style=\"text-align: justify;\">Il rejoignit alors les indig\u00e8nes (ancien et nouveaux libres) sous les ordres de Jean-Jacques Dessalines. Ces indig\u00e8nes d\u00e9cid\u00e8rent de d\u00e9fendre leur libert\u00e9 au prix de leur vie et qui finirent par sortir victorieux de ce qui restait de l&rsquo;arm\u00e9e exp\u00e9ditionnaire apr\u00e8s pr\u00e8s de deux ann\u00e9es de r\u00e9sistance subtile sous forme d&rsquo;abord de duplicit\u00e9 et guerilla, et ensuited&rsquo;affrontements ouverts ensuite. Partis les Fran\u00e7ais, Haiti proclama son Ind\u00e9pendance et au bas de l&rsquo;<a  clas=\"red\" href=\"\/pages\/plan\/histoire-et-societe\/documents-historiques\/acte-independance\/\">Acte de l&rsquo;ind\u00e9pendance<\/a> figurent la signature d&rsquo;Henri Christophe au grade de G\u00e9n\u00e9ral de division. Il est alors nomm\u00e9 commandant du Cap, devenu Cap-Haitien, avec un regard de supervision sur tous les d\u00e9partements septentrionaux.<\/p>\n<p>Apr\u00e8s l&rsquo;assassinat de Jean-Jacques Dessalines le 17 octobre 1806, Christophe est nomm\u00e9 pr\u00e9sident d&rsquo;Haiti, une nomination qu&rsquo;il assimila \u00e0 un pi\u00e8ge puisque la <a href=\"\/pages\/plan\/histoire-et-societe\/documents-historiques\/constitutions\/constitution-republicaine-1806\/\">Constitution R\u00e9publicaine du 27 d\u00e9cembre 1806<\/a> sous l&rsquo;\u00e9gide de laquelle il est nomm\u00e9, \u00e9labor\u00e9e par les leaders de l&rsquo;Ouest, fit du pr\u00e9sident un simple figurant, le S\u00e9nat, alors domin\u00e9 par des hommes \u00e0 la solde d&rsquo;<a clas=\"red\" href=\"\/pages\/plan\/histoire-et-societe\/notables\/alexandre-petion\/\">Alexandre P\u00e9tion<\/a>, gardant tous les pouvoirs.<\/p>\n<p>Il refusa les termes de sa nomination et marcha vers l&rsquo;Ouest. Il dut cependant s&rsquo;arr\u00eater aux portes de Port-au-Prince et, apr\u00e8s un si\u00e8ge qui dura pr\u00e8s d&rsquo;une semaine, rebroussa chemin. S&#8217;emparant des d\u00e9partements du Nord et de l&rsquo;Artibonite, il cr\u00e9a l&rsquo;\u00c9tat d&rsquo;Haiti et publia le 7 f\u00e9vrier 1807 sa <a clas=\"red\" href=\"\/pages\/plan\/histoire-et-societe\/documents-historiques\/constitutions\/constitution-1807-etat-du-nord\/\">Constitution<\/a>. Quatre ans plus tard, suite \u00e0 la r\u00e9\u00e9lection de son adversaire de l&rsquo;Ouest, <a clas=\"red\" href=\"\/pages\/plan\/histoire-et-societe\/notables\/alexandre-petion\/\">Alexandre P\u00e9tion<\/a>, il changea son mode de gouvernement en transformant l&rsquo;\u00c9tat d&rsquo;Haiti en un royaume, le <a clas=\"red\" href=\"\/pages\/histoire-et-societe\/documents-historiques\/constitutions\/constitution-1811-royaume-du-nord\/\">Royaume d&rsquo;Haiti<\/a>. Couronn\u00e9 sous le nom d&rsquo;Henri 1er, il cr\u00e9a une noblesse et distribua les titres \u00e0 ses proches collaborateurs.<\/p>\n<p><a clas=\"red\" href=\"\/pages\/plan\/generalites\/photo-archives\/?occur=1&amp;cover=0&amp;album=6\"><img decoding=\"async\" class=\"alignright\" title=\"Citadelle La Ferri\u00e8re\" src=\"\/geographie\/tourisme\/citadelle08.jpg\" alt=\"Citadelle La Ferri\u00e8re\" width=\"320\" border=\"0\" \/><\/a>S&rsquo;attelant, il essaya de cr\u00e9er un royaume tr\u00e8s prosp\u00e8re malgr\u00e9 les disparit\u00e9s sociales. Il accorda une attention privil\u00e9gi\u00e9e \u00e0 l&rsquo;agriculture et potentialisa le commerce en ouvrant les ports aux autres pays \u00e9trangers surtout l&rsquo;Angleterre et les \u00c9tats-Unis, sans n\u00e9gliger la s\u00e9curit\u00e9 et l&rsquo;\u00e9ducation. Des forts dont la citadelle et de magnifiques palais dont Sans Souci, son palais r\u00e9sidentiel, furent construits et des \u00e9coles s&rsquo;ouvrirent un peu partout, quoique son syst\u00e8me scolaire fut principalement au service des enfants de sa noblesse. Il fit appel \u00e0 des \u00e9trangers capables \u00e0 qui il confia surtout la tache d&rsquo;\u00e9duquer les jeunes du royaume. Il promulgua \u00e9galement un ensemble de lois connues sous l&rsquo;appellation de <i><a clas=\"red\" href=\"\/pages\/2007\/06\/le-code-henry\/\">Code Henri<\/a><\/i>. Bien que sans instruction formelle, Christophe fit, dans son royaume, la promotion des arts.<\/p>\n<p>Cette prosp\u00e9rit\u00e9 avait pourtant un prix: une discipline r\u00e9pressive, le travail acharn\u00e9 et le manque de mobilit\u00e9 surtout pour l&rsquo;agriculteur oblig\u00e9 de se rattacher \u00e0 une plantation qu&rsquo;il ne pouvait quitter sans une autorisation d\u00fbment sign\u00e9e d&rsquo;un officier militaire. Il \u00e9tait toutefois autoris\u00e9 \u00e0 conserver un quart de sa culture et \u00e0 faire grandir des denr\u00e9es de base pour sa consommation personnelle sur des parcelles priv\u00e9es. En r\u00e8gle g\u00e9n\u00e9rale, les masses accept\u00e8rent ces dispositions f\u00e9odales h\u00e9rit\u00e9es de ses pr\u00e9d\u00e9cesseurs, Toussaint Louverture et Jean-Jacques Dessalines. Responsables de l&rsquo;application des dispositions du Roi furent les Dahomets, un corps d&rsquo;\u00e9lite \u00e9galement form\u00e9s \u00e0 l&rsquo;administration.<\/p>\n<p>Au fil des ann\u00e9es son c\u00f4t\u00e9 \u00e9gocentrique devint insupportable et cr\u00e9a bien des m\u00e9contents surtout parmi les sujets qui r\u00eavaient de la vie facile dans l&rsquo;Ouest et dans le Sud du pays. Les complots se multipli\u00e8rent apr\u00e8s qu&rsquo;il e\u00fbt tomb\u00e9 victime d&rsquo;une crise d&rsquo;apoplexie alors qu&rsquo;il assistait \u00e0 une messe solennelle le 15 aout 1820 en l&rsquo;\u00e9glise de Limonade. En effet, le 2 Octobre 1820, dans la garnison militaire de Saint-Marc d\u00e9buta une mutinerie qui se transforma en r\u00e9volte \u00e0 laquelle participa des g\u00e9n\u00e9raux consid\u00e9r\u00e9s jusque-l\u00e0 loyaux. Alors que les insurg\u00e9s s&rsquo;approch\u00e8rent de son palais et se sentant abandonn\u00e9, il ordonna \u00e0 ses serviteurs de le v\u00eatir de ses uniformes militaires et de le laisser seul en ce 8 octobre 1820. Il se suicida en se tirant une balle dans la t\u00eate.<\/p>\n<p><a clas=\"red\" href=\"\/pages\/plan\/histoire-et-societe\/notables\/chefs-detat\/jean-pierre-boyer\/\">Jean-Pierre Boyer<\/a>, le successeur de P\u00e9tion, qui guettait alors une opportunit\u00e9 pour d\u00e9truire le royaume de son rival, se rendit imm\u00e9diatement dans le Nord \u00e0 la t\u00eate d&rsquo;une forte arm\u00e9e et se livra \u00e0 une vraie chasse. massacrant presque tous les nobles et les enfants du Roi et scella avec leur sang l&rsquo;histoire de ce royaume qui avait atteint un niveau de prosp\u00e9rit\u00e9 qui faisait l&rsquo;envie des compatriotes de l&rsquo;Ouest. Les premiers historiens Ha\u00eftiens, pour la plupart des mul\u00e2tres issus de l&rsquo;Ouest, achev\u00e8rent l&rsquo;oeuvre de destruction et de d\u00e9nigrement.<\/p>\n<\/div>\n<p><a name=\"Publications\"><\/a><\/p>\n<p class=\"recommended\">\ud83d\udcda Publications sur Henri Christophe:<\/p>\n<ol>\n<li class=\"bullet\"><i>Henry Christophe et Thomas Clarkson; a correspondence, edited by Earl Leslie Griggs and Clifford H. Prator<\/i>. New York, Greenwood Press, 1968 [c1952].<\/li>\n<li class=\"bullet\">C\u00e9saire, Aim\u00e9\u0081. <i>La trag\u00e9die du roi Christophe; th\u00e9\u00e2tre.<\/i> Paris : Pr\u00e9sence africaine; 1963.<\/li>\n<li class=\"bullet\">Cole, Hubert. <i>Christophe, King of Haiti.<\/i> New York : Viking Press, [1967].<\/li>\n<li class=\"bullet\">Easton, William Edgar.<i> Christophe; a tragedy in prose of imperial Haiti<\/i> \/ Illustrated by John McCullough. Los Angeles, Calif., Press Grafton Publishing Company, 1911.<\/li>\n<li class=\"bullet\">Eydoux, H.P. \u00ab Les constructions du roi Christophe \u00bb <i>Bulletin monumental<\/i> v. 138; no 1 1980.<\/li>\n<li class=\"bullet\">Harrison, Michael. <i>They would be king.<\/i> London : Somers, 1947.<\/li>\n<li class=\"bullet\">Harley, W.W. <i>Sketches of Haiti from the expulsion of the French to the death of Christophe.<\/i> London: L. B. Seeley and son, 1827, pp. 118-119).<\/li>\n<li class=\"bullet\">Jacobsen, Josephine. \u00ab Homage to Henri Christophe \u00bb <i>Poetry<\/i>, Vol. 103, No. 6 (Mar., 1964), pp. 376-380.<\/li>\n<li class=\"bullet\">Leconte, Vergniaud. <i>Henri Christophe dans l&rsquo;histoire d&rsquo;Haiti.<\/i>Paris : Berger-Levrault, 1931.<\/li>\n<li class=\"bullet\">Limonade, Julien Pr\u00e9vost, comte de. <i>Relation des glorieux \u00e9v\u00e9nemens (sic) qui ont port\u00e9 Leurs Majest\u00e9s Royales sur le tr\u00f4ne d&rsquo;Hayti; suivi de l&rsquo;histoire du couronnement et du sacre du roi Henry 1er, et de la reine Marie-Louise<\/i>. Cap-Henry : P. Roux, imprimeur du roi, 1811.<\/li>\n<li class=\"bullet\">Loskoutoff, Yvan. \u00ab L&rsquo;h\u00e9raldique sous les tropiques : l&rsquo;armorial du roi Henry-Christophe 1er d&rsquo;Haiti \u00bb<i> Revue fran\u00e7aise d&rsquo;h\u00e9raldique et de sigillographie,<\/i> vol. 65, 1995, pp.5-20.<\/li>\n<li class=\"bullet\">Mangon\u00e8s, Albert.<i> La Citadelle, le Palais de Sans Souci, le Site des Ramiers monuments \u00e0 l&rsquo;ind\u00e9pendance d&rsquo;une nation et \u00e0 la libert\u00e9 de son peuple = The Citadelle, the Palace of Sans Asuci, the Site of Ramiers : monuments to a nation&rsquo;s independence and to it&rsquo;s people&rsquo;s freedom. <\/i>Port-au-Prince : Institut de sauvegarde du patrimoine, 1980.<\/li>\n<li class=\"bullet\">Moran, Charles. <i>Black triumvirate; a study of Louverture, Dessalines, Christophe&#8211;the men who made Haiti<\/i>. 1st ed. New York : Exposition Press, [1957].<\/li>\n<li class=\"bullet\">Newcomb, Covelle. <i>Black majesty : a history of Henri Christophe<\/i>. New York : Longmans, Green and Co, 1940.<\/li>\n<li class=\"bullet\">Pichette Robert. \u00ab L&rsquo;H\u00e9raldique haitienne sous le r\u00e8gne du Roi Henry 1er. \u00bb <i>Genealogica and heraldica : proceedings of the 22nd International Congress of Genealogical and Heraldic Sciences in Ottawa,<\/i> August 18-23, 1996. Ottawa : Presses de l&rsquo;Universit\u00e9 d&rsquo;Ottawa, 1998.<\/li>\n<li class=\"bullet\">Smith McCrea, Rosalie. \u00ab Portrait mythology? Representing the &lsquo;Black Jacobin&rsquo;: Henri Christophe in the British Grand Manner. \u00bb<i>The British Art Journal<\/i>. Vol. 6, No. 2 (Autumn 2005); pp. 66-70.<\/li>\n<li class=\"bullet\">Trouillot, H\u00e9nock. <i>Le gouvernement du roi Henri Christophe<\/i>. Port-au-Prince : Imprimerie centrale, 1972.<\/li>\n<li class=\"bullet\">Vandercook, John W. <i>Black majesty, the life of Christophe, king of Haiti<\/i>. New York : Harper &amp; brothers, [1928].<\/li>\n<\/ol>\n<p class=\"recommended\">\u270d\u00a0Notes:<\/p>\n<ol>\n<li><a name=\"No_1\"><\/a>Saint Christophe, comme lieu de naissance de Henri Christophe, ne fait l&rsquo;unanimit\u00e9 parmi les historiens. Grenade a \u00e9t\u00e9 retenu par certains d&rsquo;entre eux.<\/li>\n<li><a name=\"No_2\"><\/a>Son nom figurait parmi les bless\u00e9s du corps: \u00ab\u00a0Henry Christophe, de la Grenade, domicili\u00e9 au Cap, \u00e2g\u00e9 de 22 ans\u00a0\u00bb.<\/li>\n<li><a name=\"No_3\"><\/a>Stein, Robert Louis. <i>L\u00e9ger F\u00e9licit\u00e9 Sonthonax : the lost sentinel of the republic. Rutherford : Fairleigh Dickinson University Press; 1985, pp. 153-155.<\/i><\/li>\n<\/ol>\n<p><!--fin du texte--><\/p>\n","protected":false},"excerpt":{"rendered":"<p>Henri Christophe (1767-1820) un patriote et roi d&rsquo;Haiti, est surtout connu pour avoir \u00e9rig\u00e9 la Citadelle, cette impressionnante forteresse perch\u00e9e sur les cimes du Bonnet \u00e0 l&rsquo;\u00c9v\u00eaque. Mais les historiens [&hellip;]<\/p>\n","protected":false},"author":1,"featured_media":0,"parent":22058,"menu_order":3,"comment_status":"closed","ping_status":"closed","template":"page-histoire.php","meta":{"footnotes":""},"categories":[],"class_list":["post-4631","page","type-page","status-publish","hentry"],"yoast_head":"<!-- This site is optimized with the Yoast SEO plugin v27.4 - https:\/\/yoast.com\/product\/yoast-seo-wordpress\/ -->\n<title>6410.030.- Profil d&#039;Henri Christophe &#187;<\/title>\n<meta name=\"robots\" content=\"index, follow, max-snippet:-1, max-image-preview:large, max-video-preview:-1\" \/>\n<link rel=\"canonical\" href=\"https:\/\/www.haiti-reference.info\/pages\/plan\/histoire-et-societe\/notables\/heros-independance\/henri-christophe\/\" \/>\n<meta property=\"og:locale\" content=\"fr_CA\" \/>\n<meta property=\"og:type\" content=\"article\" \/>\n<meta property=\"og:title\" content=\"6410.030.- Profil d&#039;Henri Christophe &#187;\" \/>\n<meta property=\"og:description\" content=\"Henri Christophe (1767-1820) un patriote et roi d&rsquo;Haiti, est surtout connu pour avoir \u00e9rig\u00e9 la Citadelle, cette impressionnante forteresse perch\u00e9e sur les cimes du Bonnet \u00e0 l&rsquo;\u00c9v\u00eaque. Mais les historiens [&hellip;]\" \/>\n<meta property=\"og:url\" content=\"https:\/\/www.haiti-reference.info\/pages\/plan\/histoire-et-societe\/notables\/heros-independance\/henri-christophe\/\" \/>\n<meta property=\"article:modified_time\" content=\"2023-10-06T23:53:55+00:00\" \/>\n<meta name=\"twitter:card\" content=\"summary_large_image\" \/>\n<meta name=\"twitter:label1\" content=\"Estimation du temps de lecture\" \/>\n\t<meta name=\"twitter:data1\" content=\"8 minutes\" \/>\n<script type=\"application\/ld+json\" class=\"yoast-schema-graph\">{\"@context\":\"https:\\\/\\\/schema.org\",\"@graph\":[{\"@type\":\"WebPage\",\"@id\":\"https:\\\/\\\/www.haiti-reference.info\\\/pages\\\/plan\\\/histoire-et-societe\\\/notables\\\/heros-independance\\\/henri-christophe\\\/\",\"url\":\"https:\\\/\\\/www.haiti-reference.info\\\/pages\\\/plan\\\/histoire-et-societe\\\/notables\\\/heros-independance\\\/henri-christophe\\\/\",\"name\":\"6410.030.- Profil d'Henri Christophe &#187;\",\"isPartOf\":{\"@id\":\"https:\\\/\\\/www.haiti-reference.info\\\/pages\\\/#website\"},\"datePublished\":\"2015-08-15T16:18:05+00:00\",\"dateModified\":\"2023-10-06T23:53:55+00:00\",\"breadcrumb\":{\"@id\":\"https:\\\/\\\/www.haiti-reference.info\\\/pages\\\/plan\\\/histoire-et-societe\\\/notables\\\/heros-independance\\\/henri-christophe\\\/#breadcrumb\"},\"inLanguage\":\"fr-CA\",\"potentialAction\":[{\"@type\":\"ReadAction\",\"target\":[\"https:\\\/\\\/www.haiti-reference.info\\\/pages\\\/plan\\\/histoire-et-societe\\\/notables\\\/heros-independance\\\/henri-christophe\\\/\"]}]},{\"@type\":\"BreadcrumbList\",\"@id\":\"https:\\\/\\\/www.haiti-reference.info\\\/pages\\\/plan\\\/histoire-et-societe\\\/notables\\\/heros-independance\\\/henri-christophe\\\/#breadcrumb\",\"itemListElement\":[{\"@type\":\"ListItem\",\"position\":1,\"name\":\"Accueil\",\"item\":\"https:\\\/\\\/www.haiti-reference.info\\\/pages\\\/\"},{\"@type\":\"ListItem\",\"position\":2,\"name\":\"Structure du site\",\"item\":\"https:\\\/\\\/www.haiti-reference.info\\\/pages\\\/plan\\\/\"},{\"@type\":\"ListItem\",\"position\":3,\"name\":\"6000.- Histoire et soci\u00e9t\u00e9\",\"item\":\"https:\\\/\\\/www.haiti-reference.info\\\/pages\\\/plan\\\/histoire-et-societe\\\/\"},{\"@type\":\"ListItem\",\"position\":4,\"name\":\"6400.- Notables et personnalit\u00e9s d&rsquo;Haiti\",\"item\":\"https:\\\/\\\/www.haiti-reference.info\\\/pages\\\/plan\\\/histoire-et-societe\\\/notables\\\/\"},{\"@type\":\"ListItem\",\"position\":5,\"name\":\"6410.- Haiti: H\u00e9ros de l&rsquo;Ind\u00e9pendance\",\"item\":\"https:\\\/\\\/www.haiti-reference.info\\\/pages\\\/plan\\\/histoire-et-societe\\\/notables\\\/heros-independance\\\/\"},{\"@type\":\"ListItem\",\"position\":6,\"name\":\"6410.030.- Profil d&rsquo;Henri Christophe\"}]},{\"@type\":\"WebSite\",\"@id\":\"https:\\\/\\\/www.haiti-reference.info\\\/pages\\\/#website\",\"url\":\"https:\\\/\\\/www.haiti-reference.info\\\/pages\\\/\",\"name\":\"Haiti-R\u00e9f\u00e9rence\",\"description\":\"Un guide de r\u00e9f\u00e9rence\",\"publisher\":{\"@id\":\"https:\\\/\\\/www.haiti-reference.info\\\/pages\\\/#organization\"},\"potentialAction\":[{\"@type\":\"SearchAction\",\"target\":{\"@type\":\"EntryPoint\",\"urlTemplate\":\"https:\\\/\\\/www.haiti-reference.info\\\/pages\\\/?s={search_term_string}\"},\"query-input\":{\"@type\":\"PropertyValueSpecification\",\"valueRequired\":true,\"valueName\":\"search_term_string\"}}],\"inLanguage\":\"fr-CA\"},{\"@type\":\"Organization\",\"@id\":\"https:\\\/\\\/www.haiti-reference.info\\\/pages\\\/#organization\",\"name\":\"Haiti-R\u00e9f\u00e9rence\",\"url\":\"https:\\\/\\\/www.haiti-reference.info\\\/pages\\\/\",\"logo\":{\"@type\":\"ImageObject\",\"inLanguage\":\"fr-CA\",\"@id\":\"https:\\\/\\\/www.haiti-reference.info\\\/pages\\\/#\\\/schema\\\/logo\\\/image\\\/\",\"url\":\"https:\\\/\\\/www.haiti-reference.info\\\/pages\\\/wp-content\\\/uploads\\\/2016\\\/04\\\/cropped-cropped-logo_201604-8-1.png\",\"contentUrl\":\"https:\\\/\\\/www.haiti-reference.info\\\/pages\\\/wp-content\\\/uploads\\\/2016\\\/04\\\/cropped-cropped-logo_201604-8-1.png\",\"width\":338,\"height\":87,\"caption\":\"Haiti-R\u00e9f\u00e9rence\"},\"image\":{\"@id\":\"https:\\\/\\\/www.haiti-reference.info\\\/pages\\\/#\\\/schema\\\/logo\\\/image\\\/\"},\"sameAs\":[\"https:\\\/\\\/bsky.app\\\/profile\\\/haiti-reference.bsky.social\"]}]}<\/script>\n<!-- \/ Yoast SEO plugin. -->","yoast_head_json":{"title":"6410.030.- Profil d'Henri Christophe &#187;","robots":{"index":"index","follow":"follow","max-snippet":"max-snippet:-1","max-image-preview":"max-image-preview:large","max-video-preview":"max-video-preview:-1"},"canonical":"https:\/\/www.haiti-reference.info\/pages\/plan\/histoire-et-societe\/notables\/heros-independance\/henri-christophe\/","og_locale":"fr_CA","og_type":"article","og_title":"6410.030.- Profil d'Henri Christophe &#187;","og_description":"Henri Christophe (1767-1820) un patriote et roi d&rsquo;Haiti, est surtout connu pour avoir \u00e9rig\u00e9 la Citadelle, cette impressionnante forteresse perch\u00e9e sur les cimes du Bonnet \u00e0 l&rsquo;\u00c9v\u00eaque. Mais les historiens [&hellip;]","og_url":"https:\/\/www.haiti-reference.info\/pages\/plan\/histoire-et-societe\/notables\/heros-independance\/henri-christophe\/","article_modified_time":"2023-10-06T23:53:55+00:00","twitter_card":"summary_large_image","twitter_misc":{"Estimation du temps de lecture":"8 minutes"},"schema":{"@context":"https:\/\/schema.org","@graph":[{"@type":"WebPage","@id":"https:\/\/www.haiti-reference.info\/pages\/plan\/histoire-et-societe\/notables\/heros-independance\/henri-christophe\/","url":"https:\/\/www.haiti-reference.info\/pages\/plan\/histoire-et-societe\/notables\/heros-independance\/henri-christophe\/","name":"6410.030.- Profil d'Henri Christophe &#187;","isPartOf":{"@id":"https:\/\/www.haiti-reference.info\/pages\/#website"},"datePublished":"2015-08-15T16:18:05+00:00","dateModified":"2023-10-06T23:53:55+00:00","breadcrumb":{"@id":"https:\/\/www.haiti-reference.info\/pages\/plan\/histoire-et-societe\/notables\/heros-independance\/henri-christophe\/#breadcrumb"},"inLanguage":"fr-CA","potentialAction":[{"@type":"ReadAction","target":["https:\/\/www.haiti-reference.info\/pages\/plan\/histoire-et-societe\/notables\/heros-independance\/henri-christophe\/"]}]},{"@type":"BreadcrumbList","@id":"https:\/\/www.haiti-reference.info\/pages\/plan\/histoire-et-societe\/notables\/heros-independance\/henri-christophe\/#breadcrumb","itemListElement":[{"@type":"ListItem","position":1,"name":"Accueil","item":"https:\/\/www.haiti-reference.info\/pages\/"},{"@type":"ListItem","position":2,"name":"Structure du site","item":"https:\/\/www.haiti-reference.info\/pages\/plan\/"},{"@type":"ListItem","position":3,"name":"6000.- Histoire et soci\u00e9t\u00e9","item":"https:\/\/www.haiti-reference.info\/pages\/plan\/histoire-et-societe\/"},{"@type":"ListItem","position":4,"name":"6400.- Notables et personnalit\u00e9s d&rsquo;Haiti","item":"https:\/\/www.haiti-reference.info\/pages\/plan\/histoire-et-societe\/notables\/"},{"@type":"ListItem","position":5,"name":"6410.- Haiti: H\u00e9ros de l&rsquo;Ind\u00e9pendance","item":"https:\/\/www.haiti-reference.info\/pages\/plan\/histoire-et-societe\/notables\/heros-independance\/"},{"@type":"ListItem","position":6,"name":"6410.030.- Profil d&rsquo;Henri Christophe"}]},{"@type":"WebSite","@id":"https:\/\/www.haiti-reference.info\/pages\/#website","url":"https:\/\/www.haiti-reference.info\/pages\/","name":"Haiti-R\u00e9f\u00e9rence","description":"Un guide de r\u00e9f\u00e9rence","publisher":{"@id":"https:\/\/www.haiti-reference.info\/pages\/#organization"},"potentialAction":[{"@type":"SearchAction","target":{"@type":"EntryPoint","urlTemplate":"https:\/\/www.haiti-reference.info\/pages\/?s={search_term_string}"},"query-input":{"@type":"PropertyValueSpecification","valueRequired":true,"valueName":"search_term_string"}}],"inLanguage":"fr-CA"},{"@type":"Organization","@id":"https:\/\/www.haiti-reference.info\/pages\/#organization","name":"Haiti-R\u00e9f\u00e9rence","url":"https:\/\/www.haiti-reference.info\/pages\/","logo":{"@type":"ImageObject","inLanguage":"fr-CA","@id":"https:\/\/www.haiti-reference.info\/pages\/#\/schema\/logo\/image\/","url":"https:\/\/www.haiti-reference.info\/pages\/wp-content\/uploads\/2016\/04\/cropped-cropped-logo_201604-8-1.png","contentUrl":"https:\/\/www.haiti-reference.info\/pages\/wp-content\/uploads\/2016\/04\/cropped-cropped-logo_201604-8-1.png","width":338,"height":87,"caption":"Haiti-R\u00e9f\u00e9rence"},"image":{"@id":"https:\/\/www.haiti-reference.info\/pages\/#\/schema\/logo\/image\/"},"sameAs":["https:\/\/bsky.app\/profile\/haiti-reference.bsky.social"]}]}},"_links":{"self":[{"href":"https:\/\/www.haiti-reference.info\/pages\/wp-json\/wp\/v2\/pages\/4631","targetHints":{"allow":["GET"]}}],"collection":[{"href":"https:\/\/www.haiti-reference.info\/pages\/wp-json\/wp\/v2\/pages"}],"about":[{"href":"https:\/\/www.haiti-reference.info\/pages\/wp-json\/wp\/v2\/types\/page"}],"author":[{"embeddable":true,"href":"https:\/\/www.haiti-reference.info\/pages\/wp-json\/wp\/v2\/users\/1"}],"replies":[{"embeddable":true,"href":"https:\/\/www.haiti-reference.info\/pages\/wp-json\/wp\/v2\/comments?post=4631"}],"version-history":[{"count":0,"href":"https:\/\/www.haiti-reference.info\/pages\/wp-json\/wp\/v2\/pages\/4631\/revisions"}],"up":[{"embeddable":true,"href":"https:\/\/www.haiti-reference.info\/pages\/wp-json\/wp\/v2\/pages\/22058"}],"wp:attachment":[{"href":"https:\/\/www.haiti-reference.info\/pages\/wp-json\/wp\/v2\/media?parent=4631"}],"wp:term":[{"taxonomy":"category","embeddable":true,"href":"https:\/\/www.haiti-reference.info\/pages\/wp-json\/wp\/v2\/categories?post=4631"}],"curies":[{"name":"wp","href":"https:\/\/api.w.org\/{rel}","templated":true}]}}