{"id":4209,"date":"2002-05-24T15:17:00","date_gmt":"2002-05-24T20:17:00","guid":{"rendered":"http:\/\/haiti-reference.com\/pages\/?page_id=4209"},"modified":"2026-04-14T10:08:53","modified_gmt":"2026-04-14T14:08:53","slug":"aeroports-et-aviations","status":"publish","type":"page","link":"https:\/\/www.haiti-reference.info\/pages\/plan\/geographie-et-tourisme\/transportation\/aeroports-et-aviations\/","title":{"rendered":"7520.- A\u00e9roports et aviations"},"content":{"rendered":"<div class=\"very-small-device\"><img loading=\"lazy\" decoding=\"async\" class=\"aligncenter size-full wp-image-4232\" src=\"\/pages\/wp-content\/uploads\/2015\/08\/mais_gate.jpg\" alt=\"mais_gate\" width=\"675\" height=\"207\" srcset=\"https:\/\/www.haiti-reference.info\/pages\/wp-content\/uploads\/2015\/08\/mais_gate.jpg 675w, https:\/\/www.haiti-reference.info\/pages\/wp-content\/uploads\/2015\/08\/mais_gate-300x92.jpg 300w, https:\/\/www.haiti-reference.info\/pages\/wp-content\/uploads\/2015\/08\/mais_gate-150x46.jpg 150w, https:\/\/www.haiti-reference.info\/pages\/wp-content\/uploads\/2015\/08\/mais_gate-600x184.jpg 600w, https:\/\/www.haiti-reference.info\/pages\/wp-content\/uploads\/2015\/08\/mais_gate-500x153.jpg 500w\" sizes=\"auto, (max-width: 675px) 100vw, 675px\" \/><\/div>\n<h4 class=\"title_paragraf\">Cap-Haitien<\/h4>\n<hr \/>\n<table id=\"table_separate\">\n<tbody>\n<tr>\n<td width=\"25%\"><b>Nom:<\/b><\/td>\n<td>Hugo Ch\u00e1vez<\/td>\n<\/tr>\n<tr>\n<td><b>Code IATA:<\/b><\/td>\n<td>CAP<\/td>\n<\/tr>\n<tr>\n<td><b>Code ICAO:<\/b><\/td>\n<td>MTCH<\/td>\n<\/tr>\n<tr>\n<td><b>Latitude:<\/b><\/td>\n<td>19.7297 Nord<\/td>\n<\/tr>\n<tr>\n<td><b>Longitude:<\/b><\/td>\n<td>72.1974 Ouest<\/td>\n<\/tr>\n<tr>\n<td><b>Piste:<\/b><\/td>\n<td>1470 m\u00e8tres de long, en b\u00e9ton<\/td>\n<\/tr>\n<tr valign=\"TOP\">\n<td width=\"25%\"><b>Vols:<\/b><\/td>\n<td><i>.- American Airlines: <\/i>Vols de et \u00e0 destination de Miami FL (MIA) \u00e0 partir du 2 octobre 2014.<br \/>\n.- <i>Caicos Express: <\/i>Vols \u00e0 destination de Providenciales (PLS)<br \/>\n.- <i>IBC Air:<\/i> Vols \u00e0 destination de Fort Lauderdale (FLL)<br \/>\n.- <em>Inter-Caribbean Airways:<\/em> Vols \u00e0 destination de Providenciales (PLS)<br \/>\n.- <em>Sunrise airways:<\/em> Vols \u00e0 destination des Cayes (CYA), de Miami (MIA), de Boston (BOS), de <i>Newark (EWR)<\/i>\u00a0et de Providenciales (PLS)<\/td>\n<\/tr>\n<tr>\n<td><b>Note:<\/b><\/td>\n<td>A\u00e9roport pourvu d&rsquo;instruments d&rsquo;approche et en mesure d&rsquo;accueillir des avions durant des intemp\u00e9ries et la nuit.<br \/>\n\u2261<br \/>\nDevenant, le 2 Octobre 2014, un a\u00e9roport international capable de recevoir de grands transporteurs. Apr\u00e8s la fermeture de l&rsquo;A\u00e9roport Toussaint Louverture de Port-au-Prince, il devint le seul port d&rsquo;entr\u00e9e Haitien par voie a\u00e9rienne. Mais seul la compagnie a\u00e9rienne <a class=\"link\" href=\"\/pages\/plan\/geographie-et-tourisme\/transportation\/compagnies-aeriennes\/#sunrise\">Sunrise<\/a> l&rsquo;utilisa assurant une connection entre la Floride et le Cap, \u00e0 un prix exorbitant.<\/td>\n<\/tr>\n<\/tbody>\n<\/table>\n<h4 class=\"title_paragraf\">Les Cayes<\/h4>\n<hr \/>\n<table id=\"table_separate\">\n<tbody>\n<tr>\n<td width=\"25%\"><b>Code IATA:<\/b><\/td>\n<td>CYA<\/td>\n<\/tr>\n<tr>\n<td><b>Code ICAO:<\/b><\/td>\n<td>MTCA<\/td>\n<\/tr>\n<tr>\n<td><b>Latitude:<\/b><\/td>\n<td>18.2711 Nord<\/td>\n<\/tr>\n<tr>\n<td><b>Longitude:<\/b><\/td>\n<td>73.7883 Ouest<\/td>\n<\/tr>\n<tr>\n<td><b>Piste:<\/b><\/td>\n<td>1800 m\u00e8tres de long.<\/td>\n<\/tr>\n<tr>\n<td><b>Vols:<\/b><\/td>\n<td><i>.- Sunrise airways: V<\/i>ols de et \u00e0 destination du Cap-Haitien (CAP)<\/td>\n<\/tr>\n<tr>\n<td><b>Note:<\/b><\/td>\n<td>Devenu, le mercredi 5 mars 2025, un a\u00e9roport international Antoine Simon des Cayes, capable de\u00a0 recevoir des avions transportant jusqu\u2019\u00e0 80 passagers et des vols venant de l&rsquo;\u00e9tranger.<\/td>\n<\/tr>\n<\/tbody>\n<\/table>\n<h4 class=\"title_paragraf\">Jacmel<\/h4>\n<hr \/>\n<table id=\"table_separate\">\n<tbody>\n<tr>\n<td width=\"25%\"><b>Code IATA:<\/b><\/td>\n<td>JAK<\/td>\n<\/tr>\n<tr>\n<td><b>Code ICAO:<\/b><\/td>\n<td>MTJA<\/td>\n<\/tr>\n<tr>\n<td><b>Latitude:<\/b><\/td>\n<td>18.2411 Nord<\/td>\n<\/tr>\n<tr>\n<td><b>Longitude:<\/b><\/td>\n<td>72.5186 Ouest<\/td>\n<\/tr>\n<tr>\n<td><b>Piste:<\/b><\/td>\n<td>1170 m\u00e8tres de long, asphalt\u00e9e.<br \/>\nJusqu&rsquo;en janvier 2010, l&rsquo;aviation de <a class=\"link\" title=\"Profil de la ville de Jacmel\" href=\"\/pages\/plan\/geographie-et-tourisme\/divisions-territoriales\/chefs-lieux\/jacmel\/\">Jacmel<\/a> n&rsquo;\u00e9tait alors qu&rsquo;une infrastructure accueillant des petits vols commerciaux. Pour faire face \u00e0 l&rsquo;afflux de trafic a\u00e9rien humanitaire d\u00e9passant les capacit\u00e9s de l&rsquo;a\u00e9roport de la capitale ha\u00eftienne, le Canada y ajouta une nouvelle piste d&rsquo;atterrissage, rendant possible l&rsquo;atterissage d&rsquo;avions de transport C-130 Hercules.<br \/>\nAvant la visite du Pr\u00e9sident Colombien le 22 janvier 2025, le gouvernement r\u00e9para la piste un peu n\u00e9glig\u00e9e en y ajoutant une couche d&rsquo;asphalte.<\/td>\n<\/tr>\n<tr>\n<td width=\"25%\"><b>Vols:<\/b><\/td>\n<td><del><i>Tortug&rsquo;Air:<\/i> Vols quotidiens \u00e0 destination de Port-au-Prince<\/del><\/td>\n<\/tr>\n<\/tbody>\n<\/table>\n<h4 class=\"title_paragraf\">J\u00e9r\u00e9mie<\/h4>\n<hr \/>\n<table id=\"table_separate\">\n<tbody>\n<tr>\n<td width=\"25%\"><b>Code IATA:<\/b><\/td>\n<td>JEE<\/td>\n<\/tr>\n<tr>\n<td><b>Code ICAO:<\/b><\/td>\n<td>MTJE<\/td>\n<\/tr>\n<tr>\n<td><b>Latitude:<\/b><\/td>\n<td>18.6633 Nord<\/td>\n<\/tr>\n<tr>\n<td><b>Longitude:<\/b><\/td>\n<td>74.1706 Ouest<\/td>\n<\/tr>\n<tr>\n<td><b>Piste:<\/b><\/td>\n<td>1200 m\u00e8tres de long, 25 m\u00e8tres de large. R\u00e9habilit\u00e9 en 2020. en asphalte.<\/td>\n<\/tr>\n<tr>\n<td><b>Vols:<\/b><\/td>\n<td><i>.- Sunrise airways<\/i><\/td>\n<\/tr>\n<\/tbody>\n<\/table>\n<h4 id=\"pap\" class=\"title_paragraf\">Port-au-Prince<\/h4>\n<hr \/>\n<table id=\"table_separate\">\n<tbody>\n<tr>\n<td width=\"25%\"><b>Nom:<\/b><\/td>\n<td>Toussaint Louverture<\/td>\n<\/tr>\n<tr>\n<td><b>Code IATA:<\/b><\/td>\n<td>PAP<\/td>\n<\/tr>\n<tr>\n<td><b>Code ICAO:<\/b><\/td>\n<td>MTPP<\/td>\n<\/tr>\n<tr>\n<td><b>Latitude:<\/b><\/td>\n<td>18.5700 Nord<\/td>\n<\/tr>\n<tr>\n<td><b>Longitude:<\/b><\/td>\n<td>72.2925 Ouest<\/td>\n<\/tr>\n<tr>\n<td><b>Piste:<\/b><\/td>\n<td>2970 m\u00e8tres de long, en b\u00e9ton<\/td>\n<\/tr>\n<tr>\n<td><b>Vols:<\/b><\/td>\n<td>Voir : <a href=\"\/pages\/plan\/geographie-et-tourisme\/transportation\/compagnies-aeriennes\/\">Compagnie a\u00e9riennes desservant Haiti<\/a><\/td>\n<\/tr>\n<tr>\n<td><b>Note:<\/b><\/td>\n<td>Inaugur\u00e9 le 2 janvier 1965 sous la pr\u00e9sidence de <a class=\"link\" title=\"Profil de Fran\u00e7ois Duvalier\" href=\"\/pages\/plan\/histoire-et-societe\/notables\/chefs-detat\/francois-duvalier\/\">Fran\u00e7ois Duvalier<\/a> de qui il porta le nom. Apr\u00e8s le d\u00e9part de <a class=\"link\" title=\"Profil de Jean-Claude Duvalier\" href=\"\/pages\/plan\/histoire-et-societe\/notables\/chefs-detat\/jean-claude-duvalier\/\">Jean-Claude Duvalier<\/a>, il fut rebaptis\u00e9 \u00ab\u00a0A\u00e9roport de Ma\u00efs G\u00e2t\u00e9\u00a0\u00bb du nom de la zone avant de devenir en 2003, \u00ab\u00a0A\u00e9roport Toussaint Louverture\u00a0\u00bb, du nom du pr\u00e9curseur de notre Ind\u00e9pendance.<br \/>\n\u2261<br \/>\nA\u00e9roport pourvu d&rsquo;instruments d&rsquo;approche et en mesure d&rsquo;accueillir des avions durant des intemp\u00e9ries et la nuit.<br \/>\nTour de contr\u00f4le endommag\u00e9e par le tremblement de terre du 12 janvier 2011. R\u00e9par\u00e9 imm\u00e9diatement.<br \/>\n\u2261<br \/>\nFerm\u00e9 aux vols commerciaux du d\u00e9but de mars 2024 aux derniers jours du mois de mai. Une d\u00e9cision prise surtout par les compagnies a\u00e9riennes \u00e0 la suite d\u2019attaques coordonn\u00e9es de gangs qui voulaient emp\u00eacher le retour du premier ministre de l\u2019\u00e9poque, Ariel Henry, qui devait retourner au pays apr\u00e8s une tourn\u00e9e au Kenya.<br \/>\n\u2261<br \/>\nFerm\u00e9 \u00e0 nouveau, le 12 novembre 2024, apr\u00e8s que des groupes criminels lourdement arm\u00e9s l&rsquo;aient attaqu\u00e9 et vis\u00e9 un avion de la compagnie Spirit Airlines. les compagnies a\u00e9riennes refus\u00e8rent alors de desservir Port-au-Prince en raison de l\u2019ins\u00e9curit\u00e9 grandissante.<\/td>\n<\/tr>\n<\/tbody>\n<\/table>\n<h4 class=\"title_paragraf\">Port-de-Paix<\/h4>\n<hr \/>\n<table id=\"table_separate\">\n<tbody>\n<tr>\n<td width=\"25%\"><b>Code IATA:<\/b><\/td>\n<td>PAX<\/td>\n<\/tr>\n<tr>\n<td width=\"25%\"><b>Code ICAO:<\/b><\/td>\n<td>MTPX<\/td>\n<\/tr>\n<tr>\n<td width=\"25%\"><b>Latitude:<\/b><\/td>\n<td>19.9346 Nord<\/td>\n<\/tr>\n<tr>\n<td width=\"25%\"><b>Longitude:<\/b><\/td>\n<td>72.8473 Ouest<\/td>\n<\/tr>\n<tr>\n<td width=\"25%\"><b>Piste:<\/b><\/td>\n<td>600 m\u00e8tres de long, en terre battue.<\/td>\n<\/tr>\n<tr valign=\"TOP\">\n<td width=\"25%\"><b>Vols:<\/b><\/td>\n<td><del><i>Tortug&rsquo;Air:<\/i> Vols quotidiens \u00e0 destination de Port-au-Prince<\/del><\/td>\n<\/tr>\n<\/tbody>\n<\/table>\n<p><!--Bas de la page--><\/p>\n","protected":false},"excerpt":{"rendered":"<p>Ce repertoire contient des donn\u00e9es relatives aux a\u00e9roports et aviations approuv\u00e9s par les instances internationales. Elles sont arrang\u00e9es par ville. Chaque fichier contient, outre le code IATA de trois lettres et celui d&rsquo;ICAO de quatre lettres de l&rsquo;a\u00e9roport ou de l&rsquo;aviation, sa location usant les coordonn\u00e9es g\u00e9ographiques latitude et longitude et les compagnies a\u00e9riennes qui utilisent ces aires d&rsquo;atterrissage.<\/p>\n","protected":false},"author":1,"featured_media":3459,"parent":4195,"menu_order":2,"comment_status":"closed","ping_status":"closed","template":"page-next.php","meta":{"footnotes":""},"categories":[1647,1655,1646],"class_list":["post-4209","page","type-page","status-publish","has-post-thumbnail","hentry","category-aeroports","category-geographie","category-transportation"],"yoast_head":"<!-- This site is optimized with the Yoast SEO plugin v27.4 - https:\/\/yoast.com\/product\/yoast-seo-wordpress\/ -->\n<title>7520.- A\u00e9roports et aviations &#187;<\/title>\n<meta name=\"description\" content=\"Repertoire contenant des informations sur les a\u00e9roports, et les aires d&#039;atterrissage approuv\u00e9s par les instances internationales.\" \/>\n<meta name=\"robots\" content=\"index, follow, max-snippet:-1, max-image-preview:large, max-video-preview:-1\" \/>\n<link rel=\"canonical\" href=\"https:\/\/www.haiti-reference.info\/pages\/plan\/geographie-et-tourisme\/transportation\/aeroports-et-aviations\/\" \/>\n<meta property=\"og:locale\" content=\"fr_CA\" \/>\n<meta property=\"og:type\" content=\"article\" \/>\n<meta property=\"og:title\" content=\"7520.- A\u00e9roports et aviations &#187;\" \/>\n<meta property=\"og:description\" content=\"Repertoire contenant des informations sur les a\u00e9roports, et les aires d&#039;atterrissage approuv\u00e9s par les instances internationales.\" \/>\n<meta property=\"og:url\" content=\"https:\/\/www.haiti-reference.info\/pages\/plan\/geographie-et-tourisme\/transportation\/aeroports-et-aviations\/\" \/>\n<meta property=\"article:modified_time\" content=\"2026-04-14T14:08:53+00:00\" \/>\n<meta property=\"og:image\" content=\"https:\/\/www.haiti-reference.info\/pages\/wp-content\/uploads\/2015\/07\/cap_airport.jpg\" \/>\n\t<meta property=\"og:image:width\" content=\"576\" \/>\n\t<meta property=\"og:image:height\" content=\"284\" \/>\n\t<meta property=\"og:image:type\" content=\"image\/jpeg\" \/>\n<meta name=\"twitter:card\" content=\"summary_large_image\" \/>\n<meta name=\"twitter:label1\" content=\"Estimation du temps de lecture\" \/>\n\t<meta name=\"twitter:data1\" content=\"3 minutes\" \/>\n<script type=\"application\/ld+json\" class=\"yoast-schema-graph\">{\"@context\":\"https:\\\/\\\/schema.org\",\"@graph\":[{\"@type\":\"WebPage\",\"@id\":\"https:\\\/\\\/www.haiti-reference.info\\\/pages\\\/plan\\\/geographie-et-tourisme\\\/transportation\\\/aeroports-et-aviations\\\/\",\"url\":\"https:\\\/\\\/www.haiti-reference.info\\\/pages\\\/plan\\\/geographie-et-tourisme\\\/transportation\\\/aeroports-et-aviations\\\/\",\"name\":\"7520.- A\u00e9roports et aviations &#187;\",\"isPartOf\":{\"@id\":\"https:\\\/\\\/www.haiti-reference.info\\\/pages\\\/#website\"},\"primaryImageOfPage\":{\"@id\":\"https:\\\/\\\/www.haiti-reference.info\\\/pages\\\/plan\\\/geographie-et-tourisme\\\/transportation\\\/aeroports-et-aviations\\\/#primaryimage\"},\"image\":{\"@id\":\"https:\\\/\\\/www.haiti-reference.info\\\/pages\\\/plan\\\/geographie-et-tourisme\\\/transportation\\\/aeroports-et-aviations\\\/#primaryimage\"},\"thumbnailUrl\":\"https:\\\/\\\/www.haiti-reference.info\\\/pages\\\/wp-content\\\/uploads\\\/2015\\\/07\\\/cap_airport.jpg\",\"datePublished\":\"2002-05-24T20:17:00+00:00\",\"dateModified\":\"2026-04-14T14:08:53+00:00\",\"description\":\"Repertoire contenant des informations sur les a\u00e9roports, et les aires d'atterrissage approuv\u00e9s par les instances internationales.\",\"breadcrumb\":{\"@id\":\"https:\\\/\\\/www.haiti-reference.info\\\/pages\\\/plan\\\/geographie-et-tourisme\\\/transportation\\\/aeroports-et-aviations\\\/#breadcrumb\"},\"inLanguage\":\"fr-CA\",\"potentialAction\":[{\"@type\":\"ReadAction\",\"target\":[\"https:\\\/\\\/www.haiti-reference.info\\\/pages\\\/plan\\\/geographie-et-tourisme\\\/transportation\\\/aeroports-et-aviations\\\/\"]}]},{\"@type\":\"ImageObject\",\"inLanguage\":\"fr-CA\",\"@id\":\"https:\\\/\\\/www.haiti-reference.info\\\/pages\\\/plan\\\/geographie-et-tourisme\\\/transportation\\\/aeroports-et-aviations\\\/#primaryimage\",\"url\":\"https:\\\/\\\/www.haiti-reference.info\\\/pages\\\/wp-content\\\/uploads\\\/2015\\\/07\\\/cap_airport.jpg\",\"contentUrl\":\"https:\\\/\\\/www.haiti-reference.info\\\/pages\\\/wp-content\\\/uploads\\\/2015\\\/07\\\/cap_airport.jpg\",\"width\":576,\"height\":284},{\"@type\":\"BreadcrumbList\",\"@id\":\"https:\\\/\\\/www.haiti-reference.info\\\/pages\\\/plan\\\/geographie-et-tourisme\\\/transportation\\\/aeroports-et-aviations\\\/#breadcrumb\",\"itemListElement\":[{\"@type\":\"ListItem\",\"position\":1,\"name\":\"Accueil\",\"item\":\"https:\\\/\\\/www.haiti-reference.info\\\/pages\\\/\"},{\"@type\":\"ListItem\",\"position\":2,\"name\":\"Structure du site\",\"item\":\"https:\\\/\\\/www.haiti-reference.info\\\/pages\\\/plan\\\/\"},{\"@type\":\"ListItem\",\"position\":3,\"name\":\"7000.- G\u00e9ographie et tourisme\",\"item\":\"https:\\\/\\\/www.haiti-reference.info\\\/pages\\\/plan\\\/geographie-et-tourisme\\\/\"},{\"@type\":\"ListItem\",\"position\":4,\"name\":\"7500.- Transportation\",\"item\":\"https:\\\/\\\/www.haiti-reference.info\\\/pages\\\/plan\\\/geographie-et-tourisme\\\/transportation\\\/\"},{\"@type\":\"ListItem\",\"position\":5,\"name\":\"7520.- A\u00e9roports et aviations\"}]},{\"@type\":\"WebSite\",\"@id\":\"https:\\\/\\\/www.haiti-reference.info\\\/pages\\\/#website\",\"url\":\"https:\\\/\\\/www.haiti-reference.info\\\/pages\\\/\",\"name\":\"Haiti-R\u00e9f\u00e9rence\",\"description\":\"Un guide de r\u00e9f\u00e9rence\",\"publisher\":{\"@id\":\"https:\\\/\\\/www.haiti-reference.info\\\/pages\\\/#organization\"},\"potentialAction\":[{\"@type\":\"SearchAction\",\"target\":{\"@type\":\"EntryPoint\",\"urlTemplate\":\"https:\\\/\\\/www.haiti-reference.info\\\/pages\\\/?s={search_term_string}\"},\"query-input\":{\"@type\":\"PropertyValueSpecification\",\"valueRequired\":true,\"valueName\":\"search_term_string\"}}],\"inLanguage\":\"fr-CA\"},{\"@type\":\"Organization\",\"@id\":\"https:\\\/\\\/www.haiti-reference.info\\\/pages\\\/#organization\",\"name\":\"Haiti-R\u00e9f\u00e9rence\",\"url\":\"https:\\\/\\\/www.haiti-reference.info\\\/pages\\\/\",\"logo\":{\"@type\":\"ImageObject\",\"inLanguage\":\"fr-CA\",\"@id\":\"https:\\\/\\\/www.haiti-reference.info\\\/pages\\\/#\\\/schema\\\/logo\\\/image\\\/\",\"url\":\"https:\\\/\\\/www.haiti-reference.info\\\/pages\\\/wp-content\\\/uploads\\\/2016\\\/04\\\/cropped-cropped-logo_201604-8-1.png\",\"contentUrl\":\"https:\\\/\\\/www.haiti-reference.info\\\/pages\\\/wp-content\\\/uploads\\\/2016\\\/04\\\/cropped-cropped-logo_201604-8-1.png\",\"width\":338,\"height\":87,\"caption\":\"Haiti-R\u00e9f\u00e9rence\"},\"image\":{\"@id\":\"https:\\\/\\\/www.haiti-reference.info\\\/pages\\\/#\\\/schema\\\/logo\\\/image\\\/\"},\"sameAs\":[\"https:\\\/\\\/bsky.app\\\/profile\\\/haiti-reference.bsky.social\"]}]}<\/script>\n<!-- \/ Yoast SEO plugin. -->","yoast_head_json":{"title":"7520.- A\u00e9roports et aviations &#187;","description":"Repertoire contenant des informations sur les a\u00e9roports, et les aires d'atterrissage approuv\u00e9s par les instances internationales.","robots":{"index":"index","follow":"follow","max-snippet":"max-snippet:-1","max-image-preview":"max-image-preview:large","max-video-preview":"max-video-preview:-1"},"canonical":"https:\/\/www.haiti-reference.info\/pages\/plan\/geographie-et-tourisme\/transportation\/aeroports-et-aviations\/","og_locale":"fr_CA","og_type":"article","og_title":"7520.- A\u00e9roports et aviations &#187;","og_description":"Repertoire contenant des informations sur les a\u00e9roports, et les aires d'atterrissage approuv\u00e9s par les instances internationales.","og_url":"https:\/\/www.haiti-reference.info\/pages\/plan\/geographie-et-tourisme\/transportation\/aeroports-et-aviations\/","article_modified_time":"2026-04-14T14:08:53+00:00","og_image":[{"width":576,"height":284,"url":"https:\/\/www.haiti-reference.info\/pages\/wp-content\/uploads\/2015\/07\/cap_airport.jpg","type":"image\/jpeg"}],"twitter_card":"summary_large_image","twitter_misc":{"Estimation du temps de lecture":"3 minutes"},"schema":{"@context":"https:\/\/schema.org","@graph":[{"@type":"WebPage","@id":"https:\/\/www.haiti-reference.info\/pages\/plan\/geographie-et-tourisme\/transportation\/aeroports-et-aviations\/","url":"https:\/\/www.haiti-reference.info\/pages\/plan\/geographie-et-tourisme\/transportation\/aeroports-et-aviations\/","name":"7520.- A\u00e9roports et aviations &#187;","isPartOf":{"@id":"https:\/\/www.haiti-reference.info\/pages\/#website"},"primaryImageOfPage":{"@id":"https:\/\/www.haiti-reference.info\/pages\/plan\/geographie-et-tourisme\/transportation\/aeroports-et-aviations\/#primaryimage"},"image":{"@id":"https:\/\/www.haiti-reference.info\/pages\/plan\/geographie-et-tourisme\/transportation\/aeroports-et-aviations\/#primaryimage"},"thumbnailUrl":"https:\/\/www.haiti-reference.info\/pages\/wp-content\/uploads\/2015\/07\/cap_airport.jpg","datePublished":"2002-05-24T20:17:00+00:00","dateModified":"2026-04-14T14:08:53+00:00","description":"Repertoire contenant des informations sur les a\u00e9roports, et les aires d'atterrissage approuv\u00e9s par les instances internationales.","breadcrumb":{"@id":"https:\/\/www.haiti-reference.info\/pages\/plan\/geographie-et-tourisme\/transportation\/aeroports-et-aviations\/#breadcrumb"},"inLanguage":"fr-CA","potentialAction":[{"@type":"ReadAction","target":["https:\/\/www.haiti-reference.info\/pages\/plan\/geographie-et-tourisme\/transportation\/aeroports-et-aviations\/"]}]},{"@type":"ImageObject","inLanguage":"fr-CA","@id":"https:\/\/www.haiti-reference.info\/pages\/plan\/geographie-et-tourisme\/transportation\/aeroports-et-aviations\/#primaryimage","url":"https:\/\/www.haiti-reference.info\/pages\/wp-content\/uploads\/2015\/07\/cap_airport.jpg","contentUrl":"https:\/\/www.haiti-reference.info\/pages\/wp-content\/uploads\/2015\/07\/cap_airport.jpg","width":576,"height":284},{"@type":"BreadcrumbList","@id":"https:\/\/www.haiti-reference.info\/pages\/plan\/geographie-et-tourisme\/transportation\/aeroports-et-aviations\/#breadcrumb","itemListElement":[{"@type":"ListItem","position":1,"name":"Accueil","item":"https:\/\/www.haiti-reference.info\/pages\/"},{"@type":"ListItem","position":2,"name":"Structure du site","item":"https:\/\/www.haiti-reference.info\/pages\/plan\/"},{"@type":"ListItem","position":3,"name":"7000.- G\u00e9ographie et tourisme","item":"https:\/\/www.haiti-reference.info\/pages\/plan\/geographie-et-tourisme\/"},{"@type":"ListItem","position":4,"name":"7500.- Transportation","item":"https:\/\/www.haiti-reference.info\/pages\/plan\/geographie-et-tourisme\/transportation\/"},{"@type":"ListItem","position":5,"name":"7520.- A\u00e9roports et aviations"}]},{"@type":"WebSite","@id":"https:\/\/www.haiti-reference.info\/pages\/#website","url":"https:\/\/www.haiti-reference.info\/pages\/","name":"Haiti-R\u00e9f\u00e9rence","description":"Un guide de r\u00e9f\u00e9rence","publisher":{"@id":"https:\/\/www.haiti-reference.info\/pages\/#organization"},"potentialAction":[{"@type":"SearchAction","target":{"@type":"EntryPoint","urlTemplate":"https:\/\/www.haiti-reference.info\/pages\/?s={search_term_string}"},"query-input":{"@type":"PropertyValueSpecification","valueRequired":true,"valueName":"search_term_string"}}],"inLanguage":"fr-CA"},{"@type":"Organization","@id":"https:\/\/www.haiti-reference.info\/pages\/#organization","name":"Haiti-R\u00e9f\u00e9rence","url":"https:\/\/www.haiti-reference.info\/pages\/","logo":{"@type":"ImageObject","inLanguage":"fr-CA","@id":"https:\/\/www.haiti-reference.info\/pages\/#\/schema\/logo\/image\/","url":"https:\/\/www.haiti-reference.info\/pages\/wp-content\/uploads\/2016\/04\/cropped-cropped-logo_201604-8-1.png","contentUrl":"https:\/\/www.haiti-reference.info\/pages\/wp-content\/uploads\/2016\/04\/cropped-cropped-logo_201604-8-1.png","width":338,"height":87,"caption":"Haiti-R\u00e9f\u00e9rence"},"image":{"@id":"https:\/\/www.haiti-reference.info\/pages\/#\/schema\/logo\/image\/"},"sameAs":["https:\/\/bsky.app\/profile\/haiti-reference.bsky.social"]}]}},"_links":{"self":[{"href":"https:\/\/www.haiti-reference.info\/pages\/wp-json\/wp\/v2\/pages\/4209","targetHints":{"allow":["GET"]}}],"collection":[{"href":"https:\/\/www.haiti-reference.info\/pages\/wp-json\/wp\/v2\/pages"}],"about":[{"href":"https:\/\/www.haiti-reference.info\/pages\/wp-json\/wp\/v2\/types\/page"}],"author":[{"embeddable":true,"href":"https:\/\/www.haiti-reference.info\/pages\/wp-json\/wp\/v2\/users\/1"}],"replies":[{"embeddable":true,"href":"https:\/\/www.haiti-reference.info\/pages\/wp-json\/wp\/v2\/comments?post=4209"}],"version-history":[{"count":2,"href":"https:\/\/www.haiti-reference.info\/pages\/wp-json\/wp\/v2\/pages\/4209\/revisions"}],"predecessor-version":[{"id":53926,"href":"https:\/\/www.haiti-reference.info\/pages\/wp-json\/wp\/v2\/pages\/4209\/revisions\/53926"}],"up":[{"embeddable":true,"href":"https:\/\/www.haiti-reference.info\/pages\/wp-json\/wp\/v2\/pages\/4195"}],"wp:featuredmedia":[{"embeddable":true,"href":"https:\/\/www.haiti-reference.info\/pages\/wp-json\/wp\/v2\/media\/3459"}],"wp:attachment":[{"href":"https:\/\/www.haiti-reference.info\/pages\/wp-json\/wp\/v2\/media?parent=4209"}],"wp:term":[{"taxonomy":"category","embeddable":true,"href":"https:\/\/www.haiti-reference.info\/pages\/wp-json\/wp\/v2\/categories?post=4209"}],"curies":[{"name":"wp","href":"https:\/\/api.w.org\/{rel}","templated":true}]}}