{"id":25622,"date":"2000-03-09T21:33:23","date_gmt":"2000-03-10T02:33:23","guid":{"rendered":"https:\/\/www.haiti-reference.com\/pages\/?page_id=25622"},"modified":"2020-09-07T11:29:38","modified_gmt":"2020-09-07T15:29:38","slug":"centre","status":"publish","type":"page","link":"https:\/\/www.haiti-reference.info\/pages\/plan\/geographie-et-tourisme\/divisions-territoriales\/arrondissements-et-communes\/centre\/","title":{"rendered":"7320.002.-  Arrondissements et communes: Centre"},"content":{"rendered":"<p class=\"img_category\"><a title=\"Classification\" href=\"\/pages\/plan\/geographie-et-tourisme\/\"><img decoding=\"async\" src=\"\/.\/images\/legendes\/category_art.jpg\" alt=\"Classification\" \/> G\u00e9ographie et tourisme<\/a><\/p>\n<p><a name=\"cerca_la_source\"><\/a><\/p>\n<h4 class=\"ephem_date\">Cerca la Source:<\/h4>\n<hr \/>\n<p class=\"welcome\" style=\"padding-left: 5%;\">\u2261 Cerca la Source<br \/>\n<img decoding=\"async\" style=\"padding-right: 5%;\" src=\"\/.\/images\/line-bar\/red_belt.gif\" \/><\/p>\n<p style=\"padding-left: 6%; padding-right: 6%; text-align: justify;\">Portant jadis le nom de \u00ab Clairet \u00bb, la commune de Cerca-La-Source fut \u00e9lev\u00e9e au rang de commune en 1918.<br \/>\nUne commune frontali\u00e8re, elle est limit\u00e9e au nord, par les communes de Mombin Crochu, de Carice et par la R\u00e9publique Dominicaine ; au sud, par les communes de Hinche et de Thomassique ; \u00e0 l\u2019est, par la R\u00e9publique Dominicaine et \u00e0 l\u2019ouest, par les communes de Hinche et de Cerca Cavajal.<\/p>\n<ul class=\"indent-bullet\">\n<li style=\"list-style-type: none;\">\n<ul class=\"indent-bullet\">\n<li>Sigle: CLS<\/li>\n<li>Habitants: Cercasourciens<\/li>\n<li>19:17 Nord 71:78 Ouest<\/li>\n<li>25 km. de Hinche<\/li>\n<li>Code Postal: HT5410<\/li>\n<li><strong>Population:<\/strong><br \/>\n\u26a4 2009: 51\u202f410 (estimation: IHSI)<br \/>\n\u26a4 2015: 119\u202f756<\/li>\n<li><strong>F\u00eate patronale:<\/strong> Saint Fran\u00e7ois d\u2019Assise (4 octobre)<\/li>\n<\/ul>\n<\/li>\n<\/ul>\n<p class=\"welcome\" style=\"padding-left: 5%;\">\u2261 Thomassique<br \/>\n<img decoding=\"async\" style=\"padding-right: 5%;\" src=\"\/.\/images\/line-bar\/red_belt.gif\" \/><\/p>\n<p style=\"padding-left: 6%; padding-right: 6%; text-align: justify;\">Appel\u00e9 Thomassico, la bourgade \u00e9tait rattach\u00e9e \u00e0 la R\u00e9publique Dominicaine jusqu&rsquo;en 1874. Un trait\u00e9 Ha\u00eftiano-Dominicain sign\u00e9 cette ann\u00e9e l\u00e0, l&rsquo;int\u00e9gra au territoire haitien \u00e0 l\u2019instar de Thomonde, Hinche et de Cerca Carvajal.<br \/>\nSelon des documents officiels, Thomassique fut \u00e9rig\u00e9e en rang de quartier par d\u00e9cret date du 3 ao\u00fbt 1889, sous le gouvernement provisoire de Florvil Hyppolite (Ganthier, Claudius. <i>Recueil des lois et actes de la R\u00e9publique d&rsquo;Ha\u00efti de 1887 \u00e0 1904. Vol. I.<\/i> Port-au-Prince: Port-au-Prince: Chez l&rsquo;auteur, 1912; p. 325; <i>Le Moniteur<\/i> du 4 septembre 1889.).<br \/>\nLe gouvernement du pr\u00e9sident St\u00e9nio Vincent en 1934, l&rsquo;\u00e9rigea en commune de 5\u00e8 classe (\u00ab\u00a0D\u00e9cret du le 10 Juillet 1934\u00a0\u00bb in: <i>Bulletin des lois et Actes: Ann\u00e9e 1934.<\/i> Port-au-Prince: Imprimerie de l&rsquo;\u00c9tat, [&#8230;]; p. 156). Cette d\u00e9cision fut toutefois r\u00e9voqu\u00e9e par le pr\u00e9sident \u00c9lie Lescot en 1942 (Arr\u00eat\u00e9 du 7 Septembre 1942&Prime; in: <i>Bulletin des lois et Actes: 15 Septembre 1942\u201415 Septembre 1943 .<\/i> Port-au-Prince: Imprimerie de l&rsquo;\u00c9tat, [&#8230;]; p. 15).<br \/>\nEn 1954 il fut \u00e0 nouveau \u00e9lev\u00e9 au rang de commune sous le gouvernement de Paul Eug\u00e8ne Magloire.<br \/>\nThomassique est aujourd&rsquo;hui born\u00e9e \u00e0 l\u2019est, au sud et au nord-est par la R\u00e9publique Dominicaine, \u00e0 l\u2019ouest par la ville de Hinche, au nord par la commune de Cerca-La-Source, et au sud-ouest par la commune de Thomonde.<\/p>\n<ul class=\"indent-bullet\">\n<li style=\"list-style-type: none;\">\n<ul class=\"indent-bullet\">\n<li>Sigle: TMS<\/li>\n<li>Habitants: Thomassiquois<\/li>\n<li>10:08 Nord 71:83 Ouest<\/li>\n<li>21 km. de Hinche<\/li>\n<li><strong>Population:<\/strong><br \/>\n\u26a4 2003: 42.557<\/li>\n<li><strong>F\u00eate patronale:<\/strong> Saint Thomas d&rsquo;Aquin (28 janvier)<\/li>\n<\/ul>\n<\/li>\n<\/ul>\n<p><a name=\"hinche\"><\/a><\/p>\n<h4 class=\"ephem_date\">Hinche:<\/h4>\n<hr \/>\n<p class=\"welcome\" style=\"padding-left: 5%;\">\u2261 Hinche<br \/>\n<img decoding=\"async\" style=\"padding-right: 5%;\" src=\"\/.\/images\/line-bar\/red_belt.gif\" \/><\/p>\n<div style=\"padding-left: 6%; padding-right: 6%; text-align: justify;\">Ville espagnole, fond\u00e9e en 1503. elle passa \u00e0 l&rsquo;administration fran\u00e7aise en 1794 gr\u00e2ce au g\u00e9nie militaire de Toussaint Louverture et fut du coup \u00e9lev\u00e9e au rang de commune&#8230;<\/div>\n<p style=\"padding-right: 6%; text-align: right;\">\ud83d\udcc1 <strong><a title=\"page consacr\u00e9e \u00e0 Hinche\" href=\"\/pages\/haiti-reference\/geographie-et-tourisme\/divisions-territoriales\/arrondissements-et-communes\/hinche\/\">Profil de la ville de Hinche<\/a><\/strong><\/p>\n<ul class=\"indent-bullet\">\n<li style=\"list-style-type: none;\">\n<ul class=\"indent-bullet\">\n<li>Sigle: HNC<\/li>\n<li>Habitants: Hinchois<\/li>\n<li>19:15 Nord 72:01 Ouest<\/li>\n<li>137 km. de Port-au-Prince<\/li>\n<li>Code Postal: HT5110<\/li>\n<li><strong>Populations<\/strong><br \/>\n\u26a4 1950: 42 355<br \/>\n\u26a4 1971: 54 625<br \/>\n\u26a4 1982: 45 285<br \/>\n\u26a4 2003: 87 101<\/li>\n<li><strong>F\u00eate Patronale:<\/strong> Immacul\u00e9e Conception (8 d\u00e9cembre)<\/li>\n<\/ul>\n<\/li>\n<\/ul>\n<p class=\"welcome\" style=\"padding-left: 5%;\">\u2261 Cerca Carvajal<br \/>\n<img decoding=\"async\" style=\"padding-right: 5%;\" src=\"\/.\/images\/line-bar\/red_belt.gif\" \/><\/p>\n<p style=\"padding-left: 6%; padding-right: 6%; text-align: justify;\">Une bourgade faisant jadis partie du territoire dominicain et qui revint \u00e0 Haiti apr\u00e8s la signature du trait\u00e9 Ha\u00eftiano-Dominicain sign\u00e9 en 1874 , Cerca Carvajal fut \u00e9lev\u00e9 au rang de commune en 1978.<br \/>\nLa commune de Cerca Carvajal est born\u00e9e au nord, par les communes de La Victoire et de Mombin Crochu ; au sud, par la commune de Hinche ; \u00e0 l\u2019est par les communes de Cerca La Source et de Mombin Crochu et \u00e0 l\u2019ouest, par les communes de Hinche et de Pignon.<\/p>\n<ul class=\"indent-bullet\">\n<li style=\"list-style-type: none;\">\n<ul class=\"indent-bullet\">\n<li>Sigle: CCA<\/li>\n<li>Habitants: Carvajalais<\/li>\n<li>19:26 Nord 71:95 Ouest<\/li>\n<li>15 km. de Hinche<\/li>\n<li><strong>F\u00eate patronale:<\/strong> Sainte Famille<\/li>\n<\/ul>\n<\/li>\n<\/ul>\n<p class=\"welcome\" style=\"padding-left: 5%;\">\u2261 Ma\u00efssade<br \/>\n<img decoding=\"async\" style=\"padding-right: 5%;\" src=\"\/.\/images\/line-bar\/red_belt.gif\" \/><\/p>\n<p style=\"padding-left: 6%; padding-right: 6%; text-align: justify;\">Appel\u00e9e autre \u00ab\u00a0Maisal\u00a0\u00bb, c&rsquo;est-\u00e0-dire \u00ab\u00a0terre sem\u00e9e de ma\u00efs\u00a0\u00bb, la commune de Ma\u00efssade est limit\u00e9e au nord, par les communes de Saint-Michel de l\u2019Attalaye, de Saint-Rapha\u00ebl, de Hinche et de Pignon ; au sud, par les communes de Hinche, de Boucan-Carr\u00e9 et de Petite Rivi\u00e8re de l\u2019Artibonite ; \u00e0 l\u2019est, par les communes de Hinche et de Pignon et \u00e0 l\u2019ouest par les communes de Petite Rivi\u00e8re de l\u2019Artibonite, de Dessalines et de Saint-Michel de l\u2019Attalaye.<\/p>\n<ul class=\"indent-bullet\">\n<li style=\"list-style-type: none;\">\n<ul class=\"indent-bullet\">\n<li>Sigle: MSD<\/li>\n<li>Habitants: Ma\u00efssadiens<\/li>\n<li>19:17 Nord 71:13 Ouest<\/li>\n<li>13 km. de Hinche<\/li>\n<li>64 km. du Cap-Haitien<\/li>\n<li><b>Population:<\/b><br \/>\n\u26a4 2003: 43.138<\/li>\n<li><strong>F\u00eate patronale:<\/strong> Sainte Anne (26 Juillet)<\/li>\n<\/ul>\n<\/li>\n<\/ul>\n<p class=\"welcome\" style=\"padding-left: 5%;\">\u2261 Thomonde<br \/>\n<img decoding=\"async\" style=\"padding-right: 5%;\" src=\"\/.\/images\/line-bar\/red_belt.gif\" \/><\/p>\n<ul class=\"indent-bullet\">\n<li style=\"list-style-type: none;\">\n<ul class=\"indent-bullet\">\n<li>Sigle: TMD<\/li>\n<li>Habitants: Thomondois<\/li>\n<li>19:02 Nord 71:97 Ouest<\/li>\n<li>16 km. de Hinche<\/li>\n<li>\u00c9rig\u00e9e en commune 17 mai 1949.<\/li>\n<li><strong>F\u00eate patronale:<\/strong> Saint Joseph (19 mars)<\/li>\n<\/ul>\n<\/li>\n<\/ul>\n<p><a name=\"lascahobas\"><\/a><\/p>\n<h4 class=\"ephem_date\">Lascahobas:<\/h4>\n<hr \/>\n<p class=\"welcome\" style=\"padding-left: 5%;\">\u2261 Lascahobas<br \/>\n<img decoding=\"async\" style=\"padding-right: 5%;\" src=\"\/.\/images\/line-bar\/red_belt.gif\" \/><\/p>\n<ul class=\"indent-bullet\">\n<li style=\"list-style-type: none;\">\n<ul class=\"indent-bullet\">\n<li>Sigle: LCH<\/li>\n<li>Habitants: Lascahobassiens<\/li>\n<li>18:83 Nord 71:94 Ouest<\/li>\n<li>37 km. de Hinche<\/li>\n<li>Code Postal: HT5310<\/li>\n<li><strong>Populations:<\/strong><br \/>\n\u26a4 1950: 21 758<br \/>\n\u26a4 1971: 19 148<br \/>\n\u26a4 1982: 34 740<br \/>\n\u26a4 2003: 46 547<\/li>\n<\/ul>\n<\/li>\n<\/ul>\n<p class=\"welcome\" style=\"padding-left: 5%;\">\u2261 Bellad\u00e8re<br \/>\n<img decoding=\"async\" style=\"padding-right: 5%;\" src=\"\/.\/images\/line-bar\/red_belt.gif\" \/><\/p>\n<p style=\"padding-left: 6%; padding-right: 6%; text-align: justify;\">Quartier de l&rsquo;Arrondissement de Lascahobas cr\u00e9\u00e9 par d\u00e9cret du gouvernement de Florvil Hyppolite le 10 septembre 1889. elle fut \u00e9lev\u00e9e au rang de commune le 2 ao\u00fbt 1907 sous le gouvernement de Nord Alexis (<em>Le Moniteur<\/em>, 10 aout 1907), mais perdit ce statut qui lui fut attribu\u00e9e encore une fois en octobre 1948 lors de l&rsquo;inauguration de la ville suite \u00e0 sa reconstruction par le pr\u00e9sident Dumarsais Estim\u00e9.<\/p>\n<ul class=\"indent-bullet\">\n<li style=\"list-style-type: none;\">\n<ul class=\"indent-bullet\">\n<li>Sigle: BLD<\/li>\n<li>Habitants: Belladerois<\/li>\n<li>18:87 Nord 71:80 Ouest<\/li>\n<li>42 km. de Hinche<\/li>\n<li>17 km de Lascahobas<\/li>\n<li>Code Postal: HT5320<\/li>\n<li><b>Population:<\/b><br \/>\n\u26a4 1950: 19 797<br \/>\n\u26a4 1971: 20 994<br \/>\n\u26a4 1982: 35 023<br \/>\n\u26a4 2003: 60.399<\/li>\n<li><strong>F\u00eate patronale:<\/strong> Notre-Dame de Lourdes (11 f\u00e9vrier)<\/li>\n<\/ul>\n<\/li>\n<\/ul>\n<p class=\"welcome\" style=\"padding-left: 5%;\">\u2261 Savanette<br \/>\n<img decoding=\"async\" style=\"padding-right: 5%;\" src=\"\/.\/images\/line-bar\/red_belt.gif\" \/><\/p>\n<p style=\"padding-left: 6%; padding-right: 6%; text-align: justify;\">Erig\u00e9e en quartier (loi du 1er octobre 1907), Savanette fut \u00e9lev\u00e9e aux rang de commune le 4 ao\u00fbt 1932. Ce statut aura \u00e9t\u00e9 supprim\u00e9 suite \u00e0 la publication de l&rsquo;arr\u00eat\u00e9 du 7 septembre 1942 par le pr\u00e9sident Elie Lescot.<br \/>\nRedevenue \u00e0 nouveau commune, avec une section communale, son territoire aura \u00e9t\u00e9 divis\u00e9 en deux sections communales suite \u00e0 la publication de la loi du 6 juillet 1956 (<em>Le Moniteur<\/em>, Ann\u00e9e 111. No. 79, Lundi 23 juillet 1956).<br \/>\nElle est born\u00e9e au Nord par la commune de Lascahobas, au Nord-est par la commune de B\u00e9llad\u00e8re, au Sud par la commune de Grand Bois Cornillon, \u00e0 l\u2019Ouest par la Commune de Mirebalais et \u00e0 l\u2019Est par Hondo Valle, une ville dominicaine.<\/p>\n<ul class=\"indent-bullet\">\n<li style=\"list-style-type: none;\">\n<ul class=\"indent-bullet\">\n<li>Sigle: SVN<\/li>\n<li>Habitants: Savanetiens<\/li>\n<li>19:36 Nord 72:13 Ouest<\/li>\n<li>49 km. de Hinche<\/li>\n<li><b>Population:<\/b><br \/>\n\u26a4 2003: 29.717<\/li>\n<li><strong>F\u00eate patronale:<\/strong> Notre Dame de la Nativit\u00e9 (8 septembre)<\/li>\n<\/ul>\n<\/li>\n<\/ul>\n<p class=\"welcome\" style=\"padding-left: 5%;\">\u2261 Baptiste<br \/>\n<img decoding=\"async\" style=\"padding-right: 5%;\" src=\"\/.\/images\/line-bar\/red_belt.gif\" \/><\/p>\n<p style=\"padding-left: 6%; padding-right: 6%; text-align: justify;\">\u00c9lev\u00e9 au rang de commune par d\u00e9cret pr\u00e9sidentiel du 22 juillet 2015 (Le Moniteur.\u00a0no 147. Mercredi 5 ao\u00fbt 2015).<br \/>\nLa nouvelle commune de Baptiste est d\u00e9limit\u00e9e au Nord par la 1\u00e8re section communale Renthe Math\u00e9 (la commune de Bellad\u00e8re) ; au Sud par la commune de Savanette ; a l\u2019Ouest par les communes de Bellad\u00e8re et de Lascahobas et \u00e0 l\u2019Est par la fronti\u00e8re ha\u00eftiano-dominicaine.<\/p>\n<ul class=\"indent-bullet\">\n<li style=\"list-style-type: none;\">\n<ul class=\"indent-bullet\">\n<li>Sigle:<\/li>\n<li>Habitants:<\/li>\n<li>18:48 Nord 71:47 Ouest<\/li>\n<li>30 km. de Port-au-Prince<\/li>\n<li><strong>Population:<\/strong><br \/>\n\u26a4 Quartier avant de devenir une commune, il avait, en 2012, une population de pr\u00e8s de 30,000 habitants, dont 65% de femmes et filles et 35% d\u2019hommes et de gar\u00e7ons, selon les estimations avanc\u00e9es alors par l\u2019administration communale de Bellad\u00e8re.<\/li>\n<li><strong>F\u00eate patronale:<\/strong> Saint Jude (28 octobre)<\/li>\n<\/ul>\n<\/li>\n<\/ul>\n<p><a name=\"mirebalais\"><\/a><\/p>\n<h4 class=\"ephem_date\">Mirebalais:<\/h4>\n<hr \/>\n<p class=\"welcome\" style=\"padding-left: 5%;\">\u2261 Mirebalais<br \/>\n<img decoding=\"async\" style=\"padding-right: 5%;\" src=\"\/.\/images\/line-bar\/red_belt.gif\" \/><\/p>\n<ul class=\"indent-bullet\">\n<li style=\"list-style-type: none;\">\n<ul class=\"indent-bullet\">\n<li>Sigle: MRB<\/li>\n<li>Habitants: Mirebalaisiens<\/li>\n<li>18:83 Nord 72:10 Ouest<\/li>\n<li>36 km. de Hinche<\/li>\n<li>Code Postal: HT5210<\/li>\n<li><strong>Populations:<\/strong><br \/>\n\u26a4 1950: 29 434<br \/>\n\u26a4 1971: 22 261<br \/>\n\u26a4 1982: 56 464<br \/>\n\u26a4 2003: 71 325<\/li>\n<li><strong>F\u00eate patronale:<\/strong> Saint Louis Roi de France (25 ao\u00fbt)<\/li>\n<\/ul>\n<\/li>\n<\/ul>\n<p class=\"welcome\" style=\"padding-left: 5%;\">\u2261 Saut d&rsquo;Eau<br \/>\n<img decoding=\"async\" style=\"padding-right: 5%;\" src=\"\/.\/images\/line-bar\/red_belt.gif\" \/><\/p>\n<ul class=\"indent-bullet\">\n<li style=\"list-style-type: none;\">\n<ul class=\"indent-bullet\">\n<li>Sigle: STD<\/li>\n<li>Habitants: Saudelais<\/li>\n<li>18:90 Nord 73:33<\/li>\n<li>42 km. de Hinche<\/li>\n<li>Code postal: HT5220<\/li>\n<li><strong>Population:<\/strong><br \/>\n\u26a4 2003: 34 885<\/li>\n<li><strong>F\u00eate patronale:<\/strong> Notre-Dame du Mont-Carmel de (16 juillet)<\/li>\n<\/ul>\n<\/li>\n<\/ul>\n<p class=\"welcome\" style=\"padding-left: 5%;\">\u2261 Boucan Carr\u00e9<br \/>\n<img decoding=\"async\" style=\"padding-right: 5%;\" src=\"\/.\/images\/line-bar\/red_belt.gif\" \/><\/p>\n<p style=\"padding-left: 6%; padding-right: 6%; text-align: justify;\">Boucan Carr\u00e9 qui portait autrefois le nom de Chambo fut une section communale de Mirebalais avant d&rsquo;\u00eatre \u00e9lev\u00e9 au rang de commune en avril 1985 d\u00e9pendant de l&rsquo;arrondissement de Mirebalais. La commune est aujourd&rsquo;hui est born\u00e9e au nord, par les communes de Ma\u00efssade, de Thomonde et de Hinche; au sud, par les communes de Saut d\u2019Eau, de Lascahobas et Mirebalais ; \u00e0 l\u2019est par les communes de Thomonde, de Hinche, de Mirebalais et de Laschobas et \u00e0 l\u2019ouest par les communes de la Petite Rivi\u00e8re de l\u2019Artibonite et de La Chapelle.<\/p>\n<ul class=\"indent-bullet\">\n<li style=\"list-style-type: none;\">\n<ul class=\"indent-bullet\">\n<li>Sigle: BCC<\/li>\n<li>Habitants: Boucanais<\/li>\n<li>18:95 Nord 72:13 Ouest<\/li>\n<li>29 km. de Hinche<\/li>\n<li>Code postal: HT5230<\/li>\n<li><strong>Populations:<\/strong><br \/>\n\u26a4 2003: 78 700<\/li>\n<li><strong>F\u00eate patronale:<\/strong> Saint Michel (29 septembre)<\/li>\n<\/ul>\n<\/li>\n<\/ul>\n<p><!--Bas de la page--><\/p>\n","protected":false},"excerpt":{"rendered":"<p>G\u00e9ographie et tourisme Cerca la Source: \u2261 Cerca la Source Portant jadis le nom de \u00ab Clairet \u00bb, la commune de Cerca-La-Source fut \u00e9lev\u00e9e au rang de commune en 1918. [&hellip;]<\/p>\n","protected":false},"author":1,"featured_media":0,"parent":2452,"menu_order":2,"comment_status":"closed","ping_status":"closed","template":"","meta":{"footnotes":""},"categories":[],"class_list":["post-25622","page","type-page","status-publish","hentry"],"yoast_head":"<!-- This site is optimized with the Yoast SEO plugin v27.4 - https:\/\/yoast.com\/product\/yoast-seo-wordpress\/ -->\n<title>7320.002.- Arrondissements et communes: Centre &#187;<\/title>\n<meta name=\"robots\" content=\"index, follow, max-snippet:-1, max-image-preview:large, max-video-preview:-1\" \/>\n<link rel=\"canonical\" href=\"https:\/\/www.haiti-reference.info\/pages\/plan\/geographie-et-tourisme\/divisions-territoriales\/arrondissements-et-communes\/centre\/\" \/>\n<meta property=\"og:locale\" content=\"fr_CA\" \/>\n<meta property=\"og:type\" content=\"article\" \/>\n<meta property=\"og:title\" content=\"7320.002.- Arrondissements et communes: Centre &#187;\" \/>\n<meta property=\"og:description\" content=\"G\u00e9ographie et tourisme Cerca la Source: \u2261 Cerca la Source Portant jadis le nom de \u00ab Clairet \u00bb, la commune de Cerca-La-Source fut \u00e9lev\u00e9e au rang de commune en 1918. [&hellip;]\" \/>\n<meta property=\"og:url\" content=\"https:\/\/www.haiti-reference.info\/pages\/plan\/geographie-et-tourisme\/divisions-territoriales\/arrondissements-et-communes\/centre\/\" \/>\n<meta property=\"article:modified_time\" content=\"2020-09-07T15:29:38+00:00\" \/>\n<meta name=\"twitter:card\" content=\"summary_large_image\" \/>\n<meta name=\"twitter:label1\" content=\"Estimation du temps de lecture\" \/>\n\t<meta name=\"twitter:data1\" content=\"6 minutes\" \/>\n<script type=\"application\/ld+json\" class=\"yoast-schema-graph\">{\"@context\":\"https:\\\/\\\/schema.org\",\"@graph\":[{\"@type\":\"WebPage\",\"@id\":\"https:\\\/\\\/www.haiti-reference.info\\\/pages\\\/plan\\\/geographie-et-tourisme\\\/divisions-territoriales\\\/arrondissements-et-communes\\\/centre\\\/\",\"url\":\"https:\\\/\\\/www.haiti-reference.info\\\/pages\\\/plan\\\/geographie-et-tourisme\\\/divisions-territoriales\\\/arrondissements-et-communes\\\/centre\\\/\",\"name\":\"7320.002.- Arrondissements et communes: Centre &#187;\",\"isPartOf\":{\"@id\":\"https:\\\/\\\/www.haiti-reference.info\\\/pages\\\/#website\"},\"datePublished\":\"2000-03-10T02:33:23+00:00\",\"dateModified\":\"2020-09-07T15:29:38+00:00\",\"breadcrumb\":{\"@id\":\"https:\\\/\\\/www.haiti-reference.info\\\/pages\\\/plan\\\/geographie-et-tourisme\\\/divisions-territoriales\\\/arrondissements-et-communes\\\/centre\\\/#breadcrumb\"},\"inLanguage\":\"fr-CA\",\"potentialAction\":[{\"@type\":\"ReadAction\",\"target\":[\"https:\\\/\\\/www.haiti-reference.info\\\/pages\\\/plan\\\/geographie-et-tourisme\\\/divisions-territoriales\\\/arrondissements-et-communes\\\/centre\\\/\"]}]},{\"@type\":\"BreadcrumbList\",\"@id\":\"https:\\\/\\\/www.haiti-reference.info\\\/pages\\\/plan\\\/geographie-et-tourisme\\\/divisions-territoriales\\\/arrondissements-et-communes\\\/centre\\\/#breadcrumb\",\"itemListElement\":[{\"@type\":\"ListItem\",\"position\":1,\"name\":\"Accueil\",\"item\":\"https:\\\/\\\/www.haiti-reference.info\\\/pages\\\/\"},{\"@type\":\"ListItem\",\"position\":2,\"name\":\"Structure du site\",\"item\":\"https:\\\/\\\/www.haiti-reference.info\\\/pages\\\/plan\\\/\"},{\"@type\":\"ListItem\",\"position\":3,\"name\":\"7000.- G\u00e9ographie et tourisme\",\"item\":\"https:\\\/\\\/www.haiti-reference.info\\\/pages\\\/plan\\\/geographie-et-tourisme\\\/\"},{\"@type\":\"ListItem\",\"position\":4,\"name\":\"7300.- Haiti: Divisions territoriales\",\"item\":\"https:\\\/\\\/www.haiti-reference.info\\\/pages\\\/plan\\\/geographie-et-tourisme\\\/divisions-territoriales\\\/\"},{\"@type\":\"ListItem\",\"position\":5,\"name\":\"7320.- Arrondissements et communes d&rsquo;Haiti\",\"item\":\"https:\\\/\\\/www.haiti-reference.info\\\/pages\\\/plan\\\/geographie-et-tourisme\\\/divisions-territoriales\\\/arrondissements-et-communes\\\/\"},{\"@type\":\"ListItem\",\"position\":6,\"name\":\"7320.002.- Arrondissements et communes: Centre\"}]},{\"@type\":\"WebSite\",\"@id\":\"https:\\\/\\\/www.haiti-reference.info\\\/pages\\\/#website\",\"url\":\"https:\\\/\\\/www.haiti-reference.info\\\/pages\\\/\",\"name\":\"Haiti-R\u00e9f\u00e9rence\",\"description\":\"Un guide de r\u00e9f\u00e9rence\",\"publisher\":{\"@id\":\"https:\\\/\\\/www.haiti-reference.info\\\/pages\\\/#organization\"},\"potentialAction\":[{\"@type\":\"SearchAction\",\"target\":{\"@type\":\"EntryPoint\",\"urlTemplate\":\"https:\\\/\\\/www.haiti-reference.info\\\/pages\\\/?s={search_term_string}\"},\"query-input\":{\"@type\":\"PropertyValueSpecification\",\"valueRequired\":true,\"valueName\":\"search_term_string\"}}],\"inLanguage\":\"fr-CA\"},{\"@type\":\"Organization\",\"@id\":\"https:\\\/\\\/www.haiti-reference.info\\\/pages\\\/#organization\",\"name\":\"Haiti-R\u00e9f\u00e9rence\",\"url\":\"https:\\\/\\\/www.haiti-reference.info\\\/pages\\\/\",\"logo\":{\"@type\":\"ImageObject\",\"inLanguage\":\"fr-CA\",\"@id\":\"https:\\\/\\\/www.haiti-reference.info\\\/pages\\\/#\\\/schema\\\/logo\\\/image\\\/\",\"url\":\"https:\\\/\\\/www.haiti-reference.info\\\/pages\\\/wp-content\\\/uploads\\\/2016\\\/04\\\/cropped-cropped-logo_201604-8-1.png\",\"contentUrl\":\"https:\\\/\\\/www.haiti-reference.info\\\/pages\\\/wp-content\\\/uploads\\\/2016\\\/04\\\/cropped-cropped-logo_201604-8-1.png\",\"width\":338,\"height\":87,\"caption\":\"Haiti-R\u00e9f\u00e9rence\"},\"image\":{\"@id\":\"https:\\\/\\\/www.haiti-reference.info\\\/pages\\\/#\\\/schema\\\/logo\\\/image\\\/\"},\"sameAs\":[\"https:\\\/\\\/bsky.app\\\/profile\\\/haiti-reference.bsky.social\"]}]}<\/script>\n<!-- \/ Yoast SEO plugin. -->","yoast_head_json":{"title":"7320.002.- Arrondissements et communes: Centre &#187;","robots":{"index":"index","follow":"follow","max-snippet":"max-snippet:-1","max-image-preview":"max-image-preview:large","max-video-preview":"max-video-preview:-1"},"canonical":"https:\/\/www.haiti-reference.info\/pages\/plan\/geographie-et-tourisme\/divisions-territoriales\/arrondissements-et-communes\/centre\/","og_locale":"fr_CA","og_type":"article","og_title":"7320.002.- Arrondissements et communes: Centre &#187;","og_description":"G\u00e9ographie et tourisme Cerca la Source: \u2261 Cerca la Source Portant jadis le nom de \u00ab Clairet \u00bb, la commune de Cerca-La-Source fut \u00e9lev\u00e9e au rang de commune en 1918. [&hellip;]","og_url":"https:\/\/www.haiti-reference.info\/pages\/plan\/geographie-et-tourisme\/divisions-territoriales\/arrondissements-et-communes\/centre\/","article_modified_time":"2020-09-07T15:29:38+00:00","twitter_card":"summary_large_image","twitter_misc":{"Estimation du temps de lecture":"6 minutes"},"schema":{"@context":"https:\/\/schema.org","@graph":[{"@type":"WebPage","@id":"https:\/\/www.haiti-reference.info\/pages\/plan\/geographie-et-tourisme\/divisions-territoriales\/arrondissements-et-communes\/centre\/","url":"https:\/\/www.haiti-reference.info\/pages\/plan\/geographie-et-tourisme\/divisions-territoriales\/arrondissements-et-communes\/centre\/","name":"7320.002.- Arrondissements et communes: Centre &#187;","isPartOf":{"@id":"https:\/\/www.haiti-reference.info\/pages\/#website"},"datePublished":"2000-03-10T02:33:23+00:00","dateModified":"2020-09-07T15:29:38+00:00","breadcrumb":{"@id":"https:\/\/www.haiti-reference.info\/pages\/plan\/geographie-et-tourisme\/divisions-territoriales\/arrondissements-et-communes\/centre\/#breadcrumb"},"inLanguage":"fr-CA","potentialAction":[{"@type":"ReadAction","target":["https:\/\/www.haiti-reference.info\/pages\/plan\/geographie-et-tourisme\/divisions-territoriales\/arrondissements-et-communes\/centre\/"]}]},{"@type":"BreadcrumbList","@id":"https:\/\/www.haiti-reference.info\/pages\/plan\/geographie-et-tourisme\/divisions-territoriales\/arrondissements-et-communes\/centre\/#breadcrumb","itemListElement":[{"@type":"ListItem","position":1,"name":"Accueil","item":"https:\/\/www.haiti-reference.info\/pages\/"},{"@type":"ListItem","position":2,"name":"Structure du site","item":"https:\/\/www.haiti-reference.info\/pages\/plan\/"},{"@type":"ListItem","position":3,"name":"7000.- G\u00e9ographie et tourisme","item":"https:\/\/www.haiti-reference.info\/pages\/plan\/geographie-et-tourisme\/"},{"@type":"ListItem","position":4,"name":"7300.- Haiti: Divisions territoriales","item":"https:\/\/www.haiti-reference.info\/pages\/plan\/geographie-et-tourisme\/divisions-territoriales\/"},{"@type":"ListItem","position":5,"name":"7320.- Arrondissements et communes d&rsquo;Haiti","item":"https:\/\/www.haiti-reference.info\/pages\/plan\/geographie-et-tourisme\/divisions-territoriales\/arrondissements-et-communes\/"},{"@type":"ListItem","position":6,"name":"7320.002.- Arrondissements et communes: Centre"}]},{"@type":"WebSite","@id":"https:\/\/www.haiti-reference.info\/pages\/#website","url":"https:\/\/www.haiti-reference.info\/pages\/","name":"Haiti-R\u00e9f\u00e9rence","description":"Un guide de r\u00e9f\u00e9rence","publisher":{"@id":"https:\/\/www.haiti-reference.info\/pages\/#organization"},"potentialAction":[{"@type":"SearchAction","target":{"@type":"EntryPoint","urlTemplate":"https:\/\/www.haiti-reference.info\/pages\/?s={search_term_string}"},"query-input":{"@type":"PropertyValueSpecification","valueRequired":true,"valueName":"search_term_string"}}],"inLanguage":"fr-CA"},{"@type":"Organization","@id":"https:\/\/www.haiti-reference.info\/pages\/#organization","name":"Haiti-R\u00e9f\u00e9rence","url":"https:\/\/www.haiti-reference.info\/pages\/","logo":{"@type":"ImageObject","inLanguage":"fr-CA","@id":"https:\/\/www.haiti-reference.info\/pages\/#\/schema\/logo\/image\/","url":"https:\/\/www.haiti-reference.info\/pages\/wp-content\/uploads\/2016\/04\/cropped-cropped-logo_201604-8-1.png","contentUrl":"https:\/\/www.haiti-reference.info\/pages\/wp-content\/uploads\/2016\/04\/cropped-cropped-logo_201604-8-1.png","width":338,"height":87,"caption":"Haiti-R\u00e9f\u00e9rence"},"image":{"@id":"https:\/\/www.haiti-reference.info\/pages\/#\/schema\/logo\/image\/"},"sameAs":["https:\/\/bsky.app\/profile\/haiti-reference.bsky.social"]}]}},"_links":{"self":[{"href":"https:\/\/www.haiti-reference.info\/pages\/wp-json\/wp\/v2\/pages\/25622","targetHints":{"allow":["GET"]}}],"collection":[{"href":"https:\/\/www.haiti-reference.info\/pages\/wp-json\/wp\/v2\/pages"}],"about":[{"href":"https:\/\/www.haiti-reference.info\/pages\/wp-json\/wp\/v2\/types\/page"}],"author":[{"embeddable":true,"href":"https:\/\/www.haiti-reference.info\/pages\/wp-json\/wp\/v2\/users\/1"}],"replies":[{"embeddable":true,"href":"https:\/\/www.haiti-reference.info\/pages\/wp-json\/wp\/v2\/comments?post=25622"}],"version-history":[{"count":0,"href":"https:\/\/www.haiti-reference.info\/pages\/wp-json\/wp\/v2\/pages\/25622\/revisions"}],"up":[{"embeddable":true,"href":"https:\/\/www.haiti-reference.info\/pages\/wp-json\/wp\/v2\/pages\/2452"}],"wp:attachment":[{"href":"https:\/\/www.haiti-reference.info\/pages\/wp-json\/wp\/v2\/media?parent=25622"}],"wp:term":[{"taxonomy":"category","embeddable":true,"href":"https:\/\/www.haiti-reference.info\/pages\/wp-json\/wp\/v2\/categories?post=25622"}],"curies":[{"name":"wp","href":"https:\/\/api.w.org\/{rel}","templated":true}]}}