{"id":16068,"date":"2012-02-03T17:03:11","date_gmt":"2012-02-03T22:03:11","guid":{"rendered":"https:\/\/www.haiti-reference.com\/pages\/?page_id=16068"},"modified":"2023-08-25T14:46:08","modified_gmt":"2023-08-25T18:46:08","slug":"emile-jonassaint","status":"publish","type":"page","link":"https:\/\/www.haiti-reference.info\/pages\/plan\/histoire-et-societe\/notables\/chefs-detat\/emile-jonassaint\/","title":{"rendered":"6420.045.- Profil d&rsquo;\u00c9mile Jonassaint, pr\u00e9sident de facto (1994)"},"content":{"rendered":"<p class=\"img_category\"><a title=\"Classification\" href=\"\/pages\/plan\/histoire-et-societe\/\"><img decoding=\"async\" src=\"\/.\/images\/legendes\/category_art.jpg\" alt=\"Classification\" \/> Histoire et Soci\u00e9t\u00e9<\/a><\/p>\n<div class=\"justify\">\n<figure style=\"width: 230px\" class=\"wp-caption alignleft\"><img loading=\"lazy\" decoding=\"async\" class=\"img_border alignleft\" src=\"\/pages\/notables\/photos\/jonassaint950511.jpg\" alt=\"Emile Jonassaint et G\u00e9n\u00e9ral Raoul C\u00e9dras.\" width=\"230\" height=\"300\" \/><figcaption class=\"wp-caption-text\">Emile Jonassaint et G\u00e9n\u00e9ral Raoul C\u00e9dras.<\/figcaption><\/figure>\n<p>Originaire du\u00a0 Nord-Ouest, \u00c9mile Jonassaint naquit \u00e0 Port-de-Paix le 13 mai 1913. Il d\u00e9buta sa carri\u00e8re politique au d\u00e9but des ann\u00e9es 1950 dans le s\u00e9nat de la R\u00e9publique. Pendant le gouvernement des Duvalier, il se retira de la politique, et se limita \u00e0 pratiquer le droit comme avocat et professeur. En 1986, il devint le pr\u00e9sident de l\u2019<a class=\"red\" href=\"\/pages\/plan\/histoire-et-societe\/notables\/assemblee-constituante-1987\/\">Assembl\u00e9e constituante<\/a><\/span> qui accoucha la Constitution de 1987. Membre de la <a class=\"red\" href=\"\/pages\/plan\/politique\/pouvoir-judiciaire\/cour-de-cassation\/\">Cour sde Cassation<\/a><\/span>\u00a0au moment de l\u2019investiture du pr\u00e9sident Jean Bertrand Aristide, il re\u00e7ut l\u2019ordre de d\u00e9missionner en raison de son \u00e2ge, mais revint \u00e0 son poste apr\u00e8s que l&rsquo;arm\u00e9e eut pris le pouvoir.<\/p>\n<p>Le 11 mai 1994,\u00a0les militaires putschistes alli\u00e9s au bloc du S\u00e9nat pr\u00e9sid\u00e9 alors par Bernard Sansaricq, voulant donner une apparence de l\u00e9gitimit\u00e9 \u00e0 leurs actes, nomm\u00e8rent \u00c9mile Jonassaint pr\u00e9sident provisoire d\u2019Ha\u00efti. Par cet acte, ils ignor\u00e8rent compl\u00e8tement le gouvernement du premier ministre Robert Malval qui, quoique d\u00e9missionnaire au moment de leur choix, liquidait les affaires de l&rsquo;\u00e9tat et \u00e9tait plus ou moins accept\u00e9 par cette faction de la communaut\u00e9 internationale qui menait le jeu en Haiti.<\/p>\n<p>Ce fut la troisi\u00e8me tentative des militaires de combler le vide au niveau de l\u2019ex\u00e9cutif. La premi\u00e8re a \u00e9t\u00e9 faite avec le tandem Joseph N\u00e9rette (pr\u00e9sident provisoire\u00a0 du\u00a0 8 octobre 1991 au 19 janvier 1992)\u00a0 flanqu\u00e9 de Jean-Jacques Honorat comme premier ministre. Une deuxi\u00e8me exp\u00e9rience fut alors tent\u00e9e avec <a href=\"\/pages\/notables\/getperson.php?personID=I12&amp;tree=Politique\">Marc Louis Bazin<\/a>, ancien ministre des Finances sous le gouvernement de Jean-Claude Duvalier (3 f\u00e9vrier 1982 \u2013 12 juillet 1982), et fondateur du parti politique Mouvement pour l&rsquo;Instauration de la D\u00e9mocratie en Haiti (MIDH). Premier ministre, ce dernier dirigea un gouvernement monoc\u00e9phale (sans pr\u00e9sident) du 19 Juin 1992 au 8 Juin 1993.<\/p>\n<p>Jonassaint forma un <a class=\"red\" href=\"\/pages\/plan\/politique\/pouvoir-executif\/cabinets-1991-1994\/emile-jonassaint\/\">gouvernement<\/a> <\/span>compos\u00e9 de 12 ministres, tous des civils mais reconnus pour leur position d\u2019extr\u00eame droite. Les pays qui supportaient le pr\u00e9sident Jean-Bertrand Aristide, alors en exil, l&rsquo;ONU et l&rsquo;OEA se d\u00e9menaient diplomatiquement pour faciliter son retour, \u00e9vit\u00e8rent tout contact avec son gouvernement et maintinrent l&#8217;embargo \u00e0 l\u2019encontre d\u2019Ha\u00efti. Toutefois, une d\u00e9l\u00e9gation am\u00e9ricaine officieuse dirig\u00e9e par l&rsquo;ancien pr\u00e9sident des chefs d\u2019\u00e9tat-major am\u00e9ricain, le g\u00e9n\u00e9ral Colin L. Powell et compos\u00e9e du s\u00e9nateur d\u00e9mocrate de l\u2019\u00e9tat de la G\u00e9orgie, Sam Nunn, et de l&rsquo;ancien pr\u00e9sident Jimmy Carter arriva en Haiti \u00e0 la mi-septembre de 1994. Elle entama des n\u00e9gociations avec Jonassaint qui dur\u00e8rent deux jours. De ces n\u00e9gociations r\u00e9sulta un accord sign\u00e9 le 18 septembre 1994 qui recommandait la d\u00e9mission et le d\u00e9part du g\u00e9n\u00e9ral Raoul C\u00e9dras, la face visible du coup d\u2019\u00e9tat, et d&rsquo;autres chefs militaires. En \u00e9change, les sanctions \u00e9conomiques seront lev\u00e9es et le une amnistie accord\u00e9e aux putschistes. Les troupes am\u00e9ricaines d\u00e9barqu\u00e8rent imm\u00e9diatement.<\/p>\n<p>Apr\u00e8s le d\u00e9barquement, Jonassaint refusa de laisser le palais national sous pr\u00e9texte que l\u2019Accord du 18 septembre n\u2019avait pas \u00e9t\u00e9 respect\u00e9. Mais avec la d\u00e9sint\u00e9gration des forces arm\u00e9es, son unique soutien, il vida, le 12 octobre 1994, ses bureaux. Jean-Bertrand Aristide arriva de l&rsquo;exil le 15 octobre suivant.<\/p>\n<p>Son court mandat a \u00e9t\u00e9 marqu\u00e9 par des violations des droits de l&rsquo;homme, la suspension des garanties constitutionnelles de base. Ses confr\u00e8res l\u2019accusaient d\u2019avoir viol\u00e9 les principes de la profession juridique par exc\u00e8s de z\u00e8le et en supportant l\u2019\u00e9tat d&rsquo;urgence et en expulsant la Mission conjointe des Nations Unies- et de l\u2019Organisation des \u00c9tats am\u00e9ricains qui surveillait les violations des droits de l&rsquo;homme. Cette derni\u00e8re avait juste quelques heures pour quitter le pays.<\/p>\n<p>Apr\u00e8s avoir abandonn\u00e9 la vie publique, Jonassaint d\u00e9dia une grande partie de son temps \u00e0 r\u00e9-explorer sa biblioth\u00e8que personnelle, qui comprenait de nombreux livres de lois et des textes \u00e9sot\u00e9riques. Un an plus tard, le 24 octobre 1995, il rendit son dernier souffle chez lui \u00e0 Port-au-Prince. Il \u00e9tait \u00e2g\u00e9 de 82 ans.<\/p>\n<p class=\"recommended\">\ud83d\udcc1 Autres fichiers:<\/p>\n<table id=\"mytable\">\n<tbody>\n<tr>\n<td style=\"border-bottom:none;\">\u2666 <a href=\"\/pages\/plan\/histoire-et-societe\/notables\/chefs-detat\">Chefs d&rsquo;\u00c9tat Haitiens<\/a><br \/>\n\u2666 <a href=\"\/pages\/plan\/histoire-et-societe\/notables\/assemblee-constituante-1987\/\">Assembl\u00e9e constituante de 1987<\/a><br \/>\n\u2666 <a href=\"\/pages\/plan\/politique\/pouvoir-executif\/ministeres\/emile-jonassaint\/\">Cabinet minist\u00e9riel d&rsquo;\u00c9mile Jonassaint<\/a><\/td>\n<td style=\"border-bottom:none;\">\u2666 <a href=\"\/pages\/notables\/getperson.php?personID=I105&amp;tree=Politique\">Notables Haitiens: Emile Jonassaint<\/a><br \/>\n\u2666 <a href=\"\/pages\/notables\/getperson.php?personID=I18&amp;tree=Politique\">Notables Haitiens: G\u00e9n\u00e9ral Raoul C\u00e9dras<\/a><br \/>\n\u2666 <a href=\"\/pages\/plan\/histoire-et-societe\/notables\/chefs-detat\/jean-bertrand-aristide\/\">Profil de Jean-Bertrand Aristide<\/a><\/td>\n<\/tr>\n<\/tbody>\n<\/table>\n<\/div>\n<p><!--fin du texte--><\/p>\n","protected":false},"excerpt":{"rendered":"<p>Histoire et Soci\u00e9t\u00e9 Originaire du\u00a0 Nord-Ouest, \u00c9mile Jonassaint naquit \u00e0 Port-de-Paix le 13 mai 1913. Il d\u00e9buta sa carri\u00e8re politique au d\u00e9but des ann\u00e9es 1950 dans le s\u00e9nat de la [&hellip;]<\/p>\n","protected":false},"author":1,"featured_media":0,"parent":21889,"menu_order":45,"comment_status":"closed","ping_status":"closed","template":"short_page.php","meta":{"footnotes":""},"categories":[],"class_list":["post-16068","page","type-page","status-publish","hentry"],"yoast_head":"<!-- This site is optimized with the Yoast SEO plugin v27.4 - https:\/\/yoast.com\/product\/yoast-seo-wordpress\/ -->\n<title>6420.045.- Profil d&#039;\u00c9mile Jonassaint, pr\u00e9sident de facto (1994) &#187;<\/title>\n<meta name=\"robots\" content=\"index, follow, max-snippet:-1, max-image-preview:large, max-video-preview:-1\" \/>\n<link rel=\"canonical\" href=\"https:\/\/www.haiti-reference.info\/pages\/plan\/histoire-et-societe\/notables\/chefs-detat\/emile-jonassaint\/\" \/>\n<meta property=\"og:locale\" content=\"fr_CA\" \/>\n<meta property=\"og:type\" content=\"article\" \/>\n<meta property=\"og:title\" content=\"6420.045.- Profil d&#039;\u00c9mile Jonassaint, pr\u00e9sident de facto (1994) &#187;\" \/>\n<meta property=\"og:description\" content=\"Histoire et Soci\u00e9t\u00e9 Originaire du\u00a0 Nord-Ouest, \u00c9mile Jonassaint naquit \u00e0 Port-de-Paix le 13 mai 1913. Il d\u00e9buta sa carri\u00e8re politique au d\u00e9but des ann\u00e9es 1950 dans le s\u00e9nat de la [&hellip;]\" \/>\n<meta property=\"og:url\" content=\"https:\/\/www.haiti-reference.info\/pages\/plan\/histoire-et-societe\/notables\/chefs-detat\/emile-jonassaint\/\" \/>\n<meta property=\"article:modified_time\" content=\"2023-08-25T18:46:08+00:00\" \/>\n<meta name=\"twitter:card\" content=\"summary_large_image\" \/>\n<meta name=\"twitter:label1\" content=\"Estimation du temps de lecture\" \/>\n\t<meta name=\"twitter:data1\" content=\"4 minutes\" \/>\n<script type=\"application\/ld+json\" class=\"yoast-schema-graph\">{\"@context\":\"https:\\\/\\\/schema.org\",\"@graph\":[{\"@type\":\"WebPage\",\"@id\":\"https:\\\/\\\/www.haiti-reference.info\\\/pages\\\/plan\\\/histoire-et-societe\\\/notables\\\/chefs-detat\\\/emile-jonassaint\\\/\",\"url\":\"https:\\\/\\\/www.haiti-reference.info\\\/pages\\\/plan\\\/histoire-et-societe\\\/notables\\\/chefs-detat\\\/emile-jonassaint\\\/\",\"name\":\"6420.045.- Profil d'\u00c9mile Jonassaint, pr\u00e9sident de facto (1994) &#187;\",\"isPartOf\":{\"@id\":\"https:\\\/\\\/www.haiti-reference.info\\\/pages\\\/#website\"},\"datePublished\":\"2012-02-03T22:03:11+00:00\",\"dateModified\":\"2023-08-25T18:46:08+00:00\",\"breadcrumb\":{\"@id\":\"https:\\\/\\\/www.haiti-reference.info\\\/pages\\\/plan\\\/histoire-et-societe\\\/notables\\\/chefs-detat\\\/emile-jonassaint\\\/#breadcrumb\"},\"inLanguage\":\"fr-CA\",\"potentialAction\":[{\"@type\":\"ReadAction\",\"target\":[\"https:\\\/\\\/www.haiti-reference.info\\\/pages\\\/plan\\\/histoire-et-societe\\\/notables\\\/chefs-detat\\\/emile-jonassaint\\\/\"]}]},{\"@type\":\"BreadcrumbList\",\"@id\":\"https:\\\/\\\/www.haiti-reference.info\\\/pages\\\/plan\\\/histoire-et-societe\\\/notables\\\/chefs-detat\\\/emile-jonassaint\\\/#breadcrumb\",\"itemListElement\":[{\"@type\":\"ListItem\",\"position\":1,\"name\":\"Accueil\",\"item\":\"https:\\\/\\\/www.haiti-reference.info\\\/pages\\\/\"},{\"@type\":\"ListItem\",\"position\":2,\"name\":\"Structure du site\",\"item\":\"https:\\\/\\\/www.haiti-reference.info\\\/pages\\\/plan\\\/\"},{\"@type\":\"ListItem\",\"position\":3,\"name\":\"6000.- Histoire et soci\u00e9t\u00e9\",\"item\":\"https:\\\/\\\/www.haiti-reference.info\\\/pages\\\/plan\\\/histoire-et-societe\\\/\"},{\"@type\":\"ListItem\",\"position\":4,\"name\":\"6400.- Notables et personnalit\u00e9s d&rsquo;Haiti\",\"item\":\"https:\\\/\\\/www.haiti-reference.info\\\/pages\\\/plan\\\/histoire-et-societe\\\/notables\\\/\"},{\"@type\":\"ListItem\",\"position\":5,\"name\":\"6420.- Chefs d&rsquo;\u00c9tat d&rsquo;Haiti\",\"item\":\"https:\\\/\\\/www.haiti-reference.info\\\/pages\\\/plan\\\/histoire-et-societe\\\/notables\\\/chefs-detat\\\/\"},{\"@type\":\"ListItem\",\"position\":6,\"name\":\"6420.045.- Profil d&rsquo;\u00c9mile Jonassaint, pr\u00e9sident de facto (1994)\"}]},{\"@type\":\"WebSite\",\"@id\":\"https:\\\/\\\/www.haiti-reference.info\\\/pages\\\/#website\",\"url\":\"https:\\\/\\\/www.haiti-reference.info\\\/pages\\\/\",\"name\":\"Haiti-R\u00e9f\u00e9rence\",\"description\":\"Un guide de r\u00e9f\u00e9rence\",\"publisher\":{\"@id\":\"https:\\\/\\\/www.haiti-reference.info\\\/pages\\\/#organization\"},\"potentialAction\":[{\"@type\":\"SearchAction\",\"target\":{\"@type\":\"EntryPoint\",\"urlTemplate\":\"https:\\\/\\\/www.haiti-reference.info\\\/pages\\\/?s={search_term_string}\"},\"query-input\":{\"@type\":\"PropertyValueSpecification\",\"valueRequired\":true,\"valueName\":\"search_term_string\"}}],\"inLanguage\":\"fr-CA\"},{\"@type\":\"Organization\",\"@id\":\"https:\\\/\\\/www.haiti-reference.info\\\/pages\\\/#organization\",\"name\":\"Haiti-R\u00e9f\u00e9rence\",\"url\":\"https:\\\/\\\/www.haiti-reference.info\\\/pages\\\/\",\"logo\":{\"@type\":\"ImageObject\",\"inLanguage\":\"fr-CA\",\"@id\":\"https:\\\/\\\/www.haiti-reference.info\\\/pages\\\/#\\\/schema\\\/logo\\\/image\\\/\",\"url\":\"https:\\\/\\\/www.haiti-reference.info\\\/pages\\\/wp-content\\\/uploads\\\/2016\\\/04\\\/cropped-cropped-logo_201604-8-1.png\",\"contentUrl\":\"https:\\\/\\\/www.haiti-reference.info\\\/pages\\\/wp-content\\\/uploads\\\/2016\\\/04\\\/cropped-cropped-logo_201604-8-1.png\",\"width\":338,\"height\":87,\"caption\":\"Haiti-R\u00e9f\u00e9rence\"},\"image\":{\"@id\":\"https:\\\/\\\/www.haiti-reference.info\\\/pages\\\/#\\\/schema\\\/logo\\\/image\\\/\"},\"sameAs\":[\"https:\\\/\\\/bsky.app\\\/profile\\\/haiti-reference.bsky.social\"]}]}<\/script>\n<!-- \/ Yoast SEO plugin. -->","yoast_head_json":{"title":"6420.045.- Profil d'\u00c9mile Jonassaint, pr\u00e9sident de facto (1994) &#187;","robots":{"index":"index","follow":"follow","max-snippet":"max-snippet:-1","max-image-preview":"max-image-preview:large","max-video-preview":"max-video-preview:-1"},"canonical":"https:\/\/www.haiti-reference.info\/pages\/plan\/histoire-et-societe\/notables\/chefs-detat\/emile-jonassaint\/","og_locale":"fr_CA","og_type":"article","og_title":"6420.045.- Profil d'\u00c9mile Jonassaint, pr\u00e9sident de facto (1994) &#187;","og_description":"Histoire et Soci\u00e9t\u00e9 Originaire du\u00a0 Nord-Ouest, \u00c9mile Jonassaint naquit \u00e0 Port-de-Paix le 13 mai 1913. Il d\u00e9buta sa carri\u00e8re politique au d\u00e9but des ann\u00e9es 1950 dans le s\u00e9nat de la [&hellip;]","og_url":"https:\/\/www.haiti-reference.info\/pages\/plan\/histoire-et-societe\/notables\/chefs-detat\/emile-jonassaint\/","article_modified_time":"2023-08-25T18:46:08+00:00","twitter_card":"summary_large_image","twitter_misc":{"Estimation du temps de lecture":"4 minutes"},"schema":{"@context":"https:\/\/schema.org","@graph":[{"@type":"WebPage","@id":"https:\/\/www.haiti-reference.info\/pages\/plan\/histoire-et-societe\/notables\/chefs-detat\/emile-jonassaint\/","url":"https:\/\/www.haiti-reference.info\/pages\/plan\/histoire-et-societe\/notables\/chefs-detat\/emile-jonassaint\/","name":"6420.045.- Profil d'\u00c9mile Jonassaint, pr\u00e9sident de facto (1994) &#187;","isPartOf":{"@id":"https:\/\/www.haiti-reference.info\/pages\/#website"},"datePublished":"2012-02-03T22:03:11+00:00","dateModified":"2023-08-25T18:46:08+00:00","breadcrumb":{"@id":"https:\/\/www.haiti-reference.info\/pages\/plan\/histoire-et-societe\/notables\/chefs-detat\/emile-jonassaint\/#breadcrumb"},"inLanguage":"fr-CA","potentialAction":[{"@type":"ReadAction","target":["https:\/\/www.haiti-reference.info\/pages\/plan\/histoire-et-societe\/notables\/chefs-detat\/emile-jonassaint\/"]}]},{"@type":"BreadcrumbList","@id":"https:\/\/www.haiti-reference.info\/pages\/plan\/histoire-et-societe\/notables\/chefs-detat\/emile-jonassaint\/#breadcrumb","itemListElement":[{"@type":"ListItem","position":1,"name":"Accueil","item":"https:\/\/www.haiti-reference.info\/pages\/"},{"@type":"ListItem","position":2,"name":"Structure du site","item":"https:\/\/www.haiti-reference.info\/pages\/plan\/"},{"@type":"ListItem","position":3,"name":"6000.- Histoire et soci\u00e9t\u00e9","item":"https:\/\/www.haiti-reference.info\/pages\/plan\/histoire-et-societe\/"},{"@type":"ListItem","position":4,"name":"6400.- Notables et personnalit\u00e9s d&rsquo;Haiti","item":"https:\/\/www.haiti-reference.info\/pages\/plan\/histoire-et-societe\/notables\/"},{"@type":"ListItem","position":5,"name":"6420.- Chefs d&rsquo;\u00c9tat d&rsquo;Haiti","item":"https:\/\/www.haiti-reference.info\/pages\/plan\/histoire-et-societe\/notables\/chefs-detat\/"},{"@type":"ListItem","position":6,"name":"6420.045.- Profil d&rsquo;\u00c9mile Jonassaint, pr\u00e9sident de facto (1994)"}]},{"@type":"WebSite","@id":"https:\/\/www.haiti-reference.info\/pages\/#website","url":"https:\/\/www.haiti-reference.info\/pages\/","name":"Haiti-R\u00e9f\u00e9rence","description":"Un guide de r\u00e9f\u00e9rence","publisher":{"@id":"https:\/\/www.haiti-reference.info\/pages\/#organization"},"potentialAction":[{"@type":"SearchAction","target":{"@type":"EntryPoint","urlTemplate":"https:\/\/www.haiti-reference.info\/pages\/?s={search_term_string}"},"query-input":{"@type":"PropertyValueSpecification","valueRequired":true,"valueName":"search_term_string"}}],"inLanguage":"fr-CA"},{"@type":"Organization","@id":"https:\/\/www.haiti-reference.info\/pages\/#organization","name":"Haiti-R\u00e9f\u00e9rence","url":"https:\/\/www.haiti-reference.info\/pages\/","logo":{"@type":"ImageObject","inLanguage":"fr-CA","@id":"https:\/\/www.haiti-reference.info\/pages\/#\/schema\/logo\/image\/","url":"https:\/\/www.haiti-reference.info\/pages\/wp-content\/uploads\/2016\/04\/cropped-cropped-logo_201604-8-1.png","contentUrl":"https:\/\/www.haiti-reference.info\/pages\/wp-content\/uploads\/2016\/04\/cropped-cropped-logo_201604-8-1.png","width":338,"height":87,"caption":"Haiti-R\u00e9f\u00e9rence"},"image":{"@id":"https:\/\/www.haiti-reference.info\/pages\/#\/schema\/logo\/image\/"},"sameAs":["https:\/\/bsky.app\/profile\/haiti-reference.bsky.social"]}]}},"_links":{"self":[{"href":"https:\/\/www.haiti-reference.info\/pages\/wp-json\/wp\/v2\/pages\/16068","targetHints":{"allow":["GET"]}}],"collection":[{"href":"https:\/\/www.haiti-reference.info\/pages\/wp-json\/wp\/v2\/pages"}],"about":[{"href":"https:\/\/www.haiti-reference.info\/pages\/wp-json\/wp\/v2\/types\/page"}],"author":[{"embeddable":true,"href":"https:\/\/www.haiti-reference.info\/pages\/wp-json\/wp\/v2\/users\/1"}],"replies":[{"embeddable":true,"href":"https:\/\/www.haiti-reference.info\/pages\/wp-json\/wp\/v2\/comments?post=16068"}],"version-history":[{"count":0,"href":"https:\/\/www.haiti-reference.info\/pages\/wp-json\/wp\/v2\/pages\/16068\/revisions"}],"up":[{"embeddable":true,"href":"https:\/\/www.haiti-reference.info\/pages\/wp-json\/wp\/v2\/pages\/21889"}],"wp:attachment":[{"href":"https:\/\/www.haiti-reference.info\/pages\/wp-json\/wp\/v2\/media?parent=16068"}],"wp:term":[{"taxonomy":"category","embeddable":true,"href":"https:\/\/www.haiti-reference.info\/pages\/wp-json\/wp\/v2\/categories?post=16068"}],"curies":[{"name":"wp","href":"https:\/\/api.w.org\/{rel}","templated":true}]}}