{"id":10189,"date":"2008-10-18T13:47:54","date_gmt":"2008-10-18T18:47:54","guid":{"rendered":"http:\/\/haiti-reference.com\/pages\/?page_id=10189"},"modified":"2024-04-30T16:02:03","modified_gmt":"2024-04-30T20:02:03","slug":"preval-alexis-2006-2008","status":"publish","type":"page","link":"https:\/\/www.haiti-reference.info\/pages\/plan\/politique\/pouvoir-executif\/cabinets-de-1994\/preval-alexis-2006-2008\/","title":{"rendered":"2170.080.- Gouvernement Pr\u00e9val-Alexis (2006-2008): Cabinet minist\u00e9riel"},"content":{"rendered":"<h4 style=\"text-align: center; color: #ff0000;\">Pr\u00e9sident de la R\u00e9publique<\/h4>\n<h4 style=\"text-align: center;\">Ren\u00e9 Garcia Pr\u00e9val<\/h4>\n<div style=\"text-align: center;\"><img decoding=\"async\" src=\"\/histoire\/constitutions\/nation.gif\" alt=\"\" \/><\/div>\n<h4 style=\"text-align: center; color: #ff0000;\">Premier Ministre<\/h4>\n<h4 style=\"text-align: center;\">Jacques Edouard Alexis<\/h4>\n<p class=\"date_title\" style=\"text-align: center;\"><img decoding=\"async\" src=\"\/.\/images\/line-bar\/line_flare.gif\" alt=\"\" \/><\/p>\n<p class=\"date_title\" style=\"text-align: center;\">6 Juin 2006 &#8211; 12 avril 2008<\/p>\n<p align=\"justify\"><img loading=\"lazy\" decoding=\"async\" class=\"alignleft\" src=\"\/.\/images\/ap\/alexis-preval080305.jpg\" alt=\"AP Photo\" width=\"257\" height=\"262\" \/>Ren\u00e9 Pr\u00e9val, \u00e9lu le 7 f\u00e9vrier 2006, confia pour la seconde fois la direction d\u2019un gouvernement \u00e0 Jacques Edouard Alexis. Cet agronome avait \u00e9t\u00e9 premier ministre de 1999 \u00e0 2001, durant le premier mandat de Pr\u00e9val (1996-2001). Son gouvernement \u00a0ne pr\u00e9sentant aucun bilan positif apr\u00e8s deux ans de gestion et faisant face \u00e0 des d\u00e9fis qui semblent chaque jour\u00a0le d\u00e9passer dont la mis\u00e8re rampante, l&rsquo;ins\u00e9curit\u00e9, le ch\u00f4mage, fut censur\u00e9 par le S\u00e9nat de la R\u00e9publique 12 Avril 2008. Le premier ministre Alexis et son gouvernement rest\u00e8rent pourtant en charge \u00a0jusqu&rsquo;au 6 septembre 2008, liquidant les affaires courantes. Mich\u00e8le Pierre-Louis, troisi\u00e8me choix de Ren\u00e9 Pr\u00e9val (les deux premiers ayant \u00e9t\u00e9 \u00e9cart\u00e9s par le Parlement d\u00e8s le premier stage de ratification) devient son successeur retenant presque la moiti\u00e9 de son cabinet.<\/p>\n<ol>\n<li>Marie Laurence Jocelyn Lassegue: Condition F\u00e9minine<\/li>\n<li>Jean Marie Claude Germain: Environnement<\/li>\n<li>Daniel Dorsainvil: Finances<\/li>\n<li>Paul Antoine Bien-Aim\u00e9: Int\u00e9rieur<\/li>\n<li>Jean Max Bellerive: Planification<\/li>\n<li>Patrick Delatour:\u00a0Tourisme<\/li>\n<li>Joseph Jasmin: Ministre\u00a0charg\u00e9 des relations avec le parlement.<\/li>\n<li>Joanas Gu\u00e9: Secr\u00e9taire d\u2019\u00e9tat \u00e0 l\u2019Agriculture promu titulaire du m\u00eame minist\u00e8re.<\/li>\n<\/ol>\n<h4 style=\"color: #ff0000;\"><img decoding=\"async\" src=\"\/.\/images\/legendes\/exclamation.png\" alt=\"\" \/>Ministres :<\/h4>\n<hr \/>\n<table id=\"table_separate\">\n<tbody>\n<tr>\n<td width=\"40%\"><b>Affaires Etrang\u00e8res et des Cultes:<\/b><\/td>\n<td width=\"60%\">Mr. Raynald Cl\u00e9rism\u00e9<br \/>\n<span style=\"color: #333399;\">\u2020 29 octobre 2013<\/span><\/td>\n<\/tr>\n<tr>\n<td><b>Affaires Sociales:<\/b><\/td>\n<td>Mr. G\u00e9rald Germain<\/td>\n<\/tr>\n<tr>\n<td><b>Agriculture et des Ressources Naturelles:<\/b><\/td>\n<td>Agronome Fran\u00e7ois Severin<br \/>\n&Dagger; 8 d\u00e9cembre 2016 <a href=\"\/pages\/plan\/histoire-et-societe\/necrologie_2015\/#severin_francois\"><img loading=\"lazy\" decoding=\"async\" class=\"alignnone\" src=\"\/notables\/img\/tng_search_small.gif\" alt=\"\" width=\"9\" height=\"9\" border=\"0\" \/><\/a><\/td>\n<\/tr>\n<tr>\n<td><b>Commerce et de l&rsquo;Industrie:<\/b><\/td>\n<td>Mme. Maguy Durc\u00e9<\/td>\n<\/tr>\n<tr>\n<td><b>Condition F\u00e9minine:<\/b><\/td>\n<td>Mme Marie Laurence Jocelyne<\/td>\n<\/tr>\n<tr>\n<td><b>Communication et Culture:<\/b><\/td>\n<td>Mr. Daniel Elie<br \/>\n<i><span style=\"color: #003399;\">(\u00c9ject\u00e9 du gouvernement Alexis apr\u00e8s avoir obtenu un vote de censure \u00e0 la Chambre des d\u00e9put\u00e9s, le 31 juillet 2007.)<\/span><\/i><br \/>\nMr. Eddy Lubin<br \/>\n<i><span style=\"color: #003399;\">(Install\u00e9 le 25 septembre 2007.)<\/span><\/i><\/td>\n<\/tr>\n<tr>\n<td><b>\u00c9conomie et des Finances:<\/b><\/td>\n<td>Mr. Daniel Dorsainville<\/td>\n<\/tr>\n<tr>\n<td><b>Education Nationale:<\/b><\/td>\n<td>Mr. Gabriel Bien-Aim\u00e9<br \/>\n&Dagger; 15 mai 2010<\/td>\n<\/tr>\n<tr>\n<td><b>Environnement:<\/b><\/td>\n<td>Mr. Claude Germain<\/td>\n<\/tr>\n<tr class=\"even_row\">\n<td><b>Haitiens vivant \u00e0 l&rsquo;\u00c9tranger:<\/b><\/td>\n<td>Mr. Jean G\u00e9n\u00e9us<\/td>\n<\/tr>\n<tr>\n<td><b>Int\u00e9rieur et Collectivit\u00e9s Territoriales:<\/b><\/td>\n<td>Mr. Paul Antoine Bien-Aim\u00e9<\/td>\n<\/tr>\n<tr>\n<td><b>Jeunesse, des Sports et de l\u2019Action Civique.:<\/b><\/td>\n<td>Mr. Fritz B\u00e9lizaire<\/td>\n<\/tr>\n<tr>\n<td><b>Justice et S\u00e9curit\u00e9 Nationale:<\/b><\/td>\n<td>Mtre. Ren\u00e9 Magloire<\/td>\n<\/tr>\n<tr>\n<td><b>Planification et Coop\u00e9ration Externe:<\/b><\/td>\n<td>Mr. Max Bellerive<\/td>\n<\/tr>\n<tr>\n<td><b>Sant\u00e9 Publique et Population:<\/b><\/td>\n<td>Dr. Robert Auguste<\/td>\n<\/tr>\n<tr>\n<td><b>Tourisme:<\/b><\/td>\n<td>Mr. Patrick Delatour<\/td>\n<\/tr>\n<tr>\n<td><b>Travaux Publics, Transports et Communication:<\/b><\/td>\n<td>Mr. Frantz V\u00e9rella<\/td>\n<\/tr>\n<tr>\n<td><b>Bureau du Ministre D\u00e9l\u00e9gu\u00e9 aupr\u00e8s du Premier Ministre charg\u00e9 des Relations avec le Parlement (BMCRP)<\/b><\/td>\n<td>Mr. Joseph J. Jasmin<\/td>\n<\/tr>\n<\/tbody>\n<\/table>\n<h4 style=\"color: #ff0000;\"><img decoding=\"async\" src=\"\/.\/images\/legendes\/exclamation.png\" alt=\"\" \/>Secr\u00e9taires d&rsquo;Etat :<\/h4>\n<hr \/>\n<table id=\"table_separate\">\n<tbody>\n<tr>\n<td><b>Agriculture et Ressources Naturelles:<\/b><\/td>\n<td>Mr. Joanas Gu\u00e9<\/td>\n<\/tr>\n<tr>\n<td><b>\u00c9conomie et Finances:<\/b><\/td>\n<td>Mr. Sylvain Lafalaise<\/td>\n<\/tr>\n<tr>\n<td><b>Int\u00e9gration des Personnes Handicap\u00e9es:<\/b><\/td>\n<td>Dr Michel P\u00e9an<\/td>\n<\/tr>\n<tr>\n<td><b>S\u00e9curit\u00e9 Publique:<\/b><\/td>\n<td>Mr. Luc Joseph Euch\u00e8re<\/td>\n<\/tr>\n<\/tbody>\n<\/table>\n<p><!--Bas de page--><\/p>\n","protected":false},"excerpt":{"rendered":"<p>Pr\u00e9sident de la R\u00e9publique Ren\u00e9 Garcia Pr\u00e9val Premier Ministre Jacques Edouard Alexis 6 Juin 2006 &#8211; 12 avril 2008 Ren\u00e9 Pr\u00e9val, \u00e9lu le 7 f\u00e9vrier 2006, confia pour la seconde [&hellip;]<\/p>\n","protected":false},"author":1,"featured_media":0,"parent":30866,"menu_order":8,"comment_status":"closed","ping_status":"closed","template":"page-next.php","meta":{"footnotes":""},"categories":[],"class_list":["post-10189","page","type-page","status-publish","hentry"],"yoast_head":"<!-- This site is optimized with the Yoast SEO plugin v27.4 - https:\/\/yoast.com\/product\/yoast-seo-wordpress\/ -->\n<title>2170.080.- Gouvernement Pr\u00e9val-Alexis (2006-2008): Cabinet minist\u00e9riel &#187;<\/title>\n<meta name=\"robots\" content=\"index, follow, max-snippet:-1, max-image-preview:large, max-video-preview:-1\" \/>\n<link rel=\"canonical\" href=\"https:\/\/www.haiti-reference.info\/pages\/plan\/politique\/pouvoir-executif\/cabinets-de-1994\/preval-alexis-2006-2008\/\" \/>\n<meta property=\"og:locale\" content=\"fr_CA\" \/>\n<meta property=\"og:type\" content=\"article\" \/>\n<meta property=\"og:title\" content=\"2170.080.- Gouvernement Pr\u00e9val-Alexis (2006-2008): Cabinet minist\u00e9riel &#187;\" \/>\n<meta property=\"og:description\" content=\"Pr\u00e9sident de la R\u00e9publique Ren\u00e9 Garcia Pr\u00e9val Premier Ministre Jacques Edouard Alexis 6 Juin 2006 &#8211; 12 avril 2008 Ren\u00e9 Pr\u00e9val, \u00e9lu le 7 f\u00e9vrier 2006, confia pour la seconde [&hellip;]\" \/>\n<meta property=\"og:url\" content=\"https:\/\/www.haiti-reference.info\/pages\/plan\/politique\/pouvoir-executif\/cabinets-de-1994\/preval-alexis-2006-2008\/\" \/>\n<meta property=\"article:modified_time\" content=\"2024-04-30T20:02:03+00:00\" \/>\n<meta name=\"twitter:card\" content=\"summary_large_image\" \/>\n<meta name=\"twitter:label1\" content=\"Estimation du temps de lecture\" \/>\n\t<meta name=\"twitter:data1\" content=\"2 minutes\" \/>\n<script type=\"application\/ld+json\" class=\"yoast-schema-graph\">{\"@context\":\"https:\\\/\\\/schema.org\",\"@graph\":[{\"@type\":\"WebPage\",\"@id\":\"https:\\\/\\\/www.haiti-reference.info\\\/pages\\\/plan\\\/politique\\\/pouvoir-executif\\\/cabinets-de-1994\\\/preval-alexis-2006-2008\\\/\",\"url\":\"https:\\\/\\\/www.haiti-reference.info\\\/pages\\\/plan\\\/politique\\\/pouvoir-executif\\\/cabinets-de-1994\\\/preval-alexis-2006-2008\\\/\",\"name\":\"2170.080.- Gouvernement Pr\u00e9val-Alexis (2006-2008): Cabinet minist\u00e9riel &#187;\",\"isPartOf\":{\"@id\":\"https:\\\/\\\/www.haiti-reference.info\\\/pages\\\/#website\"},\"datePublished\":\"2008-10-18T18:47:54+00:00\",\"dateModified\":\"2024-04-30T20:02:03+00:00\",\"breadcrumb\":{\"@id\":\"https:\\\/\\\/www.haiti-reference.info\\\/pages\\\/plan\\\/politique\\\/pouvoir-executif\\\/cabinets-de-1994\\\/preval-alexis-2006-2008\\\/#breadcrumb\"},\"inLanguage\":\"fr-CA\",\"potentialAction\":[{\"@type\":\"ReadAction\",\"target\":[\"https:\\\/\\\/www.haiti-reference.info\\\/pages\\\/plan\\\/politique\\\/pouvoir-executif\\\/cabinets-de-1994\\\/preval-alexis-2006-2008\\\/\"]}]},{\"@type\":\"BreadcrumbList\",\"@id\":\"https:\\\/\\\/www.haiti-reference.info\\\/pages\\\/plan\\\/politique\\\/pouvoir-executif\\\/cabinets-de-1994\\\/preval-alexis-2006-2008\\\/#breadcrumb\",\"itemListElement\":[{\"@type\":\"ListItem\",\"position\":1,\"name\":\"Accueil\",\"item\":\"https:\\\/\\\/www.haiti-reference.info\\\/pages\\\/\"},{\"@type\":\"ListItem\",\"position\":2,\"name\":\"Structure du site\",\"item\":\"https:\\\/\\\/www.haiti-reference.info\\\/pages\\\/plan\\\/\"},{\"@type\":\"ListItem\",\"position\":3,\"name\":\"2000.- Politique et gouvernement\",\"item\":\"https:\\\/\\\/www.haiti-reference.info\\\/pages\\\/plan\\\/politique\\\/\"},{\"@type\":\"ListItem\",\"position\":4,\"name\":\"2100.- Le Pouvoir ex\u00e9cutif\",\"item\":\"https:\\\/\\\/www.haiti-reference.info\\\/pages\\\/plan\\\/politique\\\/pouvoir-executif\\\/\"},{\"@type\":\"ListItem\",\"position\":5,\"name\":\"2170.- Cabinets minist\u00e9riels de 1994\",\"item\":\"https:\\\/\\\/www.haiti-reference.info\\\/pages\\\/plan\\\/politique\\\/pouvoir-executif\\\/cabinets-de-1994\\\/\"},{\"@type\":\"ListItem\",\"position\":6,\"name\":\"2170.080.- Gouvernement Pr\u00e9val-Alexis (2006-2008): Cabinet minist\u00e9riel\"}]},{\"@type\":\"WebSite\",\"@id\":\"https:\\\/\\\/www.haiti-reference.info\\\/pages\\\/#website\",\"url\":\"https:\\\/\\\/www.haiti-reference.info\\\/pages\\\/\",\"name\":\"Haiti-R\u00e9f\u00e9rence\",\"description\":\"Un guide de r\u00e9f\u00e9rence\",\"publisher\":{\"@id\":\"https:\\\/\\\/www.haiti-reference.info\\\/pages\\\/#organization\"},\"potentialAction\":[{\"@type\":\"SearchAction\",\"target\":{\"@type\":\"EntryPoint\",\"urlTemplate\":\"https:\\\/\\\/www.haiti-reference.info\\\/pages\\\/?s={search_term_string}\"},\"query-input\":{\"@type\":\"PropertyValueSpecification\",\"valueRequired\":true,\"valueName\":\"search_term_string\"}}],\"inLanguage\":\"fr-CA\"},{\"@type\":\"Organization\",\"@id\":\"https:\\\/\\\/www.haiti-reference.info\\\/pages\\\/#organization\",\"name\":\"Haiti-R\u00e9f\u00e9rence\",\"url\":\"https:\\\/\\\/www.haiti-reference.info\\\/pages\\\/\",\"logo\":{\"@type\":\"ImageObject\",\"inLanguage\":\"fr-CA\",\"@id\":\"https:\\\/\\\/www.haiti-reference.info\\\/pages\\\/#\\\/schema\\\/logo\\\/image\\\/\",\"url\":\"https:\\\/\\\/www.haiti-reference.info\\\/pages\\\/wp-content\\\/uploads\\\/2016\\\/04\\\/cropped-cropped-logo_201604-8-1.png\",\"contentUrl\":\"https:\\\/\\\/www.haiti-reference.info\\\/pages\\\/wp-content\\\/uploads\\\/2016\\\/04\\\/cropped-cropped-logo_201604-8-1.png\",\"width\":338,\"height\":87,\"caption\":\"Haiti-R\u00e9f\u00e9rence\"},\"image\":{\"@id\":\"https:\\\/\\\/www.haiti-reference.info\\\/pages\\\/#\\\/schema\\\/logo\\\/image\\\/\"},\"sameAs\":[\"https:\\\/\\\/bsky.app\\\/profile\\\/haiti-reference.bsky.social\"]}]}<\/script>\n<!-- \/ Yoast SEO plugin. -->","yoast_head_json":{"title":"2170.080.- Gouvernement Pr\u00e9val-Alexis (2006-2008): Cabinet minist\u00e9riel &#187;","robots":{"index":"index","follow":"follow","max-snippet":"max-snippet:-1","max-image-preview":"max-image-preview:large","max-video-preview":"max-video-preview:-1"},"canonical":"https:\/\/www.haiti-reference.info\/pages\/plan\/politique\/pouvoir-executif\/cabinets-de-1994\/preval-alexis-2006-2008\/","og_locale":"fr_CA","og_type":"article","og_title":"2170.080.- Gouvernement Pr\u00e9val-Alexis (2006-2008): Cabinet minist\u00e9riel &#187;","og_description":"Pr\u00e9sident de la R\u00e9publique Ren\u00e9 Garcia Pr\u00e9val Premier Ministre Jacques Edouard Alexis 6 Juin 2006 &#8211; 12 avril 2008 Ren\u00e9 Pr\u00e9val, \u00e9lu le 7 f\u00e9vrier 2006, confia pour la seconde [&hellip;]","og_url":"https:\/\/www.haiti-reference.info\/pages\/plan\/politique\/pouvoir-executif\/cabinets-de-1994\/preval-alexis-2006-2008\/","article_modified_time":"2024-04-30T20:02:03+00:00","twitter_card":"summary_large_image","twitter_misc":{"Estimation du temps de lecture":"2 minutes"},"schema":{"@context":"https:\/\/schema.org","@graph":[{"@type":"WebPage","@id":"https:\/\/www.haiti-reference.info\/pages\/plan\/politique\/pouvoir-executif\/cabinets-de-1994\/preval-alexis-2006-2008\/","url":"https:\/\/www.haiti-reference.info\/pages\/plan\/politique\/pouvoir-executif\/cabinets-de-1994\/preval-alexis-2006-2008\/","name":"2170.080.- Gouvernement Pr\u00e9val-Alexis (2006-2008): Cabinet minist\u00e9riel &#187;","isPartOf":{"@id":"https:\/\/www.haiti-reference.info\/pages\/#website"},"datePublished":"2008-10-18T18:47:54+00:00","dateModified":"2024-04-30T20:02:03+00:00","breadcrumb":{"@id":"https:\/\/www.haiti-reference.info\/pages\/plan\/politique\/pouvoir-executif\/cabinets-de-1994\/preval-alexis-2006-2008\/#breadcrumb"},"inLanguage":"fr-CA","potentialAction":[{"@type":"ReadAction","target":["https:\/\/www.haiti-reference.info\/pages\/plan\/politique\/pouvoir-executif\/cabinets-de-1994\/preval-alexis-2006-2008\/"]}]},{"@type":"BreadcrumbList","@id":"https:\/\/www.haiti-reference.info\/pages\/plan\/politique\/pouvoir-executif\/cabinets-de-1994\/preval-alexis-2006-2008\/#breadcrumb","itemListElement":[{"@type":"ListItem","position":1,"name":"Accueil","item":"https:\/\/www.haiti-reference.info\/pages\/"},{"@type":"ListItem","position":2,"name":"Structure du site","item":"https:\/\/www.haiti-reference.info\/pages\/plan\/"},{"@type":"ListItem","position":3,"name":"2000.- Politique et gouvernement","item":"https:\/\/www.haiti-reference.info\/pages\/plan\/politique\/"},{"@type":"ListItem","position":4,"name":"2100.- Le Pouvoir ex\u00e9cutif","item":"https:\/\/www.haiti-reference.info\/pages\/plan\/politique\/pouvoir-executif\/"},{"@type":"ListItem","position":5,"name":"2170.- Cabinets minist\u00e9riels de 1994","item":"https:\/\/www.haiti-reference.info\/pages\/plan\/politique\/pouvoir-executif\/cabinets-de-1994\/"},{"@type":"ListItem","position":6,"name":"2170.080.- Gouvernement Pr\u00e9val-Alexis (2006-2008): Cabinet minist\u00e9riel"}]},{"@type":"WebSite","@id":"https:\/\/www.haiti-reference.info\/pages\/#website","url":"https:\/\/www.haiti-reference.info\/pages\/","name":"Haiti-R\u00e9f\u00e9rence","description":"Un guide de r\u00e9f\u00e9rence","publisher":{"@id":"https:\/\/www.haiti-reference.info\/pages\/#organization"},"potentialAction":[{"@type":"SearchAction","target":{"@type":"EntryPoint","urlTemplate":"https:\/\/www.haiti-reference.info\/pages\/?s={search_term_string}"},"query-input":{"@type":"PropertyValueSpecification","valueRequired":true,"valueName":"search_term_string"}}],"inLanguage":"fr-CA"},{"@type":"Organization","@id":"https:\/\/www.haiti-reference.info\/pages\/#organization","name":"Haiti-R\u00e9f\u00e9rence","url":"https:\/\/www.haiti-reference.info\/pages\/","logo":{"@type":"ImageObject","inLanguage":"fr-CA","@id":"https:\/\/www.haiti-reference.info\/pages\/#\/schema\/logo\/image\/","url":"https:\/\/www.haiti-reference.info\/pages\/wp-content\/uploads\/2016\/04\/cropped-cropped-logo_201604-8-1.png","contentUrl":"https:\/\/www.haiti-reference.info\/pages\/wp-content\/uploads\/2016\/04\/cropped-cropped-logo_201604-8-1.png","width":338,"height":87,"caption":"Haiti-R\u00e9f\u00e9rence"},"image":{"@id":"https:\/\/www.haiti-reference.info\/pages\/#\/schema\/logo\/image\/"},"sameAs":["https:\/\/bsky.app\/profile\/haiti-reference.bsky.social"]}]}},"_links":{"self":[{"href":"https:\/\/www.haiti-reference.info\/pages\/wp-json\/wp\/v2\/pages\/10189","targetHints":{"allow":["GET"]}}],"collection":[{"href":"https:\/\/www.haiti-reference.info\/pages\/wp-json\/wp\/v2\/pages"}],"about":[{"href":"https:\/\/www.haiti-reference.info\/pages\/wp-json\/wp\/v2\/types\/page"}],"author":[{"embeddable":true,"href":"https:\/\/www.haiti-reference.info\/pages\/wp-json\/wp\/v2\/users\/1"}],"replies":[{"embeddable":true,"href":"https:\/\/www.haiti-reference.info\/pages\/wp-json\/wp\/v2\/comments?post=10189"}],"version-history":[{"count":0,"href":"https:\/\/www.haiti-reference.info\/pages\/wp-json\/wp\/v2\/pages\/10189\/revisions"}],"up":[{"embeddable":true,"href":"https:\/\/www.haiti-reference.info\/pages\/wp-json\/wp\/v2\/pages\/30866"}],"wp:attachment":[{"href":"https:\/\/www.haiti-reference.info\/pages\/wp-json\/wp\/v2\/media?parent=10189"}],"wp:term":[{"taxonomy":"category","embeddable":true,"href":"https:\/\/www.haiti-reference.info\/pages\/wp-json\/wp\/v2\/categories?post=10189"}],"curies":[{"name":"wp","href":"https:\/\/api.w.org\/{rel}","templated":true}]}}